{"id":260,"date":"2025-04-23T10:01:11","date_gmt":"2025-04-23T13:01:11","guid":{"rendered":"https:\/\/dev2.cantalupe.net\/rubber\/?page_id=260"},"modified":"2025-05-08T10:42:35","modified_gmt":"2025-05-08T13:42:35","slug":"caucho-in-situ","status":"publish","type":"page","link":"https:\/\/dev2.cantalupe.net\/rubber\/caucho-in-situ\/","title":{"rendered":"Caucho in situ"},"content":{"rendered":"\t\t<div data-elementor-type=\"wp-page\" data-elementor-id=\"260\" class=\"elementor elementor-260\" data-elementor-post-type=\"page\">\n\t\t\t\t<div class=\"elementor-element elementor-element-70f8e09 e-flex e-con-boxed e-con e-parent\" data-id=\"70f8e09\" data-element_type=\"container\" data-settings=\"{&quot;background_background&quot;:&quot;classic&quot;}\">\n\t\t\t\t\t<div class=\"e-con-inner\">\n\t\t\t\t<div class=\"elementor-element elementor-element-0b819a1 elementor-widget-mobile__width-initial elementor-widget elementor-widget-heading\" data-id=\"0b819a1\" data-element_type=\"widget\" data-widget_type=\"heading.default\">\n\t\t\t\t<div class=\"elementor-widget-container\">\n\t\t\t\t\t<h2 class=\"elementor-heading-title elementor-size-default\">Caucho In Situ<\/h2>\t\t\t\t<\/div>\n\t\t\t\t<\/div>\n\t\t\t\t<div class=\"elementor-element elementor-element-6384c0a animated-slow elementor-hidden-desktop elementor-hidden-tablet elementor-hidden-mobile elementor-invisible elementor-widget elementor-widget-button\" data-id=\"6384c0a\" data-element_type=\"widget\" data-settings=\"{&quot;_animation&quot;:&quot;swing&quot;}\" data-widget_type=\"button.default\">\n\t\t\t\t<div class=\"elementor-widget-container\">\n\t\t\t\t\t\t\t\t\t<div class=\"elementor-button-wrapper\">\n\t\t\t\t\t<a class=\"elementor-button elementor-button-link elementor-size-sm\" href=\"#\">\n\t\t\t\t\t\t<span class=\"elementor-button-content-wrapper\">\n\t\t\t\t\t\t\t\t\t<span class=\"elementor-button-text\">Carta de Colores<\/span>\n\t\t\t\t\t<\/span>\n\t\t\t\t\t<\/a>\n\t\t\t\t<\/div>\n\t\t\t\t\t\t\t\t<\/div>\n\t\t\t\t<\/div>\n\t\t\t\t\t<\/div>\n\t\t\t\t<\/div>\n\t\t<div class=\"elementor-element elementor-element-0aa50ba e-con-full e-flex e-con e-parent\" data-id=\"0aa50ba\" data-element_type=\"container\" data-settings=\"{&quot;background_background&quot;:&quot;classic&quot;}\">\n\t\t<div class=\"elementor-element elementor-element-bd5dc0b e-con-full e-flex e-con e-child\" data-id=\"bd5dc0b\" data-element_type=\"container\">\n\t\t<div class=\"elementor-element elementor-element-ec084c8 e-grid e-con-full e-con e-child\" data-id=\"ec084c8\" data-element_type=\"container\">\n\t\t<div class=\"elementor-element elementor-element-65b693a e-con-full e-flex e-con e-child\" data-id=\"65b693a\" data-element_type=\"container\" data-settings=\"{&quot;background_background&quot;:&quot;classic&quot;}\">\n\t\t\t\t<div class=\"elementor-element elementor-element-35bcb66 elementor-widget elementor-widget-heading\" data-id=\"35bcb66\" data-element_type=\"widget\" data-widget_type=\"heading.default\">\n\t\t\t\t<div class=\"elementor-widget-container\">\n\t\t\t\t\t<h2 class=\"elementor-heading-title elementor-size-default\">Patios de Juego<\/h2>\t\t\t\t<\/div>\n\t\t\t\t<\/div>\n\t\t\t\t<div class=\"elementor-element elementor-element-09055a2 elementor-widget elementor-widget-heading\" data-id=\"09055a2\" data-element_type=\"widget\" data-widget_type=\"heading.default\">\n\t\t\t\t<div class=\"elementor-widget-container\">\n\t\t\t\t\t<h2 class=\"elementor-heading-title elementor-size-default\">El caucho in situ en patios de juego ofrece seguridad al amortiguar ca\u00eddas, es antideslizante, duradero y f\u00e1cil de mantener. <br><br>Resiste las inclemencias del tiempo y se adapta est\u00e9ticamente a diferentes dise\u00f1os, logrando incorporar al piso como parte de la experiencia l\u00fadica y sensorial de los ni\u00f1os.<\/h2>\t\t\t\t<\/div>\n\t\t\t\t<\/div>\n\t\t\t\t<div class=\"elementor-element elementor-element-0784809 elementor-widget elementor-widget-button\" data-id=\"0784809\" data-element_type=\"widget\" data-widget_type=\"button.default\">\n\t\t\t\t<div class=\"elementor-widget-container\">\n\t\t\t\t\t\t\t\t\t<div class=\"elementor-button-wrapper\">\n\t\t\t\t\t<a class=\"elementor-button elementor-button-link elementor-size-sm\" href=\"https:\/\/dev2.cantalupe.net\/rubber\/wp-content\/uploads\/2025\/05\/FT-Caucho-in-situ.pdf\" target=\"_blank\">\n\t\t\t\t\t\t<span class=\"elementor-button-content-wrapper\">\n\t\t\t\t\t\t\t\t\t<span class=\"elementor-button-text\">Ficha T\u00e9cnica<\/span>\n\t\t\t\t\t<\/span>\n\t\t\t\t\t<\/a>\n\t\t\t\t<\/div>\n\t\t\t\t\t\t\t\t<\/div>\n\t\t\t\t<\/div>\n\t\t\t\t<\/div>\n\t\t<div class=\"elementor-element elementor-element-2e166aa e-con-full e-flex e-con e-child\" data-id=\"2e166aa\" data-element_type=\"container\" data-settings=\"{&quot;background_background&quot;:&quot;classic&quot;}\">\n\t\t\t\t<div class=\"elementor-element elementor-element-386ead5 elementor-widget elementor-widget-heading\" data-id=\"386ead5\" data-element_type=\"widget\" data-widget_type=\"heading.default\">\n\t\t\t\t<div class=\"elementor-widget-container\">\n\t\t\t\t\t<h2 class=\"elementor-heading-title elementor-size-default\">Espacios Deportivos<\/h2>\t\t\t\t<\/div>\n\t\t\t\t<\/div>\n\t\t\t\t<div class=\"elementor-element elementor-element-c4fa59a elementor-widget elementor-widget-heading\" data-id=\"c4fa59a\" data-element_type=\"widget\" data-widget_type=\"heading.default\">\n\t\t\t\t<div class=\"elementor-widget-container\">\n\t\t\t\t\t<h2 class=\"elementor-heading-title elementor-size-default\">En espacios deportivos, proporciona una superficie segura y confortable, amortiguando impactos y reduciendo el riesgo de lesiones. <br><br>Es resistente al desgaste y a las condiciones clim\u00e1ticas, y ofrece tracci\u00f3n para evitar resbalones. Adem\u00e1s, es f\u00e1cil de mantener y diferentes sistemas se adaptan a diferentes deportes.<\/h2>\t\t\t\t<\/div>\n\t\t\t\t<\/div>\n\t\t\t\t<div class=\"elementor-element elementor-element-fa4e1a0 elementor-widget elementor-widget-button\" data-id=\"fa4e1a0\" data-element_type=\"widget\" data-widget_type=\"button.default\">\n\t\t\t\t<div class=\"elementor-widget-container\">\n\t\t\t\t\t\t\t\t\t<div class=\"elementor-button-wrapper\">\n\t\t\t\t\t<a class=\"elementor-button elementor-button-link elementor-size-sm\" href=\"https:\/\/dev2.cantalupe.net\/rubber\/wp-content\/uploads\/2025\/05\/FT-Caucho-in-situ.pdf\" target=\"_blank\">\n\t\t\t\t\t\t<span class=\"elementor-button-content-wrapper\">\n\t\t\t\t\t\t\t\t\t<span class=\"elementor-button-text\">Ficha T\u00e9cnica<\/span>\n\t\t\t\t\t<\/span>\n\t\t\t\t\t<\/a>\n\t\t\t\t<\/div>\n\t\t\t\t\t\t\t\t<\/div>\n\t\t\t\t<\/div>\n\t\t\t\t<\/div>\n\t\t<div class=\"elementor-element elementor-element-e832533 e-con-full e-flex e-con e-child\" data-id=\"e832533\" data-element_type=\"container\" data-settings=\"{&quot;background_background&quot;:&quot;classic&quot;}\">\n\t\t\t\t<div class=\"elementor-element elementor-element-4921c25 elementor-widget elementor-widget-heading\" data-id=\"4921c25\" data-element_type=\"widget\" data-widget_type=\"heading.default\">\n\t\t\t\t<div class=\"elementor-widget-container\">\n\t\t\t\t\t<h2 class=\"elementor-heading-title elementor-size-default\">Paisajismo<\/h2>\t\t\t\t<\/div>\n\t\t\t\t<\/div>\n\t\t\t\t<div class=\"elementor-element elementor-element-6b30579 elementor-widget elementor-widget-heading\" data-id=\"6b30579\" data-element_type=\"widget\" data-widget_type=\"heading.default\">\n\t\t\t\t<div class=\"elementor-widget-container\">\n\t\t\t\t\t<h2 class=\"elementor-heading-title elementor-size-default\">La versatilidad del caucho in situ lo hace perfecto para caminos, bordes y superficies decorativas, aportando un toque moderno y \u00fanico a los espacios exteriores. <br><br> Adem\u00e1s, su durabilidad y resistencia a las condiciones del exterior garantizan que mantendr\u00e1 su aspecto atractivo durante mucho tiempo sin demasiado mantenimiento.<\/h2>\t\t\t\t<\/div>\n\t\t\t\t<\/div>\n\t\t\t\t<div class=\"elementor-element elementor-element-9c7da57 elementor-widget elementor-widget-button\" data-id=\"9c7da57\" data-element_type=\"widget\" data-widget_type=\"button.default\">\n\t\t\t\t<div class=\"elementor-widget-container\">\n\t\t\t\t\t\t\t\t\t<div class=\"elementor-button-wrapper\">\n\t\t\t\t\t<a class=\"elementor-button elementor-button-link elementor-size-sm\" href=\"https:\/\/dev2.cantalupe.net\/rubber\/wp-content\/uploads\/2025\/05\/FT-Caucho-in-situ.pdf\" target=\"_blank\">\n\t\t\t\t\t\t<span class=\"elementor-button-content-wrapper\">\n\t\t\t\t\t\t\t\t\t<span class=\"elementor-button-text\">Ficha T\u00e9cnica<\/span>\n\t\t\t\t\t<\/span>\n\t\t\t\t\t<\/a>\n\t\t\t\t<\/div>\n\t\t\t\t\t\t\t\t<\/div>\n\t\t\t\t<\/div>\n\t\t\t\t<\/div>\n\t\t\t\t<\/div>\n\t\t\t\t<\/div>\n\t\t\t\t<\/div>\n\t\t\t\t<\/div>\n\t\t","protected":false},"excerpt":{"rendered":"<p>Caucho In Situ Carta de Colores Patios de Juego El caucho in situ en patios de juego ofrece seguridad al amortiguar ca\u00eddas, es antideslizante, duradero y f\u00e1cil de mantener. Resiste las inclemencias del tiempo y se adapta est\u00e9ticamente a diferentes dise\u00f1os, logrando incorporar al piso como parte de la experiencia l\u00fadica y sensorial de los [&hellip;]<\/p>\n","protected":false},"author":1,"featured_media":0,"parent":0,"menu_order":0,"comment_status":"closed","ping_status":"closed","template":"","meta":{"_acf_changed":false,"_joinchat":[],"footnotes":""},"class_list":["post-260","page","type-page","status-publish","hentry"],"acf":[],"_links":{"self":[{"href":"https:\/\/dev2.cantalupe.net\/rubber\/wp-json\/wp\/v2\/pages\/260","targetHints":{"allow":["GET"]}}],"collection":[{"href":"https:\/\/dev2.cantalupe.net\/rubber\/wp-json\/wp\/v2\/pages"}],"about":[{"href":"https:\/\/dev2.cantalupe.net\/rubber\/wp-json\/wp\/v2\/types\/page"}],"author":[{"embeddable":true,"href":"https:\/\/dev2.cantalupe.net\/rubber\/wp-json\/wp\/v2\/users\/1"}],"replies":[{"embeddable":true,"href":"https:\/\/dev2.cantalupe.net\/rubber\/wp-json\/wp\/v2\/comments?post=260"}],"version-history":[{"count":31,"href":"https:\/\/dev2.cantalupe.net\/rubber\/wp-json\/wp\/v2\/pages\/260\/revisions"}],"predecessor-version":[{"id":675,"href":"https:\/\/dev2.cantalupe.net\/rubber\/wp-json\/wp\/v2\/pages\/260\/revisions\/675"}],"wp:attachment":[{"href":"https:\/\/dev2.cantalupe.net\/rubber\/wp-json\/wp\/v2\/media?parent=260"}],"curies":[{"name":"wp","href":"https:\/\/api.w.org\/{rel}","templated":true}]}}