{"id":12482,"date":"2025-11-04T14:46:34","date_gmt":"2025-11-04T14:46:34","guid":{"rendered":"https:\/\/dev2.cantalupe.net\/sigloxxi\/libro\/1848-las-revoluciones-romanticas-y-democraticas-de\/"},"modified":"2025-11-04T14:46:34","modified_gmt":"2025-11-04T14:46:34","slug":"1848-las-revoluciones-romanticas-y-democraticas-de","status":"publish","type":"product","link":"https:\/\/dev2.cantalupe.net\/sigloxxi\/libro\/1848-las-revoluciones-romanticas-y-democraticas-de\/","title":{"rendered":"1848, LAS REVOLUCIONES ROMANTICAS Y DEMOCRATICAS DE"},"content":{"rendered":"<p>Los trabajos reunidos en la colecci\u00f3n HISTORIA DE LOS MOVIMIENTOS SOCIALES tienen un protagonista: las masas. El an\u00e1lisis de los movimientos sociales ha impulsado el desarrollo de una disciplina -la historia social- ritualmente invocada, a partir de 1930, como parte de la \u0093historia econ\u00f3mica y social\u0094. Esta rama hist\u00f3rica se ha convertido en campo privilegiado de convergencia de la antropolog\u00eda, la sociolog\u00eda y la historia. Su metodolog\u00eda ofrece la variedad y amplitud propias de una disciplina en r\u00e1pida gestaci\u00f3n, nutrida por pol\u00e9micas fruct\u00edferas. \u00a0 1848 es una fecha decisiva para la comprensi\u00f3n de la historia del \u00faltimo siglo. Las revoluciones de 1848 poseen un .car\u00e1cter complejo y contradictorio: por una parte remiten a la gran Revoluci\u00f3n francesa y a las reivindicaciones y aspiraciones populares que quedaron insatisfechas (postergadas) en la resaca de las guerras napole\u00f3nicas; por otra parte, las revoluciones de 1848 prefiguran tambi\u00e9n la Revoluci\u00f3n de Octubre y la entrada, con ella, en una era distinta. \u00a0 En el terreno pol\u00edtico, las revoluciones de 1848 reclaman las liberta- des fundamentales y el sufragio universal, que siguen siendo el privilegio de una minor\u00eda, y ponen tambi\u00e9n la cuesti\u00f3n nacional al orden del d\u00eda. En el plano social suponen simult\u00e1neamente la emancipaci\u00f3n del campesinado de la Europa central y la lucha por el derecho al trabajo para los obreros. \u00a0 Este libro de Jean Sigmann trata de especificar la singularidad y el car\u00e1cter \u00fanico de un per\u00edodo hist\u00f3rico que se encuentra a caballo entre la \u00e9poca de ascenso de la burgues\u00eda revolucionaria y la maduraci\u00f3n de la revoluci\u00f3n proletaria. Un per\u00edodo que, no es posible olvidarlo, marc\u00f3 irreversiblemente la trayectoria y el pensamiento de un joven alem\u00e1n llamado Karl Marx.<\/p>\n","protected":false},"excerpt":{"rendered":"<p>Los trabajos reunidos en la colecci\u00f3n HISTORIA DE LOS MOVIMIENTOS SOCIALES tienen un protagonista: las masas. El an\u00e1lisis de los movimientos sociales ha impulsado el desarrollo de una disciplina -la historia social- ritualmente invocada, a partir de 1930, como parte de la \u0093historia econ\u00f3mica y social\u0094. Esta rama hist\u00f3rica se ha convertido en campo privilegiado de convergencia de la antropolog\u00eda, la sociolog\u00eda y la historia. Su metodolog\u00eda ofrece la variedad y amplitud propias de una disciplina en r\u00e1pida gestaci\u00f3n, nutrida por pol\u00e9micas fruct\u00edferas. \u00a0 1848 es una fecha decisiva para la comprensi\u00f3n de la historia del \u00faltimo siglo. Las revoluciones de 1848 poseen un .car\u00e1cter complejo y contradictorio: por una parte remiten a la gran Revoluci\u00f3n francesa y a las reivindicaciones y aspiraciones populares que quedaron insatisfechas (postergadas) en la resaca de las guerras napole\u00f3nicas; por otra parte, las revoluciones de 1848 prefiguran tambi\u00e9n la Revoluci\u00f3n de Octubre y la entrada, con ella, en una era distinta. \u00a0 En el terreno pol\u00edtico, las revoluciones de 1848 reclaman las liberta- des fundamentales y el sufragio universal, que siguen siendo el privilegio de una minor\u00eda, y ponen tambi\u00e9n la cuesti\u00f3n nacional al orden del d\u00eda. En el plano social suponen simult\u00e1neamente la emancipaci\u00f3n del campesinado de la Europa central y la lucha por el derecho al trabajo para los obreros. \u00a0 Este libro de Jean Sigmann trata de especificar la singularidad y el car\u00e1cter \u00fanico de un per\u00edodo hist\u00f3rico que se encuentra a caballo entre la \u00e9poca de ascenso de la burgues\u00eda revolucionaria y la maduraci\u00f3n de la revoluci\u00f3n proletaria. Un per\u00edodo que, no es posible olvidarlo, marc\u00f3 irreversiblemente la trayectoria y el pensamiento de un joven alem\u00e1n llamado Karl Marx.<\/p>\n","protected":false},"featured_media":75,"comment_status":"closed","ping_status":"open","template":"","meta":{"_acf_changed":false},"materia_nivel_3":[2565,2566],"subtema_nivel_2":[2561],"tema_nivel_1":[2567],"product_brand":[],"product_cat":[15],"product_tag":[],"product_author":[2788],"product_collection":[],"class_list":{"0":"post-12482","1":"product","2":"type-product","3":"status-publish","4":"has-post-thumbnail","6":"materia_nivel_3-contemporanea","7":"materia_nivel_3-europa","8":"subtema_nivel_2-historia","9":"tema_nivel_1-historia","10":"product_cat-uncategorized","11":"product_author-sigmann-jean","13":"first","14":"instock","15":"purchasable","16":"product-type-simple"},"acf":[],"_links":{"self":[{"href":"https:\/\/dev2.cantalupe.net\/sigloxxi\/wp-json\/wp\/v2\/product\/12482","targetHints":{"allow":["GET"]}}],"collection":[{"href":"https:\/\/dev2.cantalupe.net\/sigloxxi\/wp-json\/wp\/v2\/product"}],"about":[{"href":"https:\/\/dev2.cantalupe.net\/sigloxxi\/wp-json\/wp\/v2\/types\/product"}],"replies":[{"embeddable":true,"href":"https:\/\/dev2.cantalupe.net\/sigloxxi\/wp-json\/wp\/v2\/comments?post=12482"}],"version-history":[{"count":1,"href":"https:\/\/dev2.cantalupe.net\/sigloxxi\/wp-json\/wp\/v2\/product\/12482\/revisions"}],"predecessor-version":[{"id":12483,"href":"https:\/\/dev2.cantalupe.net\/sigloxxi\/wp-json\/wp\/v2\/product\/12482\/revisions\/12483"}],"wp:featuredmedia":[{"embeddable":true,"href":"https:\/\/dev2.cantalupe.net\/sigloxxi\/wp-json\/wp\/v2\/media\/75"}],"wp:attachment":[{"href":"https:\/\/dev2.cantalupe.net\/sigloxxi\/wp-json\/wp\/v2\/media?parent=12482"}],"wp:term":[{"taxonomy":"materia_nivel_3","embeddable":true,"href":"https:\/\/dev2.cantalupe.net\/sigloxxi\/wp-json\/wp\/v2\/materia_nivel_3?post=12482"},{"taxonomy":"subtema_nivel_2","embeddable":true,"href":"https:\/\/dev2.cantalupe.net\/sigloxxi\/wp-json\/wp\/v2\/subtema_nivel_2?post=12482"},{"taxonomy":"tema_nivel_1","embeddable":true,"href":"https:\/\/dev2.cantalupe.net\/sigloxxi\/wp-json\/wp\/v2\/tema_nivel_1?post=12482"},{"taxonomy":"product_brand","embeddable":true,"href":"https:\/\/dev2.cantalupe.net\/sigloxxi\/wp-json\/wp\/v2\/product_brand?post=12482"},{"taxonomy":"product_cat","embeddable":true,"href":"https:\/\/dev2.cantalupe.net\/sigloxxi\/wp-json\/wp\/v2\/product_cat?post=12482"},{"taxonomy":"product_tag","embeddable":true,"href":"https:\/\/dev2.cantalupe.net\/sigloxxi\/wp-json\/wp\/v2\/product_tag?post=12482"},{"taxonomy":"product_author","embeddable":true,"href":"https:\/\/dev2.cantalupe.net\/sigloxxi\/wp-json\/wp\/v2\/product_author?post=12482"},{"taxonomy":"product_collection","embeddable":true,"href":"https:\/\/dev2.cantalupe.net\/sigloxxi\/wp-json\/wp\/v2\/product_collection?post=12482"}],"curies":[{"name":"wp","href":"https:\/\/api.w.org\/{rel}","templated":true}]}}