{"id":12498,"date":"2025-11-04T14:46:34","date_gmt":"2025-11-04T14:46:34","guid":{"rendered":"https:\/\/dev2.cantalupe.net\/sigloxxi\/libro\/adaptacion-vital-y-psicologia-de-la-inteligencia\/"},"modified":"2025-11-04T14:46:34","modified_gmt":"2025-11-04T14:46:34","slug":"adaptacion-vital-y-psicologia-de-la-inteligencia","status":"publish","type":"product","link":"https:\/\/dev2.cantalupe.net\/sigloxxi\/libro\/adaptacion-vital-y-psicologia-de-la-inteligencia\/","title":{"rendered":"Adaptaci\u00f3n vital y psicolog\u00eda de la inteligencia"},"content":{"rendered":"<p>En esta obra, Jean Piaget intenta explorar una tercera posibilidad entre el neodarwinismo y el lamarckismo. Para ello parte de observaciones prolongadas y numerosas de una especie vegeta en la cual una variaci\u00f3n no hereditaria (fenot\u00edpica) parece ser reemplazada inmediatamente por una variaci\u00f3n hereditaria (genot\u00edpica) de los mismos caracteres morfol\u00f3gicos. Piaget arriesga entonces la hip\u00f3tesis de una posible generalidad del proceso de formaci\u00f3n de la fenocopia: toda nueva adaptaci\u00f3n comenzar\u00eda por exploraciones y ensayos fenot\u00edpicos. \u00a0De esta forma se ofrece una alternativa a la teor\u00eda de la evoluci\u00f3n generalmente admitida, seg\u00fan la cual se deber\u00eda atribuir el origen de toda novedad a mutaciones aleatorias, de las que ser\u00edan seleccionadas las ventajosas para la especie. Al criticar el excesivo simplismo de esta teor\u00eda, Piaget se enfrenta al papel dominante que los neo- darwinianos conceden al azar. De aqu\u00ed el car\u00e1cter pol\u00e9mico de su hip\u00f3tesis, en el terreno cient\u00edfico y en el filos\u00f3fico.<\/p>\n","protected":false},"excerpt":{"rendered":"<p>En esta obra, Jean Piaget intenta explorar una tercera posibilidad entre el neodarwinismo y el lamarckismo. Para ello parte de observaciones prolongadas y numerosas de una especie vegeta en la cual una variaci\u00f3n no hereditaria (fenot\u00edpica) parece ser reemplazada inmediatamente por una variaci\u00f3n hereditaria (genot\u00edpica) de los mismos caracteres morfol\u00f3gicos. Piaget arriesga entonces la hip\u00f3tesis de una posible generalidad del proceso de formaci\u00f3n de la fenocopia: toda nueva adaptaci\u00f3n comenzar\u00eda por exploraciones y ensayos fenot\u00edpicos. \u00a0De esta forma se ofrece una alternativa a la teor\u00eda de la evoluci\u00f3n generalmente admitida, seg\u00fan la cual se deber\u00eda atribuir el origen de toda novedad a mutaciones aleatorias, de las que ser\u00edan seleccionadas las ventajosas para la especie. Al criticar el excesivo simplismo de esta teor\u00eda, Piaget se enfrenta al papel dominante que los neo- darwinianos conceden al azar. De aqu\u00ed el car\u00e1cter pol\u00e9mico de su hip\u00f3tesis, en el terreno cient\u00edfico y en el filos\u00f3fico.<\/p>\n","protected":false},"featured_media":89,"comment_status":"closed","ping_status":"open","template":"","meta":{"_acf_changed":false},"materia_nivel_3":[],"subtema_nivel_2":[2578],"tema_nivel_1":[2579],"product_brand":[],"product_cat":[15],"product_tag":[],"product_author":[2793],"product_collection":[],"class_list":{"0":"post-12498","1":"product","2":"type-product","3":"status-publish","4":"has-post-thumbnail","6":"subtema_nivel_2-psicologia","7":"tema_nivel_1-psicologia","8":"product_cat-uncategorized","9":"product_author-piaget-jean","11":"first","12":"instock","13":"purchasable","14":"product-type-simple"},"acf":[],"_links":{"self":[{"href":"https:\/\/dev2.cantalupe.net\/sigloxxi\/wp-json\/wp\/v2\/product\/12498","targetHints":{"allow":["GET"]}}],"collection":[{"href":"https:\/\/dev2.cantalupe.net\/sigloxxi\/wp-json\/wp\/v2\/product"}],"about":[{"href":"https:\/\/dev2.cantalupe.net\/sigloxxi\/wp-json\/wp\/v2\/types\/product"}],"replies":[{"embeddable":true,"href":"https:\/\/dev2.cantalupe.net\/sigloxxi\/wp-json\/wp\/v2\/comments?post=12498"}],"version-history":[{"count":1,"href":"https:\/\/dev2.cantalupe.net\/sigloxxi\/wp-json\/wp\/v2\/product\/12498\/revisions"}],"predecessor-version":[{"id":12499,"href":"https:\/\/dev2.cantalupe.net\/sigloxxi\/wp-json\/wp\/v2\/product\/12498\/revisions\/12499"}],"wp:featuredmedia":[{"embeddable":true,"href":"https:\/\/dev2.cantalupe.net\/sigloxxi\/wp-json\/wp\/v2\/media\/89"}],"wp:attachment":[{"href":"https:\/\/dev2.cantalupe.net\/sigloxxi\/wp-json\/wp\/v2\/media?parent=12498"}],"wp:term":[{"taxonomy":"materia_nivel_3","embeddable":true,"href":"https:\/\/dev2.cantalupe.net\/sigloxxi\/wp-json\/wp\/v2\/materia_nivel_3?post=12498"},{"taxonomy":"subtema_nivel_2","embeddable":true,"href":"https:\/\/dev2.cantalupe.net\/sigloxxi\/wp-json\/wp\/v2\/subtema_nivel_2?post=12498"},{"taxonomy":"tema_nivel_1","embeddable":true,"href":"https:\/\/dev2.cantalupe.net\/sigloxxi\/wp-json\/wp\/v2\/tema_nivel_1?post=12498"},{"taxonomy":"product_brand","embeddable":true,"href":"https:\/\/dev2.cantalupe.net\/sigloxxi\/wp-json\/wp\/v2\/product_brand?post=12498"},{"taxonomy":"product_cat","embeddable":true,"href":"https:\/\/dev2.cantalupe.net\/sigloxxi\/wp-json\/wp\/v2\/product_cat?post=12498"},{"taxonomy":"product_tag","embeddable":true,"href":"https:\/\/dev2.cantalupe.net\/sigloxxi\/wp-json\/wp\/v2\/product_tag?post=12498"},{"taxonomy":"product_author","embeddable":true,"href":"https:\/\/dev2.cantalupe.net\/sigloxxi\/wp-json\/wp\/v2\/product_author?post=12498"},{"taxonomy":"product_collection","embeddable":true,"href":"https:\/\/dev2.cantalupe.net\/sigloxxi\/wp-json\/wp\/v2\/product_collection?post=12498"}],"curies":[{"name":"wp","href":"https:\/\/api.w.org\/{rel}","templated":true}]}}