{"id":12624,"date":"2025-11-04T14:47:23","date_gmt":"2025-11-04T14:47:23","guid":{"rendered":"https:\/\/dev2.cantalupe.net\/sigloxxi\/libro\/araquistain-y-la-crisis-socialista-en-la-ii-republica-leviatan-1934-1936\/"},"modified":"2025-11-04T14:47:28","modified_gmt":"2025-11-04T14:47:28","slug":"araquistain-y-la-crisis-socialista-en-la-ii-republica-leviatan-1934-1936","status":"publish","type":"product","link":"https:\/\/dev2.cantalupe.net\/sigloxxi\/libro\/araquistain-y-la-crisis-socialista-en-la-ii-republica-leviatan-1934-1936\/","title":{"rendered":"Araquist\u00e1in y la crisis socialista en la II Rep\u00fablica. Leviat\u00e1n (1934-1936)"},"content":{"rendered":"<p>M\u00e1s all\u00e1 de las explicaciones psicol\u00f3gicas al uso, es en el marco de los conflictos sociales de los a\u00f1os treinta donde debe situarse la explicaci\u00f3n del fen\u00f3meno conocido como la radicalizaci\u00f3n socialista en la II Rep\u00fablica espa\u00f1ola. Sobre el tel\u00f3n de fondo de la gran depresi\u00f3n y el auge de los totalitarismos en Europa, el sentido pol\u00edtico de la lucha de clases puede explicarse por la incapacidad de la alianza en que se apoya el nuevo r\u00e9gimen -burgues\u00eda urbana y sector socialdem\u00f3crata del proletariado- para modificar la hegemon\u00eda econ\u00f3mica que siguen ejerciendo las clases integrantes del bloque en el poder previo al cambio de 1931: la propiedad agraria y el gran capital financiero e industrial. El \u00e9xito y la intensidad de la reacci\u00f3n econ\u00f3mica y pol\u00edtica de la oligarqu\u00eda, con la conciencia de frustraci\u00f3n de la experiencia reformadora del primer bienio, determinan la huida hacia adelante en que consiste la orientaci\u00f3n revolucionaria del socialismo espa\u00f1ol. El an\u00e1lisis del cambio se efect\u00faa a trav\u00e9s de la revista mensual. Leviat\u00e1n (mayo de 1934-julio 1936), \u00f3rgano doctrinal de la izquierda. socialista espa\u00f1ola: de su doble encuadre la pluralidad de corrientes socialistas en la Espa\u00f1a republicana y la biograf\u00eda intelectual de su director, Luis Araquistain, que responde a la coyuntura buscando en Marx y Lenin los soportes te\u00f3ricos de la pr\u00e1ctica socialista.<\/p>\n","protected":false},"excerpt":{"rendered":"<p>M\u00e1s all\u00e1 de las explicaciones psicol\u00f3gicas al uso, es en el marco de los conflictos sociales de los a\u00f1os treinta donde debe situarse la explicaci\u00f3n del fen\u00f3meno conocido como la radicalizaci\u00f3n socialista en la II Rep\u00fablica espa\u00f1ola. Sobre el tel\u00f3n de fondo de la gran depresi\u00f3n y el auge de los totalitarismos en Europa, el sentido pol\u00edtico de la lucha de clases puede explicarse por la incapacidad de la alianza en que se apoya el nuevo r\u00e9gimen -burgues\u00eda urbana y sector socialdem\u00f3crata del proletariado- para modificar la hegemon\u00eda econ\u00f3mica que siguen ejerciendo las clases integrantes del bloque en el poder previo al cambio de 1931: la propiedad agraria y el gran capital financiero e industrial. El \u00e9xito y la intensidad de la reacci\u00f3n econ\u00f3mica y pol\u00edtica de la oligarqu\u00eda, con la conciencia de frustraci\u00f3n de la experiencia reformadora del primer bienio, determinan la huida hacia adelante en que consiste la orientaci\u00f3n revolucionaria del socialismo espa\u00f1ol. El an\u00e1lisis del cambio se efect\u00faa a trav\u00e9s de la revista mensual. Leviat\u00e1n (mayo de 1934-julio 1936), \u00f3rgano doctrinal de la izquierda. socialista espa\u00f1ola: de su doble encuadre la pluralidad de corrientes socialistas en la Espa\u00f1a republicana y la biograf\u00eda intelectual de su director, Luis Araquistain, que responde a la coyuntura buscando en Marx y Lenin los soportes te\u00f3ricos de la pr\u00e1ctica socialista.<\/p>\n","protected":false},"featured_media":351,"comment_status":"closed","ping_status":"open","template":"","meta":{"_acf_changed":false},"materia_nivel_3":[2565,2559],"subtema_nivel_2":[2561],"tema_nivel_1":[2567],"product_brand":[],"product_cat":[15],"product_tag":[],"product_author":[2845],"product_collection":[],"class_list":{"0":"post-12624","1":"product","2":"type-product","3":"status-publish","4":"has-post-thumbnail","6":"materia_nivel_3-contemporanea","7":"materia_nivel_3-espana","8":"subtema_nivel_2-historia","9":"tema_nivel_1-historia","10":"product_cat-uncategorized","11":"product_author-bizcarrondo-marta","13":"first","14":"instock","15":"purchasable","16":"product-type-simple"},"acf":[],"_links":{"self":[{"href":"https:\/\/dev2.cantalupe.net\/sigloxxi\/wp-json\/wp\/v2\/product\/12624","targetHints":{"allow":["GET"]}}],"collection":[{"href":"https:\/\/dev2.cantalupe.net\/sigloxxi\/wp-json\/wp\/v2\/product"}],"about":[{"href":"https:\/\/dev2.cantalupe.net\/sigloxxi\/wp-json\/wp\/v2\/types\/product"}],"replies":[{"embeddable":true,"href":"https:\/\/dev2.cantalupe.net\/sigloxxi\/wp-json\/wp\/v2\/comments?post=12624"}],"version-history":[{"count":1,"href":"https:\/\/dev2.cantalupe.net\/sigloxxi\/wp-json\/wp\/v2\/product\/12624\/revisions"}],"predecessor-version":[{"id":12625,"href":"https:\/\/dev2.cantalupe.net\/sigloxxi\/wp-json\/wp\/v2\/product\/12624\/revisions\/12625"}],"wp:featuredmedia":[{"embeddable":true,"href":"https:\/\/dev2.cantalupe.net\/sigloxxi\/wp-json\/wp\/v2\/media\/351"}],"wp:attachment":[{"href":"https:\/\/dev2.cantalupe.net\/sigloxxi\/wp-json\/wp\/v2\/media?parent=12624"}],"wp:term":[{"taxonomy":"materia_nivel_3","embeddable":true,"href":"https:\/\/dev2.cantalupe.net\/sigloxxi\/wp-json\/wp\/v2\/materia_nivel_3?post=12624"},{"taxonomy":"subtema_nivel_2","embeddable":true,"href":"https:\/\/dev2.cantalupe.net\/sigloxxi\/wp-json\/wp\/v2\/subtema_nivel_2?post=12624"},{"taxonomy":"tema_nivel_1","embeddable":true,"href":"https:\/\/dev2.cantalupe.net\/sigloxxi\/wp-json\/wp\/v2\/tema_nivel_1?post=12624"},{"taxonomy":"product_brand","embeddable":true,"href":"https:\/\/dev2.cantalupe.net\/sigloxxi\/wp-json\/wp\/v2\/product_brand?post=12624"},{"taxonomy":"product_cat","embeddable":true,"href":"https:\/\/dev2.cantalupe.net\/sigloxxi\/wp-json\/wp\/v2\/product_cat?post=12624"},{"taxonomy":"product_tag","embeddable":true,"href":"https:\/\/dev2.cantalupe.net\/sigloxxi\/wp-json\/wp\/v2\/product_tag?post=12624"},{"taxonomy":"product_author","embeddable":true,"href":"https:\/\/dev2.cantalupe.net\/sigloxxi\/wp-json\/wp\/v2\/product_author?post=12624"},{"taxonomy":"product_collection","embeddable":true,"href":"https:\/\/dev2.cantalupe.net\/sigloxxi\/wp-json\/wp\/v2\/product_collection?post=12624"}],"curies":[{"name":"wp","href":"https:\/\/api.w.org\/{rel}","templated":true}]}}