{"id":12802,"date":"2025-11-04T14:48:18","date_gmt":"2025-11-04T14:48:18","guid":{"rendered":"https:\/\/dev2.cantalupe.net\/sigloxxi\/libro\/cerrado-por-futbol-2\/"},"modified":"2025-11-04T14:48:18","modified_gmt":"2025-11-04T14:48:18","slug":"cerrado-por-futbol-2","status":"publish","type":"product","link":"https:\/\/dev2.cantalupe.net\/sigloxxi\/libro\/cerrado-por-futbol-2\/","title":{"rendered":"Cerrado por f\u00fatbol"},"content":{"rendered":"<p>Este libro re\u00fane todos los textos que Galeano escribi\u00f3 sobre f\u00fatbol, la<br \/>\nmayor\u00eda dispersos en su obra publicada, pero tambi\u00e9n varios in\u00e9ditos y<br \/>\nverdaderos hallazgos, como la cr\u00f3nica en la que, con s\u00f3lo 23 a\u00f1os, llama<br \/>\n\u00abtraidor\u00bb al Che Guevara en persona por haber adquirido en Cuba la pasi\u00f3n por<br \/>\nel b\u00e9isbol. Las p\u00e1ginas proponen un recorrido por la historia del f\u00fatbol, desde<br \/>\nla \u00e9poca en que un jugador recib\u00eda una vaca por cada gol hasta el tiempo de los<br \/>\njugadores multimillonarios agobiados por el \u00e9xito, pasando por el relato de los<br \/>\ndiez futbolistas que se pintaron la cara de negro en solidaridad con su<br \/>\ncompa\u00f1ero discriminado por la hinchada; tambi\u00e9n hablan de Maradona, \u00abel hombre<br \/>\nque no pod\u00eda vivir sin la fama que no lo dejaba vivir\u00bb, y de Zidane, que en su<br \/>\n\u00faltimo partido embisti\u00f3 a un rival y se retir\u00f3 expulsado de un mundial<br \/>\nmediocre.Eduardo Galeano cre\u00eda que el f\u00fatbol expresaba \u00abemociones colectivas\u00bb,<br \/>\nesas que generan \u00abfiesta compartida o compartido naufragio, y existen sin dar<br \/>\nexplicaciones ni pedir disculpas\u00bb. De esas pasiones habla Cerrado por f\u00fatbol.<\/p>\n","protected":false},"excerpt":{"rendered":"<p>Este libro re\u00fane todos los textos que Galeano escribi\u00f3 sobre f\u00fatbol, la<br \/>\nmayor\u00eda dispersos en su obra publicada, pero tambi\u00e9n varios in\u00e9ditos y<br \/>\nverdaderos hallazgos, como la cr\u00f3nica en la que, con s\u00f3lo 23 a\u00f1os, llama<br \/>\n\u00abtraidor\u00bb al Che Guevara en persona por haber adquirido en Cuba la pasi\u00f3n por<br \/>\nel b\u00e9isbol. Las p\u00e1ginas proponen un recorrido por la historia del f\u00fatbol, desde<br \/>\nla \u00e9poca en que un jugador recib\u00eda una vaca por cada gol hasta el tiempo de los<br \/>\njugadores multimillonarios agobiados por el \u00e9xito, pasando por el relato de los<br \/>\ndiez futbolistas que se pintaron la cara de negro en solidaridad con su<br \/>\ncompa\u00f1ero discriminado por la hinchada; tambi\u00e9n hablan de Maradona, \u00abel hombre<br \/>\nque no pod\u00eda vivir sin la fama que no lo dejaba vivir\u00bb, y de Zidane, que en su<br \/>\n\u00faltimo partido embisti\u00f3 a un rival y se retir\u00f3 expulsado de un mundial<br \/>\nmediocre.Eduardo Galeano cre\u00eda que el f\u00fatbol expresaba \u00abemociones colectivas\u00bb,<br \/>\nesas que generan \u00abfiesta compartida o compartido naufragio, y existen sin dar<br \/>\nexplicaciones ni pedir disculpas\u00bb. De esas pasiones habla Cerrado por f\u00fatbol.<\/p>\n","protected":false},"featured_media":506,"comment_status":"closed","ping_status":"open","template":"","meta":{"_acf_changed":false},"materia_nivel_3":[2560],"subtema_nivel_2":[2562,2583],"tema_nivel_1":[2693],"product_brand":[],"product_cat":[15],"product_tag":[],"product_author":[2868],"product_collection":[],"class_list":{"0":"post-12802","1":"product","2":"type-product","3":"status-publish","4":"has-post-thumbnail","6":"materia_nivel_3-narrativa","7":"subtema_nivel_2-lengua-y-literatura","8":"subtema_nivel_2-sociologia","9":"tema_nivel_1-biblioteca-eduardo-galeano","10":"product_cat-uncategorized","11":"product_author-galeano-eduardo","13":"first","14":"instock","15":"purchasable","16":"product-type-simple"},"acf":[],"_links":{"self":[{"href":"https:\/\/dev2.cantalupe.net\/sigloxxi\/wp-json\/wp\/v2\/product\/12802","targetHints":{"allow":["GET"]}}],"collection":[{"href":"https:\/\/dev2.cantalupe.net\/sigloxxi\/wp-json\/wp\/v2\/product"}],"about":[{"href":"https:\/\/dev2.cantalupe.net\/sigloxxi\/wp-json\/wp\/v2\/types\/product"}],"replies":[{"embeddable":true,"href":"https:\/\/dev2.cantalupe.net\/sigloxxi\/wp-json\/wp\/v2\/comments?post=12802"}],"version-history":[{"count":1,"href":"https:\/\/dev2.cantalupe.net\/sigloxxi\/wp-json\/wp\/v2\/product\/12802\/revisions"}],"predecessor-version":[{"id":12803,"href":"https:\/\/dev2.cantalupe.net\/sigloxxi\/wp-json\/wp\/v2\/product\/12802\/revisions\/12803"}],"wp:featuredmedia":[{"embeddable":true,"href":"https:\/\/dev2.cantalupe.net\/sigloxxi\/wp-json\/wp\/v2\/media\/506"}],"wp:attachment":[{"href":"https:\/\/dev2.cantalupe.net\/sigloxxi\/wp-json\/wp\/v2\/media?parent=12802"}],"wp:term":[{"taxonomy":"materia_nivel_3","embeddable":true,"href":"https:\/\/dev2.cantalupe.net\/sigloxxi\/wp-json\/wp\/v2\/materia_nivel_3?post=12802"},{"taxonomy":"subtema_nivel_2","embeddable":true,"href":"https:\/\/dev2.cantalupe.net\/sigloxxi\/wp-json\/wp\/v2\/subtema_nivel_2?post=12802"},{"taxonomy":"tema_nivel_1","embeddable":true,"href":"https:\/\/dev2.cantalupe.net\/sigloxxi\/wp-json\/wp\/v2\/tema_nivel_1?post=12802"},{"taxonomy":"product_brand","embeddable":true,"href":"https:\/\/dev2.cantalupe.net\/sigloxxi\/wp-json\/wp\/v2\/product_brand?post=12802"},{"taxonomy":"product_cat","embeddable":true,"href":"https:\/\/dev2.cantalupe.net\/sigloxxi\/wp-json\/wp\/v2\/product_cat?post=12802"},{"taxonomy":"product_tag","embeddable":true,"href":"https:\/\/dev2.cantalupe.net\/sigloxxi\/wp-json\/wp\/v2\/product_tag?post=12802"},{"taxonomy":"product_author","embeddable":true,"href":"https:\/\/dev2.cantalupe.net\/sigloxxi\/wp-json\/wp\/v2\/product_author?post=12802"},{"taxonomy":"product_collection","embeddable":true,"href":"https:\/\/dev2.cantalupe.net\/sigloxxi\/wp-json\/wp\/v2\/product_collection?post=12802"}],"curies":[{"name":"wp","href":"https:\/\/api.w.org\/{rel}","templated":true}]}}