{"id":12806,"date":"2025-11-04T14:48:18","date_gmt":"2025-11-04T14:48:18","guid":{"rendered":"https:\/\/dev2.cantalupe.net\/sigloxxi\/libro\/ceuta-melilla-olivenza-y-gibraltar\/"},"modified":"2025-11-04T14:48:18","modified_gmt":"2025-11-04T14:48:18","slug":"ceuta-melilla-olivenza-y-gibraltar","status":"publish","type":"product","link":"https:\/\/dev2.cantalupe.net\/sigloxxi\/libro\/ceuta-melilla-olivenza-y-gibraltar\/","title":{"rendered":"Ceuta, Melilla, Olivenza y Gibraltar"},"content":{"rendered":"<p>De igual modo que seguimos debatiendo hoy en d\u00eda acerca del ser \u00edntimo de Espa\u00f1a, sucede que tambi\u00e9n subsisten unos interrogantes acerca de sus fronteras por existir vivos tres contenciosos que, con muy distinta intensidad, ponen en tela de juicio su definitiva delimitaci\u00f3n. Esas parcelas litigiosas se llaman Ceuta, Melilla, Olivenza y Gibraltar. Herencia de una pasado m\u00e1s o menos remoto y situadas todas ellas en la periferia, las tres son objeto de reivindicaci\u00f3n bien por un pa\u00eds vecino bien por los propios espa\u00f1oles. Cuestiones de gran actualidad, la colonia brit\u00e1nica en suelo espa\u00f1ol y las plazas de soberan\u00eda en suelo marroqu\u00ed -que la Historia conforta pero que la Geograf\u00eda desmiente- son obst\u00e1culos insalvables para una aut\u00e9ntica normalizaci\u00f3n de las relaciones de Madrid con Londres y con Rabat. M\u00e1s solapada, la reivindicaci\u00f3n portuguesa de Olivenza est\u00e1 siempre ah\u00ed; herida que el tiempo no ha cicatrizado. El repertorio jur\u00eddico de unos y otros en defensa de sus respectivas posturas se ha agotado. No hay lugar ya a exhumar viejos t\u00edtulos de tiempos pasados que, por lo dem\u00e1s, no encuentran eco alguno en la opini\u00f3n p\u00fablica internacional. S\u00f3lo caben soluciones pol\u00edticas a unos problemas seculares en los que Espa\u00f1a hace el papel de denominador com\u00fan, por mucho que se empe\u00f1e en ignorar la cuesti\u00f3n de Olivenza, menor desde luego, y en desconocer incluso la existencia de un litigio sobre Ceuta y Melilla, al tiempo que agita peri\u00f3dicamente su reivindicaci\u00f3n sobre Gibraltar. Soluciones pol\u00edticas que aborden decididamente estos pleitos, en particular los dos \u00faltimos, para lo cual Madrid debe dar el primer paso. Ofrecer a Lisboa una f\u00f3rmula que tambi\u00e9n reconozca la evidente lusitanidad de Olivenza. Romper el c\u00edrculo vicioso de la inacci\u00f3n e iniciar la reflexi\u00f3n con Rabat para, con las garant\u00edas necesarias, proceder en su momento a la retrocesi\u00f3n de las dos ciudades -y antes los pe\u00f1ones- a Marruecos. No basta con pasar pagina. Solo as\u00ed, cargada de raz\u00f3n moral, con el aplauso y el respaldo de la Comunidad de Naciones, sin poder ser acusada de hipocres\u00eda y de jugar a dos pa\u00f1os, podr\u00e1 Espa\u00f1a acometer la recuperaci\u00f3n de Gibraltar. Este libro no pretende hacer pedagog\u00eda y mucho menos convencer en materia tan pol\u00e9mica y emocional. Tan s\u00f3lo ilustrar sobre el punto de vista del otro y, si es posible, dar una oportunidad a la reflexi\u00f3n.<\/p>\n","protected":false},"excerpt":{"rendered":"<p>De igual modo que seguimos debatiendo hoy en d\u00eda acerca del ser \u00edntimo de Espa\u00f1a, sucede que tambi\u00e9n subsisten unos interrogantes acerca de sus fronteras por existir vivos tres contenciosos que, con muy distinta intensidad, ponen en tela de juicio su definitiva delimitaci\u00f3n. Esas parcelas litigiosas se llaman Ceuta, Melilla, Olivenza y Gibraltar. Herencia de una pasado m\u00e1s o menos remoto y situadas todas ellas en la periferia, las tres son objeto de reivindicaci\u00f3n bien por un pa\u00eds vecino bien por los propios espa\u00f1oles. Cuestiones de gran actualidad, la colonia brit\u00e1nica en suelo espa\u00f1ol y las plazas de soberan\u00eda en suelo marroqu\u00ed -que la Historia conforta pero que la Geograf\u00eda desmiente- son obst\u00e1culos insalvables para una aut\u00e9ntica normalizaci\u00f3n de las relaciones de Madrid con Londres y con Rabat. M\u00e1s solapada, la reivindicaci\u00f3n portuguesa de Olivenza est\u00e1 siempre ah\u00ed; herida que el tiempo no ha cicatrizado. El repertorio jur\u00eddico de unos y otros en defensa de sus respectivas posturas se ha agotado. No hay lugar ya a exhumar viejos t\u00edtulos de tiempos pasados que, por lo dem\u00e1s, no encuentran eco alguno en la opini\u00f3n p\u00fablica internacional. S\u00f3lo caben soluciones pol\u00edticas a unos problemas seculares en los que Espa\u00f1a hace el papel de denominador com\u00fan, por mucho que se empe\u00f1e en ignorar la cuesti\u00f3n de Olivenza, menor desde luego, y en desconocer incluso la existencia de un litigio sobre Ceuta y Melilla, al tiempo que agita peri\u00f3dicamente su reivindicaci\u00f3n sobre Gibraltar. Soluciones pol\u00edticas que aborden decididamente estos pleitos, en particular los dos \u00faltimos, para lo cual Madrid debe dar el primer paso. Ofrecer a Lisboa una f\u00f3rmula que tambi\u00e9n reconozca la evidente lusitanidad de Olivenza. Romper el c\u00edrculo vicioso de la inacci\u00f3n e iniciar la reflexi\u00f3n con Rabat para, con las garant\u00edas necesarias, proceder en su momento a la retrocesi\u00f3n de las dos ciudades -y antes los pe\u00f1ones- a Marruecos. No basta con pasar pagina. Solo as\u00ed, cargada de raz\u00f3n moral, con el aplauso y el respaldo de la Comunidad de Naciones, sin poder ser acusada de hipocres\u00eda y de jugar a dos pa\u00f1os, podr\u00e1 Espa\u00f1a acometer la recuperaci\u00f3n de Gibraltar. Este libro no pretende hacer pedagog\u00eda y mucho menos convencer en materia tan pol\u00e9mica y emocional. Tan s\u00f3lo ilustrar sobre el punto de vista del otro y, si es posible, dar una oportunidad a la reflexi\u00f3n.<\/p>\n","protected":false},"featured_media":509,"comment_status":"closed","ping_status":"open","template":"","meta":{"_acf_changed":false},"materia_nivel_3":[],"subtema_nivel_2":[2576],"tema_nivel_1":[2570],"product_brand":[],"product_cat":[15],"product_tag":[],"product_author":[2893],"product_collection":[],"class_list":{"0":"post-12806","1":"product","2":"type-product","3":"status-publish","4":"has-post-thumbnail","6":"subtema_nivel_2-politica","7":"tema_nivel_1-ciencias-sociales","8":"product_cat-uncategorized","9":"product_author-cajal-maximo","11":"first","12":"instock","13":"purchasable","14":"product-type-simple"},"acf":[],"_links":{"self":[{"href":"https:\/\/dev2.cantalupe.net\/sigloxxi\/wp-json\/wp\/v2\/product\/12806","targetHints":{"allow":["GET"]}}],"collection":[{"href":"https:\/\/dev2.cantalupe.net\/sigloxxi\/wp-json\/wp\/v2\/product"}],"about":[{"href":"https:\/\/dev2.cantalupe.net\/sigloxxi\/wp-json\/wp\/v2\/types\/product"}],"replies":[{"embeddable":true,"href":"https:\/\/dev2.cantalupe.net\/sigloxxi\/wp-json\/wp\/v2\/comments?post=12806"}],"version-history":[{"count":1,"href":"https:\/\/dev2.cantalupe.net\/sigloxxi\/wp-json\/wp\/v2\/product\/12806\/revisions"}],"predecessor-version":[{"id":12807,"href":"https:\/\/dev2.cantalupe.net\/sigloxxi\/wp-json\/wp\/v2\/product\/12806\/revisions\/12807"}],"wp:featuredmedia":[{"embeddable":true,"href":"https:\/\/dev2.cantalupe.net\/sigloxxi\/wp-json\/wp\/v2\/media\/509"}],"wp:attachment":[{"href":"https:\/\/dev2.cantalupe.net\/sigloxxi\/wp-json\/wp\/v2\/media?parent=12806"}],"wp:term":[{"taxonomy":"materia_nivel_3","embeddable":true,"href":"https:\/\/dev2.cantalupe.net\/sigloxxi\/wp-json\/wp\/v2\/materia_nivel_3?post=12806"},{"taxonomy":"subtema_nivel_2","embeddable":true,"href":"https:\/\/dev2.cantalupe.net\/sigloxxi\/wp-json\/wp\/v2\/subtema_nivel_2?post=12806"},{"taxonomy":"tema_nivel_1","embeddable":true,"href":"https:\/\/dev2.cantalupe.net\/sigloxxi\/wp-json\/wp\/v2\/tema_nivel_1?post=12806"},{"taxonomy":"product_brand","embeddable":true,"href":"https:\/\/dev2.cantalupe.net\/sigloxxi\/wp-json\/wp\/v2\/product_brand?post=12806"},{"taxonomy":"product_cat","embeddable":true,"href":"https:\/\/dev2.cantalupe.net\/sigloxxi\/wp-json\/wp\/v2\/product_cat?post=12806"},{"taxonomy":"product_tag","embeddable":true,"href":"https:\/\/dev2.cantalupe.net\/sigloxxi\/wp-json\/wp\/v2\/product_tag?post=12806"},{"taxonomy":"product_author","embeddable":true,"href":"https:\/\/dev2.cantalupe.net\/sigloxxi\/wp-json\/wp\/v2\/product_author?post=12806"},{"taxonomy":"product_collection","embeddable":true,"href":"https:\/\/dev2.cantalupe.net\/sigloxxi\/wp-json\/wp\/v2\/product_collection?post=12806"}],"curies":[{"name":"wp","href":"https:\/\/api.w.org\/{rel}","templated":true}]}}