{"id":12842,"date":"2025-11-04T14:48:24","date_gmt":"2025-11-04T14:48:24","guid":{"rendered":"https:\/\/dev2.cantalupe.net\/sigloxxi\/libro\/clase-y-politica-en-espana-i-1986-2008-2\/"},"modified":"2025-11-04T14:48:24","modified_gmt":"2025-11-04T14:48:24","slug":"clase-y-politica-en-espana-i-1986-2008-2","status":"publish","type":"product","link":"https:\/\/dev2.cantalupe.net\/sigloxxi\/libro\/clase-y-politica-en-espana-i-1986-2008-2\/","title":{"rendered":"Clase y pol\u00edtica en Espa\u00f1a I (1986-2008)"},"content":{"rendered":"<p>Cuando las desigualdades crecen y la concentraci\u00f3n de riqueza deviene m\u00e1s ostensible, el concepto de<br \/>\n\tclase emerge como una herramienta clave para comprender las sociedades actuales. Debatida desde distintas perspectivas y corrientes, esencial para comprender la movilizaci\u00f3n y el conflicto, dicha noci\u00f3n resulta imprescindible para la propuesta anal\u00edtica de esta investigaci\u00f3n. Tomando como eje central el hegem\u00f3nico relato del \u00abclasemedianismo\u00bb, afianzado durante las d\u00e9cadas de los sesenta y los setenta del siglo pasado y genuino protagonista del periodo, el presente libro hace una contribuci\u00f3n esencial al estudio de la ya larga y consolidada democracia.<\/p>\n<p>\tPartiendo de la lectura de datos estad\u00edsticos, el reputado soci\u00f3logo Modesto Gayo nos sit\u00faa ante la pol\u00edtica y la realidad social espa\u00f1olas desde el final de la transici\u00f3n hasta la crisis econ\u00f3mica. El voto, las ideolog\u00edas, la movilizaci\u00f3n social y las actitudes pol\u00edticas son las aristas de este profundo relato.<br \/>\n\tClase y pol\u00edtica en Espa\u00f1a I muestra tanto las tensiones como los acuerdos que fueron constitutivos del r\u00e9gimen y ofrece una radiograf\u00eda sociol\u00f3gica del sistema cuasi bipartidista cuyo modelo se quebrar\u00eda irreparablemente.<\/p>\n","protected":false},"excerpt":{"rendered":"<p>Cuando las desigualdades crecen y la concentraci\u00f3n de riqueza deviene m\u00e1s ostensible, el concepto de<br \/>\n\tclase emerge como una herramienta clave para comprender las sociedades actuales. Debatida desde distintas perspectivas y corrientes, esencial para comprender la movilizaci\u00f3n y el conflicto, dicha noci\u00f3n resulta imprescindible para la propuesta anal\u00edtica de esta investigaci\u00f3n. Tomando como eje central el hegem\u00f3nico relato del \u00abclasemedianismo\u00bb, afianzado durante las d\u00e9cadas de los sesenta y los setenta del siglo pasado y genuino protagonista del periodo, el presente libro hace una contribuci\u00f3n esencial al estudio de la ya larga y consolidada democracia.<\/p>\n<p>\tPartiendo de la lectura de datos estad\u00edsticos, el reputado soci\u00f3logo Modesto Gayo nos sit\u00faa ante la pol\u00edtica y la realidad social espa\u00f1olas desde el final de la transici\u00f3n hasta la crisis econ\u00f3mica. El voto, las ideolog\u00edas, la movilizaci\u00f3n social y las actitudes pol\u00edticas son las aristas de este profundo relato.<br \/>\n\tClase y pol\u00edtica en Espa\u00f1a I muestra tanto las tensiones como los acuerdos que fueron constitutivos del r\u00e9gimen y ofrece una radiograf\u00eda sociol\u00f3gica del sistema cuasi bipartidista cuyo modelo se quebrar\u00eda irreparablemente.<\/p>\n","protected":false},"featured_media":542,"comment_status":"closed","ping_status":"open","template":"","meta":{"_acf_changed":false},"materia_nivel_3":[],"subtema_nivel_2":[2598,2561,2576,2583],"tema_nivel_1":[2570],"product_brand":[],"product_cat":[15],"product_tag":[],"product_author":[2912],"product_collection":[],"class_list":{"0":"post-12842","1":"product","2":"type-product","3":"status-publish","4":"has-post-thumbnail","6":"subtema_nivel_2-economia","7":"subtema_nivel_2-historia","8":"subtema_nivel_2-politica","9":"subtema_nivel_2-sociologia","10":"tema_nivel_1-ciencias-sociales","11":"product_cat-uncategorized","12":"product_author-gayo-modesto","14":"first","15":"instock","16":"purchasable","17":"product-type-simple"},"acf":[],"_links":{"self":[{"href":"https:\/\/dev2.cantalupe.net\/sigloxxi\/wp-json\/wp\/v2\/product\/12842","targetHints":{"allow":["GET"]}}],"collection":[{"href":"https:\/\/dev2.cantalupe.net\/sigloxxi\/wp-json\/wp\/v2\/product"}],"about":[{"href":"https:\/\/dev2.cantalupe.net\/sigloxxi\/wp-json\/wp\/v2\/types\/product"}],"replies":[{"embeddable":true,"href":"https:\/\/dev2.cantalupe.net\/sigloxxi\/wp-json\/wp\/v2\/comments?post=12842"}],"version-history":[{"count":1,"href":"https:\/\/dev2.cantalupe.net\/sigloxxi\/wp-json\/wp\/v2\/product\/12842\/revisions"}],"predecessor-version":[{"id":12843,"href":"https:\/\/dev2.cantalupe.net\/sigloxxi\/wp-json\/wp\/v2\/product\/12842\/revisions\/12843"}],"wp:featuredmedia":[{"embeddable":true,"href":"https:\/\/dev2.cantalupe.net\/sigloxxi\/wp-json\/wp\/v2\/media\/542"}],"wp:attachment":[{"href":"https:\/\/dev2.cantalupe.net\/sigloxxi\/wp-json\/wp\/v2\/media?parent=12842"}],"wp:term":[{"taxonomy":"materia_nivel_3","embeddable":true,"href":"https:\/\/dev2.cantalupe.net\/sigloxxi\/wp-json\/wp\/v2\/materia_nivel_3?post=12842"},{"taxonomy":"subtema_nivel_2","embeddable":true,"href":"https:\/\/dev2.cantalupe.net\/sigloxxi\/wp-json\/wp\/v2\/subtema_nivel_2?post=12842"},{"taxonomy":"tema_nivel_1","embeddable":true,"href":"https:\/\/dev2.cantalupe.net\/sigloxxi\/wp-json\/wp\/v2\/tema_nivel_1?post=12842"},{"taxonomy":"product_brand","embeddable":true,"href":"https:\/\/dev2.cantalupe.net\/sigloxxi\/wp-json\/wp\/v2\/product_brand?post=12842"},{"taxonomy":"product_cat","embeddable":true,"href":"https:\/\/dev2.cantalupe.net\/sigloxxi\/wp-json\/wp\/v2\/product_cat?post=12842"},{"taxonomy":"product_tag","embeddable":true,"href":"https:\/\/dev2.cantalupe.net\/sigloxxi\/wp-json\/wp\/v2\/product_tag?post=12842"},{"taxonomy":"product_author","embeddable":true,"href":"https:\/\/dev2.cantalupe.net\/sigloxxi\/wp-json\/wp\/v2\/product_author?post=12842"},{"taxonomy":"product_collection","embeddable":true,"href":"https:\/\/dev2.cantalupe.net\/sigloxxi\/wp-json\/wp\/v2\/product_collection?post=12842"}],"curies":[{"name":"wp","href":"https:\/\/api.w.org\/{rel}","templated":true}]}}