{"id":12944,"date":"2025-11-04T14:48:39","date_gmt":"2025-11-04T14:48:39","guid":{"rendered":"https:\/\/dev2.cantalupe.net\/sigloxxi\/libro\/crick-watson-y-el-adn-2\/"},"modified":"2025-11-04T14:48:44","modified_gmt":"2025-11-04T14:48:44","slug":"crick-watson-y-el-adn-2","status":"publish","type":"product","link":"https:\/\/dev2.cantalupe.net\/sigloxxi\/libro\/crick-watson-y-el-adn-2\/","title":{"rendered":"Crick, Watson y el ADN"},"content":{"rendered":"<p>Con el descubrimiento del ADN el elemento b\u00e1sico de la vida Crick y Watson influyeron en el desarrollo de la humanidad no solo en el \u00e1mbito cient\u00edfico, con la clonaci\u00f3n y la investigaci\u00f3n m\u00e9dica, sino tambi\u00e9n en nuestra vida diaria con la manipulaci\u00f3n gen\u00e9tica de los alimentos o la medicina forense. El descubrimiento del ADN tambi\u00e9n ha provocado serios dilemas \u00e9ticos. \u00bfPero qu\u00e9 es realmente el ADN? Crick, Watson y el ADN resume brillantemente la vida y la obra de estos dos cient\u00edficos, dando una explicaci\u00f3n clara y accesible del significado y la importancia del descubrimiento del ADN y de sus implicaciones para nuestro futuro.<\/p>\n","protected":false},"excerpt":{"rendered":"<p>Con el descubrimiento del ADN el elemento b\u00e1sico de la vida Crick y Watson influyeron en el desarrollo de la humanidad no solo en el \u00e1mbito cient\u00edfico, con la clonaci\u00f3n y la investigaci\u00f3n m\u00e9dica, sino tambi\u00e9n en nuestra vida diaria con la manipulaci\u00f3n gen\u00e9tica de los alimentos o la medicina forense. El descubrimiento del ADN tambi\u00e9n ha provocado serios dilemas \u00e9ticos. \u00bfPero qu\u00e9 es realmente el ADN? Crick, Watson y el ADN resume brillantemente la vida y la obra de estos dos cient\u00edficos, dando una explicaci\u00f3n clara y accesible del significado y la importancia del descubrimiento del ADN y de sus implicaciones para nuestro futuro.<\/p>\n","protected":false},"featured_media":637,"comment_status":"closed","ping_status":"open","template":"","meta":{"_acf_changed":false},"materia_nivel_3":[],"subtema_nivel_2":[2603,2665],"tema_nivel_1":[2663],"product_brand":[],"product_cat":[15],"product_tag":[],"product_author":[2849],"product_collection":[],"class_list":{"0":"post-12944","1":"product","2":"type-product","3":"status-publish","4":"has-post-thumbnail","6":"subtema_nivel_2-biologia-medio-ambiente-y-geologia","7":"subtema_nivel_2-fisica-y-quimica","8":"tema_nivel_1-en-90-minutos","9":"product_cat-uncategorized","10":"product_author-strathern-paul","12":"first","13":"instock","14":"purchasable","15":"product-type-simple"},"acf":[],"_links":{"self":[{"href":"https:\/\/dev2.cantalupe.net\/sigloxxi\/wp-json\/wp\/v2\/product\/12944","targetHints":{"allow":["GET"]}}],"collection":[{"href":"https:\/\/dev2.cantalupe.net\/sigloxxi\/wp-json\/wp\/v2\/product"}],"about":[{"href":"https:\/\/dev2.cantalupe.net\/sigloxxi\/wp-json\/wp\/v2\/types\/product"}],"replies":[{"embeddable":true,"href":"https:\/\/dev2.cantalupe.net\/sigloxxi\/wp-json\/wp\/v2\/comments?post=12944"}],"version-history":[{"count":1,"href":"https:\/\/dev2.cantalupe.net\/sigloxxi\/wp-json\/wp\/v2\/product\/12944\/revisions"}],"predecessor-version":[{"id":12945,"href":"https:\/\/dev2.cantalupe.net\/sigloxxi\/wp-json\/wp\/v2\/product\/12944\/revisions\/12945"}],"wp:featuredmedia":[{"embeddable":true,"href":"https:\/\/dev2.cantalupe.net\/sigloxxi\/wp-json\/wp\/v2\/media\/637"}],"wp:attachment":[{"href":"https:\/\/dev2.cantalupe.net\/sigloxxi\/wp-json\/wp\/v2\/media?parent=12944"}],"wp:term":[{"taxonomy":"materia_nivel_3","embeddable":true,"href":"https:\/\/dev2.cantalupe.net\/sigloxxi\/wp-json\/wp\/v2\/materia_nivel_3?post=12944"},{"taxonomy":"subtema_nivel_2","embeddable":true,"href":"https:\/\/dev2.cantalupe.net\/sigloxxi\/wp-json\/wp\/v2\/subtema_nivel_2?post=12944"},{"taxonomy":"tema_nivel_1","embeddable":true,"href":"https:\/\/dev2.cantalupe.net\/sigloxxi\/wp-json\/wp\/v2\/tema_nivel_1?post=12944"},{"taxonomy":"product_brand","embeddable":true,"href":"https:\/\/dev2.cantalupe.net\/sigloxxi\/wp-json\/wp\/v2\/product_brand?post=12944"},{"taxonomy":"product_cat","embeddable":true,"href":"https:\/\/dev2.cantalupe.net\/sigloxxi\/wp-json\/wp\/v2\/product_cat?post=12944"},{"taxonomy":"product_tag","embeddable":true,"href":"https:\/\/dev2.cantalupe.net\/sigloxxi\/wp-json\/wp\/v2\/product_tag?post=12944"},{"taxonomy":"product_author","embeddable":true,"href":"https:\/\/dev2.cantalupe.net\/sigloxxi\/wp-json\/wp\/v2\/product_author?post=12944"},{"taxonomy":"product_collection","embeddable":true,"href":"https:\/\/dev2.cantalupe.net\/sigloxxi\/wp-json\/wp\/v2\/product_collection?post=12944"}],"curies":[{"name":"wp","href":"https:\/\/api.w.org\/{rel}","templated":true}]}}