{"id":13002,"date":"2025-11-04T14:49:07","date_gmt":"2025-11-04T14:49:07","guid":{"rendered":"https:\/\/dev2.cantalupe.net\/sigloxxi\/libro\/darwin-y-la-evolucion-2\/"},"modified":"2025-11-04T14:49:07","modified_gmt":"2025-11-04T14:49:07","slug":"darwin-y-la-evolucion-2","status":"publish","type":"product","link":"https:\/\/dev2.cantalupe.net\/sigloxxi\/libro\/darwin-y-la-evolucion-2\/","title":{"rendered":"Darwin y la evoluci\u00f3n"},"content":{"rendered":"<p>La formulaci\u00f3n de Charles Darwin de la teor\u00eda de la evoluci\u00f3n, y su tan asumida idea fundamental de la \u00absupervivencia de los m\u00e1s aptos\u00bb es, hoy en d\u00eda, si no algo perfectamente demostrado, s\u00ed algo generalmente aceptado como l\u00f3gico y evidente. En su tiempo, sin embargo, su revolucionaria obra El origen de las especies y la noci\u00f3n de que la humanidad es solo un paso m\u00e1s en un proceso de supervivencia y selecci\u00f3n en desarrollo fueron escandalosas.<br \/>\nDarwin y la evoluci\u00f3n constituye un brillante repaso a la vida y obra de Darwin y ofrece una explicaci\u00f3n clara y accesible del significado y la importancia de la teor\u00eda de la evoluci\u00f3n y de lo que implica para el mundo en que vivimos.<br \/>\n\u00a0<\/p>\n","protected":false},"excerpt":{"rendered":"<p>La formulaci\u00f3n de Charles Darwin de la teor\u00eda de la evoluci\u00f3n, y su tan asumida idea fundamental de la \u00absupervivencia de los m\u00e1s aptos\u00bb es, hoy en d\u00eda, si no algo perfectamente demostrado, s\u00ed algo generalmente aceptado como l\u00f3gico y evidente. En su tiempo, sin embargo, su revolucionaria obra El origen de las especies y la noci\u00f3n de que la humanidad es solo un paso m\u00e1s en un proceso de supervivencia y selecci\u00f3n en desarrollo fueron escandalosas.<br \/>\nDarwin y la evoluci\u00f3n constituye un brillante repaso a la vida y obra de Darwin y ofrece una explicaci\u00f3n clara y accesible del significado y la importancia de la teor\u00eda de la evoluci\u00f3n y de lo que implica para el mundo en que vivimos.<br \/>\n\u00a0<\/p>\n","protected":false},"featured_media":687,"comment_status":"closed","ping_status":"open","template":"","meta":{"_acf_changed":false},"materia_nivel_3":[],"subtema_nivel_2":[2603,2561],"tema_nivel_1":[2663],"product_brand":[],"product_cat":[15],"product_tag":[],"product_author":[2849],"product_collection":[],"class_list":{"0":"post-13002","1":"product","2":"type-product","3":"status-publish","4":"has-post-thumbnail","6":"subtema_nivel_2-biologia-medio-ambiente-y-geologia","7":"subtema_nivel_2-historia","8":"tema_nivel_1-en-90-minutos","9":"product_cat-uncategorized","10":"product_author-strathern-paul","12":"first","13":"instock","14":"purchasable","15":"product-type-simple"},"acf":[],"_links":{"self":[{"href":"https:\/\/dev2.cantalupe.net\/sigloxxi\/wp-json\/wp\/v2\/product\/13002","targetHints":{"allow":["GET"]}}],"collection":[{"href":"https:\/\/dev2.cantalupe.net\/sigloxxi\/wp-json\/wp\/v2\/product"}],"about":[{"href":"https:\/\/dev2.cantalupe.net\/sigloxxi\/wp-json\/wp\/v2\/types\/product"}],"replies":[{"embeddable":true,"href":"https:\/\/dev2.cantalupe.net\/sigloxxi\/wp-json\/wp\/v2\/comments?post=13002"}],"version-history":[{"count":1,"href":"https:\/\/dev2.cantalupe.net\/sigloxxi\/wp-json\/wp\/v2\/product\/13002\/revisions"}],"predecessor-version":[{"id":13003,"href":"https:\/\/dev2.cantalupe.net\/sigloxxi\/wp-json\/wp\/v2\/product\/13002\/revisions\/13003"}],"wp:featuredmedia":[{"embeddable":true,"href":"https:\/\/dev2.cantalupe.net\/sigloxxi\/wp-json\/wp\/v2\/media\/687"}],"wp:attachment":[{"href":"https:\/\/dev2.cantalupe.net\/sigloxxi\/wp-json\/wp\/v2\/media?parent=13002"}],"wp:term":[{"taxonomy":"materia_nivel_3","embeddable":true,"href":"https:\/\/dev2.cantalupe.net\/sigloxxi\/wp-json\/wp\/v2\/materia_nivel_3?post=13002"},{"taxonomy":"subtema_nivel_2","embeddable":true,"href":"https:\/\/dev2.cantalupe.net\/sigloxxi\/wp-json\/wp\/v2\/subtema_nivel_2?post=13002"},{"taxonomy":"tema_nivel_1","embeddable":true,"href":"https:\/\/dev2.cantalupe.net\/sigloxxi\/wp-json\/wp\/v2\/tema_nivel_1?post=13002"},{"taxonomy":"product_brand","embeddable":true,"href":"https:\/\/dev2.cantalupe.net\/sigloxxi\/wp-json\/wp\/v2\/product_brand?post=13002"},{"taxonomy":"product_cat","embeddable":true,"href":"https:\/\/dev2.cantalupe.net\/sigloxxi\/wp-json\/wp\/v2\/product_cat?post=13002"},{"taxonomy":"product_tag","embeddable":true,"href":"https:\/\/dev2.cantalupe.net\/sigloxxi\/wp-json\/wp\/v2\/product_tag?post=13002"},{"taxonomy":"product_author","embeddable":true,"href":"https:\/\/dev2.cantalupe.net\/sigloxxi\/wp-json\/wp\/v2\/product_author?post=13002"},{"taxonomy":"product_collection","embeddable":true,"href":"https:\/\/dev2.cantalupe.net\/sigloxxi\/wp-json\/wp\/v2\/product_collection?post=13002"}],"curies":[{"name":"wp","href":"https:\/\/api.w.org\/{rel}","templated":true}]}}