{"id":13048,"date":"2025-11-04T14:49:17","date_gmt":"2025-11-04T14:49:17","guid":{"rendered":"https:\/\/dev2.cantalupe.net\/sigloxxi\/libro\/de-palabra-y-obra-en-el-nuevo-mundo-3\/"},"modified":"2025-11-04T14:49:17","modified_gmt":"2025-11-04T14:49:17","slug":"de-palabra-y-obra-en-el-nuevo-mundo-3","status":"publish","type":"product","link":"https:\/\/dev2.cantalupe.net\/sigloxxi\/libro\/de-palabra-y-obra-en-el-nuevo-mundo-3\/","title":{"rendered":"De palabra y obra en el nuevo mundo 3"},"content":{"rendered":"<p>La alusiva expresi\u00f3n De Palabra y Obra en el Nuevo Mundo que da t\u00edtulo a esta serie de publicaciones fue escogida por Manuel Guti\u00e9rrez Est\u00e9vez, Miguel Le\u00f3n-Portilla, Gary H. Gossen y J. Jorge Klor de Alva para denominar a un extenso y articulado programa de investigaciones en antropolog\u00eda e historia de Am\u00e9rica que ha implicado, desde el a\u00f1o 1987, a numerosos y prestigiados especialistas de una veintena de pa\u00edses. Con este t\u00edtulo se han celebrado varios seminarios y simposios en Espa\u00f1a (en Trujillo, Extremadura) y en Estados Unidos, y se ha proyectado la constituci\u00f3n de una l\u00ednea permanente de reflexi\u00f3n y an\u00e1lisis sobre las implicaciones culturales del proceso de aquel encuentro entre pueblos que se inici\u00f3 el 12 de octubre de 1492 en la isla de Guanahan\u00ed y que culmina en la globalizaci\u00f3n de la humanidad. De Palabra y Obra en el Nuevo Mundo marca un hito en el estudio de las relaciones inter\u00e9tnicas. Sus frutos plurales, coloreados por los puntos de vista e ideolog\u00edas de los autores, se presentan en las incitantes y rigurosas p\u00e1ginas agrupadas en los cinco vol\u00famenes que, hasta ahora, integran la obra. El volumen 3, La formaci\u00f3n del otro, est\u00e1 dedicado a una doble indagaci\u00f3n: en primer lugar, la que se refiere a la influencia de algunos caracteres sociales y culturales sobre las formas de representaci\u00f3n de los grupos \u00e9tnicamente diferentes en Am\u00e9rica y, en segundo, la relativa a determinados rasgos o propiedades de la alteridad misma. C\u00f3mo la acci\u00f3n social de tutela afecta a la construcci\u00f3n de las respectivas im\u00e1genes \u00e9tnicas de pueblo tutor y pueblo tutelado, c\u00f3mo la concepci\u00f3n del tiempo modela la estimaci\u00f3n moral de los otros, c\u00f3mo desde un sistema simb\u00f3lico se establece la relaci\u00f3n con aquellos que se adhieren a sistemas simb\u00f3licos diversos, son las cuestiones b\u00e1sicas que se plantean en la primera parte de este libro. Cu\u00e1l es la l\u00f3gica con que se construye la alteridad y cu\u00e1les los significados de la pluralidad de representaciones de la alteridad, son preguntas que articulan la segunda parte. Con estudios sobre materiales etnogr\u00e1ficos procedentes de Mesoam\u00e9rica, de los Andes, del Amazonas, del Caribe y de los Estados Unidos se proponen hip\u00f3tesis y v\u00edas para avanzar en la comprensi\u00f3n de los procesos de &#8220;formaci\u00f3n del otro&#8221; en las Am\u00e9ricas.<\/p>\n","protected":false},"excerpt":{"rendered":"<p>La alusiva expresi\u00f3n De Palabra y Obra en el Nuevo Mundo que da t\u00edtulo a esta serie de publicaciones fue escogida por Manuel Guti\u00e9rrez Est\u00e9vez, Miguel Le\u00f3n-Portilla, Gary H. Gossen y J. Jorge Klor de Alva para denominar a un extenso y articulado programa de investigaciones en antropolog\u00eda e historia de Am\u00e9rica que ha implicado, desde el a\u00f1o 1987, a numerosos y prestigiados especialistas de una veintena de pa\u00edses. Con este t\u00edtulo se han celebrado varios seminarios y simposios en Espa\u00f1a (en Trujillo, Extremadura) y en Estados Unidos, y se ha proyectado la constituci\u00f3n de una l\u00ednea permanente de reflexi\u00f3n y an\u00e1lisis sobre las implicaciones culturales del proceso de aquel encuentro entre pueblos que se inici\u00f3 el 12 de octubre de 1492 en la isla de Guanahan\u00ed y que culmina en la globalizaci\u00f3n de la humanidad. De Palabra y Obra en el Nuevo Mundo marca un hito en el estudio de las relaciones inter\u00e9tnicas. Sus frutos plurales, coloreados por los puntos de vista e ideolog\u00edas de los autores, se presentan en las incitantes y rigurosas p\u00e1ginas agrupadas en los cinco vol\u00famenes que, hasta ahora, integran la obra. El volumen 3, La formaci\u00f3n del otro, est\u00e1 dedicado a una doble indagaci\u00f3n: en primer lugar, la que se refiere a la influencia de algunos caracteres sociales y culturales sobre las formas de representaci\u00f3n de los grupos \u00e9tnicamente diferentes en Am\u00e9rica y, en segundo, la relativa a determinados rasgos o propiedades de la alteridad misma. C\u00f3mo la acci\u00f3n social de tutela afecta a la construcci\u00f3n de las respectivas im\u00e1genes \u00e9tnicas de pueblo tutor y pueblo tutelado, c\u00f3mo la concepci\u00f3n del tiempo modela la estimaci\u00f3n moral de los otros, c\u00f3mo desde un sistema simb\u00f3lico se establece la relaci\u00f3n con aquellos que se adhieren a sistemas simb\u00f3licos diversos, son las cuestiones b\u00e1sicas que se plantean en la primera parte de este libro. Cu\u00e1l es la l\u00f3gica con que se construye la alteridad y cu\u00e1les los significados de la pluralidad de representaciones de la alteridad, son preguntas que articulan la segunda parte. Con estudios sobre materiales etnogr\u00e1ficos procedentes de Mesoam\u00e9rica, de los Andes, del Amazonas, del Caribe y de los Estados Unidos se proponen hip\u00f3tesis y v\u00edas para avanzar en la comprensi\u00f3n de los procesos de &#8220;formaci\u00f3n del otro&#8221; en las Am\u00e9ricas.<\/p>\n","protected":false},"featured_media":730,"comment_status":"closed","ping_status":"open","template":"","meta":{"_acf_changed":false},"materia_nivel_3":[],"subtema_nivel_2":[2569],"tema_nivel_1":[2570],"product_brand":[],"product_cat":[15],"product_tag":[],"product_author":[],"product_collection":[],"class_list":{"0":"post-13048","1":"product","2":"type-product","3":"status-publish","4":"has-post-thumbnail","6":"subtema_nivel_2-antropologia","7":"tema_nivel_1-ciencias-sociales","8":"product_cat-uncategorized","10":"first","11":"instock","12":"purchasable","13":"product-type-simple"},"acf":[],"_links":{"self":[{"href":"https:\/\/dev2.cantalupe.net\/sigloxxi\/wp-json\/wp\/v2\/product\/13048","targetHints":{"allow":["GET"]}}],"collection":[{"href":"https:\/\/dev2.cantalupe.net\/sigloxxi\/wp-json\/wp\/v2\/product"}],"about":[{"href":"https:\/\/dev2.cantalupe.net\/sigloxxi\/wp-json\/wp\/v2\/types\/product"}],"replies":[{"embeddable":true,"href":"https:\/\/dev2.cantalupe.net\/sigloxxi\/wp-json\/wp\/v2\/comments?post=13048"}],"version-history":[{"count":1,"href":"https:\/\/dev2.cantalupe.net\/sigloxxi\/wp-json\/wp\/v2\/product\/13048\/revisions"}],"predecessor-version":[{"id":13049,"href":"https:\/\/dev2.cantalupe.net\/sigloxxi\/wp-json\/wp\/v2\/product\/13048\/revisions\/13049"}],"wp:featuredmedia":[{"embeddable":true,"href":"https:\/\/dev2.cantalupe.net\/sigloxxi\/wp-json\/wp\/v2\/media\/730"}],"wp:attachment":[{"href":"https:\/\/dev2.cantalupe.net\/sigloxxi\/wp-json\/wp\/v2\/media?parent=13048"}],"wp:term":[{"taxonomy":"materia_nivel_3","embeddable":true,"href":"https:\/\/dev2.cantalupe.net\/sigloxxi\/wp-json\/wp\/v2\/materia_nivel_3?post=13048"},{"taxonomy":"subtema_nivel_2","embeddable":true,"href":"https:\/\/dev2.cantalupe.net\/sigloxxi\/wp-json\/wp\/v2\/subtema_nivel_2?post=13048"},{"taxonomy":"tema_nivel_1","embeddable":true,"href":"https:\/\/dev2.cantalupe.net\/sigloxxi\/wp-json\/wp\/v2\/tema_nivel_1?post=13048"},{"taxonomy":"product_brand","embeddable":true,"href":"https:\/\/dev2.cantalupe.net\/sigloxxi\/wp-json\/wp\/v2\/product_brand?post=13048"},{"taxonomy":"product_cat","embeddable":true,"href":"https:\/\/dev2.cantalupe.net\/sigloxxi\/wp-json\/wp\/v2\/product_cat?post=13048"},{"taxonomy":"product_tag","embeddable":true,"href":"https:\/\/dev2.cantalupe.net\/sigloxxi\/wp-json\/wp\/v2\/product_tag?post=13048"},{"taxonomy":"product_author","embeddable":true,"href":"https:\/\/dev2.cantalupe.net\/sigloxxi\/wp-json\/wp\/v2\/product_author?post=13048"},{"taxonomy":"product_collection","embeddable":true,"href":"https:\/\/dev2.cantalupe.net\/sigloxxi\/wp-json\/wp\/v2\/product_collection?post=13048"}],"curies":[{"name":"wp","href":"https:\/\/api.w.org\/{rel}","templated":true}]}}