{"id":13064,"date":"2025-11-04T14:49:17","date_gmt":"2025-11-04T14:49:17","guid":{"rendered":"https:\/\/dev2.cantalupe.net\/sigloxxi\/libro\/desarrollo-y-conocimiento\/"},"modified":"2025-11-04T14:49:29","modified_gmt":"2025-11-04T14:49:29","slug":"desarrollo-y-conocimiento","status":"publish","type":"product","link":"https:\/\/dev2.cantalupe.net\/sigloxxi\/libro\/desarrollo-y-conocimiento\/","title":{"rendered":"Desarrollo y conocimiento"},"content":{"rendered":"<p>Cubierta posterior: Uno de los enigmas b\u00e1sicos que han llamado siempre la atenci\u00f3n del ser humano es c\u00f3mo se produce la transformaci\u00f3n de la inteligencia desde el nacimiento hasta la edad adulta, c\u00f3mo es posible explicar los enormes cambios intelectuales que median entre el ni\u00f1o y el adulto. Este interrogante ha llevado a los investigadores a tratar de desentra\u00f1ar cu\u00e1les son los factores que determinan estos cambios y qu\u00e9 papel juegan la base biol\u00f3gica, los conocimientos y la educaci\u00f3n, pregunt\u00e1ndose c\u00f3mo se construyen y organizan los conocimientos y la propia inteligencia durante el desarrollo del individuo. El intento de responder a estas inc\u00f3gnitas est\u00e1 en el origen de la psicolog\u00eda como ciencia y ha sido tarea principal de autores tan relevantes como Piaget y Vygotsky. La aparici\u00f3n de la moderna psicolog\u00eda cognitiva ha supuesto una revitalizaci\u00f3n de los estudios sobre el desarrollo intelectual, proporcionando nuevas herramientas te\u00f3ricas y metodol\u00f3gicas, lo que ha permitido notables avances en nuestro conocimiento sobre c\u00f3mo se producen los cambios de la inteligencia con la edad. Desarrollo y conocimiento presenta en forma clara y comprensible los or\u00edgenes, estado actual y perspectivas en el estudio y esclarecimiento del citado enigma, aportando una visi\u00f3n en la que se integran en forma cr\u00edtica contribuciones te\u00f3ricas diferentes.<\/p>\n","protected":false},"excerpt":{"rendered":"<p>Cubierta posterior: Uno de los enigmas b\u00e1sicos que han llamado siempre la atenci\u00f3n del ser humano es c\u00f3mo se produce la transformaci\u00f3n de la inteligencia desde el nacimiento hasta la edad adulta, c\u00f3mo es posible explicar los enormes cambios intelectuales que median entre el ni\u00f1o y el adulto. Este interrogante ha llevado a los investigadores a tratar de desentra\u00f1ar cu\u00e1les son los factores que determinan estos cambios y qu\u00e9 papel juegan la base biol\u00f3gica, los conocimientos y la educaci\u00f3n, pregunt\u00e1ndose c\u00f3mo se construyen y organizan los conocimientos y la propia inteligencia durante el desarrollo del individuo. El intento de responder a estas inc\u00f3gnitas est\u00e1 en el origen de la psicolog\u00eda como ciencia y ha sido tarea principal de autores tan relevantes como Piaget y Vygotsky. La aparici\u00f3n de la moderna psicolog\u00eda cognitiva ha supuesto una revitalizaci\u00f3n de los estudios sobre el desarrollo intelectual, proporcionando nuevas herramientas te\u00f3ricas y metodol\u00f3gicas, lo que ha permitido notables avances en nuestro conocimiento sobre c\u00f3mo se producen los cambios de la inteligencia con la edad. Desarrollo y conocimiento presenta en forma clara y comprensible los or\u00edgenes, estado actual y perspectivas en el estudio y esclarecimiento del citado enigma, aportando una visi\u00f3n en la que se integran en forma cr\u00edtica contribuciones te\u00f3ricas diferentes.<\/p>\n","protected":false},"featured_media":742,"comment_status":"closed","ping_status":"open","template":"","meta":{"_acf_changed":false},"materia_nivel_3":[],"subtema_nivel_2":[2578],"tema_nivel_1":[2579],"product_brand":[],"product_cat":[15],"product_tag":[],"product_author":[2924],"product_collection":[],"class_list":{"0":"post-13064","1":"product","2":"type-product","3":"status-publish","4":"has-post-thumbnail","6":"subtema_nivel_2-psicologia","7":"tema_nivel_1-psicologia","8":"product_cat-uncategorized","9":"product_author-garcia-madruga-juan-antonio","11":"first","12":"instock","13":"purchasable","14":"product-type-simple"},"acf":[],"_links":{"self":[{"href":"https:\/\/dev2.cantalupe.net\/sigloxxi\/wp-json\/wp\/v2\/product\/13064","targetHints":{"allow":["GET"]}}],"collection":[{"href":"https:\/\/dev2.cantalupe.net\/sigloxxi\/wp-json\/wp\/v2\/product"}],"about":[{"href":"https:\/\/dev2.cantalupe.net\/sigloxxi\/wp-json\/wp\/v2\/types\/product"}],"replies":[{"embeddable":true,"href":"https:\/\/dev2.cantalupe.net\/sigloxxi\/wp-json\/wp\/v2\/comments?post=13064"}],"version-history":[{"count":1,"href":"https:\/\/dev2.cantalupe.net\/sigloxxi\/wp-json\/wp\/v2\/product\/13064\/revisions"}],"predecessor-version":[{"id":13065,"href":"https:\/\/dev2.cantalupe.net\/sigloxxi\/wp-json\/wp\/v2\/product\/13064\/revisions\/13065"}],"wp:featuredmedia":[{"embeddable":true,"href":"https:\/\/dev2.cantalupe.net\/sigloxxi\/wp-json\/wp\/v2\/media\/742"}],"wp:attachment":[{"href":"https:\/\/dev2.cantalupe.net\/sigloxxi\/wp-json\/wp\/v2\/media?parent=13064"}],"wp:term":[{"taxonomy":"materia_nivel_3","embeddable":true,"href":"https:\/\/dev2.cantalupe.net\/sigloxxi\/wp-json\/wp\/v2\/materia_nivel_3?post=13064"},{"taxonomy":"subtema_nivel_2","embeddable":true,"href":"https:\/\/dev2.cantalupe.net\/sigloxxi\/wp-json\/wp\/v2\/subtema_nivel_2?post=13064"},{"taxonomy":"tema_nivel_1","embeddable":true,"href":"https:\/\/dev2.cantalupe.net\/sigloxxi\/wp-json\/wp\/v2\/tema_nivel_1?post=13064"},{"taxonomy":"product_brand","embeddable":true,"href":"https:\/\/dev2.cantalupe.net\/sigloxxi\/wp-json\/wp\/v2\/product_brand?post=13064"},{"taxonomy":"product_cat","embeddable":true,"href":"https:\/\/dev2.cantalupe.net\/sigloxxi\/wp-json\/wp\/v2\/product_cat?post=13064"},{"taxonomy":"product_tag","embeddable":true,"href":"https:\/\/dev2.cantalupe.net\/sigloxxi\/wp-json\/wp\/v2\/product_tag?post=13064"},{"taxonomy":"product_author","embeddable":true,"href":"https:\/\/dev2.cantalupe.net\/sigloxxi\/wp-json\/wp\/v2\/product_author?post=13064"},{"taxonomy":"product_collection","embeddable":true,"href":"https:\/\/dev2.cantalupe.net\/sigloxxi\/wp-json\/wp\/v2\/product_collection?post=13064"}],"curies":[{"name":"wp","href":"https:\/\/api.w.org\/{rel}","templated":true}]}}