{"id":13082,"date":"2025-11-04T14:49:31","date_gmt":"2025-11-04T14:49:31","guid":{"rendered":"https:\/\/dev2.cantalupe.net\/sigloxxi\/libro\/d-h-lawrence-en-90-minutos-2\/"},"modified":"2025-11-04T14:49:31","modified_gmt":"2025-11-04T14:49:31","slug":"d-h-lawrence-en-90-minutos-2","status":"publish","type":"product","link":"https:\/\/dev2.cantalupe.net\/sigloxxi\/libro\/d-h-lawrence-en-90-minutos-2\/","title":{"rendered":"D. H. Lawrence en 90 minutos"},"content":{"rendered":"<p>La civilizaci\u00f3n occidental se ha impuesto de forma tan abrumadora que a veces necesitamos que nos recuerden a qu\u00e9 reemplaz\u00f3. La voz de Lawrence nos habla de nuestros or\u00edgenes, de una libertad instintiva y gozosa que quiz\u00e1 posey\u00e9ramos alguna vez. Sus obras, de las mejores escritas en lengua inglesa, evocan una vida que hemos perdido. En ellas vislumbramos algo vivo, actualmente herido, que no obstante reconocemos en nosotros mismos.<br \/>\nEn D. H.\u00a0Lawrence en 90 minutos, Paul Strathern nos ofrece el relato conciso de un experto sobre la vida e ideas de Lawrence y explica su influencia sobre la literatura y la lucha de los hombres por entender su lugar en el mundo. El libro tambi\u00e9n incluye una selecci\u00f3n de textos de las obras de Lawrence, una cronolog\u00eda de la vida y \u00e9poca del autor y una selecci\u00f3n de lecturas recomendadas para quienes deseen seguir leyendo.<\/p>\n","protected":false},"excerpt":{"rendered":"<p>La civilizaci\u00f3n occidental se ha impuesto de forma tan abrumadora que a veces necesitamos que nos recuerden a qu\u00e9 reemplaz\u00f3. La voz de Lawrence nos habla de nuestros or\u00edgenes, de una libertad instintiva y gozosa que quiz\u00e1 posey\u00e9ramos alguna vez. Sus obras, de las mejores escritas en lengua inglesa, evocan una vida que hemos perdido. En ellas vislumbramos algo vivo, actualmente herido, que no obstante reconocemos en nosotros mismos.<br \/>\nEn D. H.\u00a0Lawrence en 90 minutos, Paul Strathern nos ofrece el relato conciso de un experto sobre la vida e ideas de Lawrence y explica su influencia sobre la literatura y la lucha de los hombres por entender su lugar en el mundo. El libro tambi\u00e9n incluye una selecci\u00f3n de textos de las obras de Lawrence, una cronolog\u00eda de la vida y \u00e9poca del autor y una selecci\u00f3n de lecturas recomendadas para quienes deseen seguir leyendo.<\/p>\n","protected":false},"featured_media":756,"comment_status":"closed","ping_status":"open","template":"","meta":{"_acf_changed":false},"materia_nivel_3":[2685],"subtema_nivel_2":[2562],"tema_nivel_1":[2663],"product_brand":[],"product_cat":[15],"product_tag":[],"product_author":[2849],"product_collection":[],"class_list":{"0":"post-13082","1":"product","2":"type-product","3":"status-publish","4":"has-post-thumbnail","6":"materia_nivel_3-historia-de-la-literatura","7":"subtema_nivel_2-lengua-y-literatura","8":"tema_nivel_1-en-90-minutos","9":"product_cat-uncategorized","10":"product_author-strathern-paul","12":"first","13":"instock","14":"purchasable","15":"product-type-simple"},"acf":[],"_links":{"self":[{"href":"https:\/\/dev2.cantalupe.net\/sigloxxi\/wp-json\/wp\/v2\/product\/13082","targetHints":{"allow":["GET"]}}],"collection":[{"href":"https:\/\/dev2.cantalupe.net\/sigloxxi\/wp-json\/wp\/v2\/product"}],"about":[{"href":"https:\/\/dev2.cantalupe.net\/sigloxxi\/wp-json\/wp\/v2\/types\/product"}],"replies":[{"embeddable":true,"href":"https:\/\/dev2.cantalupe.net\/sigloxxi\/wp-json\/wp\/v2\/comments?post=13082"}],"version-history":[{"count":1,"href":"https:\/\/dev2.cantalupe.net\/sigloxxi\/wp-json\/wp\/v2\/product\/13082\/revisions"}],"predecessor-version":[{"id":13083,"href":"https:\/\/dev2.cantalupe.net\/sigloxxi\/wp-json\/wp\/v2\/product\/13082\/revisions\/13083"}],"wp:featuredmedia":[{"embeddable":true,"href":"https:\/\/dev2.cantalupe.net\/sigloxxi\/wp-json\/wp\/v2\/media\/756"}],"wp:attachment":[{"href":"https:\/\/dev2.cantalupe.net\/sigloxxi\/wp-json\/wp\/v2\/media?parent=13082"}],"wp:term":[{"taxonomy":"materia_nivel_3","embeddable":true,"href":"https:\/\/dev2.cantalupe.net\/sigloxxi\/wp-json\/wp\/v2\/materia_nivel_3?post=13082"},{"taxonomy":"subtema_nivel_2","embeddable":true,"href":"https:\/\/dev2.cantalupe.net\/sigloxxi\/wp-json\/wp\/v2\/subtema_nivel_2?post=13082"},{"taxonomy":"tema_nivel_1","embeddable":true,"href":"https:\/\/dev2.cantalupe.net\/sigloxxi\/wp-json\/wp\/v2\/tema_nivel_1?post=13082"},{"taxonomy":"product_brand","embeddable":true,"href":"https:\/\/dev2.cantalupe.net\/sigloxxi\/wp-json\/wp\/v2\/product_brand?post=13082"},{"taxonomy":"product_cat","embeddable":true,"href":"https:\/\/dev2.cantalupe.net\/sigloxxi\/wp-json\/wp\/v2\/product_cat?post=13082"},{"taxonomy":"product_tag","embeddable":true,"href":"https:\/\/dev2.cantalupe.net\/sigloxxi\/wp-json\/wp\/v2\/product_tag?post=13082"},{"taxonomy":"product_author","embeddable":true,"href":"https:\/\/dev2.cantalupe.net\/sigloxxi\/wp-json\/wp\/v2\/product_author?post=13082"},{"taxonomy":"product_collection","embeddable":true,"href":"https:\/\/dev2.cantalupe.net\/sigloxxi\/wp-json\/wp\/v2\/product_collection?post=13082"}],"curies":[{"name":"wp","href":"https:\/\/api.w.org\/{rel}","templated":true}]}}