{"id":13168,"date":"2025-11-04T14:49:59","date_gmt":"2025-11-04T14:49:59","guid":{"rendered":"https:\/\/dev2.cantalupe.net\/sigloxxi\/libro\/einstein-y-la-relatividad\/"},"modified":"2025-11-04T14:50:00","modified_gmt":"2025-11-04T14:50:00","slug":"einstein-y-la-relatividad","status":"publish","type":"product","link":"https:\/\/dev2.cantalupe.net\/sigloxxi\/libro\/einstein-y-la-relatividad\/","title":{"rendered":"Einstein y la relatividad"},"content":{"rendered":"<p>A partir del momento en que Einstein public\u00f3, en 1905 y 1917, sus revolucionarios trabajos sobre su teor\u00eda de la relatividad, la visi\u00f3n que el ser humano ten\u00eda del mundo y del universo cambi\u00f3 para siempre.\u00a0<br \/>\nEinstein y la relatividad presenta una instant\u00e1nea brillante de la vida y la obra de Einstein dentro de su contexto hist\u00f3rico y cient\u00edfico, y explica, de un modo claro y accesible, el significado y la importancia de su teor\u00eda de la relatividad, adem\u00e1s de la manera en que esta ha cambiado y determinado el progreso de la ciencia en el siglo XX.<\/p>\n","protected":false},"excerpt":{"rendered":"<p>A partir del momento en que Einstein public\u00f3, en 1905 y 1917, sus revolucionarios trabajos sobre su teor\u00eda de la relatividad, la visi\u00f3n que el ser humano ten\u00eda del mundo y del universo cambi\u00f3 para siempre.\u00a0<br \/>\nEinstein y la relatividad presenta una instant\u00e1nea brillante de la vida y la obra de Einstein dentro de su contexto hist\u00f3rico y cient\u00edfico, y explica, de un modo claro y accesible, el significado y la importancia de su teor\u00eda de la relatividad, adem\u00e1s de la manera en que esta ha cambiado y determinado el progreso de la ciencia en el siglo XX.<\/p>\n","protected":false},"featured_media":834,"comment_status":"closed","ping_status":"open","template":"","meta":{"_acf_changed":false},"materia_nivel_3":[],"subtema_nivel_2":[2665],"tema_nivel_1":[2663],"product_brand":[],"product_cat":[15],"product_tag":[],"product_author":[2849],"product_collection":[],"class_list":{"0":"post-13168","1":"product","2":"type-product","3":"status-publish","4":"has-post-thumbnail","6":"subtema_nivel_2-fisica-y-quimica","7":"tema_nivel_1-en-90-minutos","8":"product_cat-uncategorized","9":"product_author-strathern-paul","11":"first","12":"instock","13":"purchasable","14":"product-type-simple"},"acf":[],"_links":{"self":[{"href":"https:\/\/dev2.cantalupe.net\/sigloxxi\/wp-json\/wp\/v2\/product\/13168","targetHints":{"allow":["GET"]}}],"collection":[{"href":"https:\/\/dev2.cantalupe.net\/sigloxxi\/wp-json\/wp\/v2\/product"}],"about":[{"href":"https:\/\/dev2.cantalupe.net\/sigloxxi\/wp-json\/wp\/v2\/types\/product"}],"replies":[{"embeddable":true,"href":"https:\/\/dev2.cantalupe.net\/sigloxxi\/wp-json\/wp\/v2\/comments?post=13168"}],"version-history":[{"count":1,"href":"https:\/\/dev2.cantalupe.net\/sigloxxi\/wp-json\/wp\/v2\/product\/13168\/revisions"}],"predecessor-version":[{"id":13169,"href":"https:\/\/dev2.cantalupe.net\/sigloxxi\/wp-json\/wp\/v2\/product\/13168\/revisions\/13169"}],"wp:featuredmedia":[{"embeddable":true,"href":"https:\/\/dev2.cantalupe.net\/sigloxxi\/wp-json\/wp\/v2\/media\/834"}],"wp:attachment":[{"href":"https:\/\/dev2.cantalupe.net\/sigloxxi\/wp-json\/wp\/v2\/media?parent=13168"}],"wp:term":[{"taxonomy":"materia_nivel_3","embeddable":true,"href":"https:\/\/dev2.cantalupe.net\/sigloxxi\/wp-json\/wp\/v2\/materia_nivel_3?post=13168"},{"taxonomy":"subtema_nivel_2","embeddable":true,"href":"https:\/\/dev2.cantalupe.net\/sigloxxi\/wp-json\/wp\/v2\/subtema_nivel_2?post=13168"},{"taxonomy":"tema_nivel_1","embeddable":true,"href":"https:\/\/dev2.cantalupe.net\/sigloxxi\/wp-json\/wp\/v2\/tema_nivel_1?post=13168"},{"taxonomy":"product_brand","embeddable":true,"href":"https:\/\/dev2.cantalupe.net\/sigloxxi\/wp-json\/wp\/v2\/product_brand?post=13168"},{"taxonomy":"product_cat","embeddable":true,"href":"https:\/\/dev2.cantalupe.net\/sigloxxi\/wp-json\/wp\/v2\/product_cat?post=13168"},{"taxonomy":"product_tag","embeddable":true,"href":"https:\/\/dev2.cantalupe.net\/sigloxxi\/wp-json\/wp\/v2\/product_tag?post=13168"},{"taxonomy":"product_author","embeddable":true,"href":"https:\/\/dev2.cantalupe.net\/sigloxxi\/wp-json\/wp\/v2\/product_author?post=13168"},{"taxonomy":"product_collection","embeddable":true,"href":"https:\/\/dev2.cantalupe.net\/sigloxxi\/wp-json\/wp\/v2\/product_collection?post=13168"}],"curies":[{"name":"wp","href":"https:\/\/api.w.org\/{rel}","templated":true}]}}