{"id":13174,"date":"2025-11-04T14:49:59","date_gmt":"2025-11-04T14:49:59","guid":{"rendered":"https:\/\/dev2.cantalupe.net\/sigloxxi\/libro\/el-accidente-de-trabajo-entre-lo-negativo-y-lo-irreformable\/"},"modified":"2025-11-04T14:50:00","modified_gmt":"2025-11-04T14:50:00","slug":"el-accidente-de-trabajo-entre-lo-negativo-y-lo-irreformable","status":"publish","type":"product","link":"https:\/\/dev2.cantalupe.net\/sigloxxi\/libro\/el-accidente-de-trabajo-entre-lo-negativo-y-lo-irreformable\/","title":{"rendered":"El accidente de trabajo, entre lo negativo y lo irreformable"},"content":{"rendered":"<p>Cubierta posterior: El accidente de trabajo es motivo de un amplio y continuo esfuerzo de prevenci\u00f3n. Diversas instituciones y una extensa legislaci\u00f3n no consiguen, sin embargo, hacerlo desaparecer. No son las consideraciones sobre la integridad f\u00edsica del ser humano que trabaja las que recorren la discusi\u00f3n sobre la prevenci\u00f3n de la accidentalidad. Los costes que la accidentalidad supone, el absentismo que provoca y, en definitiva, la reducci\u00f3n de la eficacia son los grandes argumentos contra la accidentalidad. En su doble condici\u00f3n de fen\u00f3meno negativo y a la vez irremediable, el accidente de trabajo emerge como un s\u00edntoma. A trav\u00e9s de \u00e9l se percibe que la racionalidad econ\u00f3mica es el principio constitutivo de las relaciones sociales en el mundo moderno.<\/p>\n","protected":false},"excerpt":{"rendered":"<p>Cubierta posterior: El accidente de trabajo es motivo de un amplio y continuo esfuerzo de prevenci\u00f3n. Diversas instituciones y una extensa legislaci\u00f3n no consiguen, sin embargo, hacerlo desaparecer. No son las consideraciones sobre la integridad f\u00edsica del ser humano que trabaja las que recorren la discusi\u00f3n sobre la prevenci\u00f3n de la accidentalidad. Los costes que la accidentalidad supone, el absentismo que provoca y, en definitiva, la reducci\u00f3n de la eficacia son los grandes argumentos contra la accidentalidad. En su doble condici\u00f3n de fen\u00f3meno negativo y a la vez irremediable, el accidente de trabajo emerge como un s\u00edntoma. A trav\u00e9s de \u00e9l se percibe que la racionalidad econ\u00f3mica es el principio constitutivo de las relaciones sociales en el mundo moderno.<\/p>\n","protected":false},"featured_media":839,"comment_status":"closed","ping_status":"open","template":"","meta":{"_acf_changed":false},"materia_nivel_3":[],"subtema_nivel_2":[2583],"tema_nivel_1":[2570],"product_brand":[],"product_cat":[15],"product_tag":[],"product_author":[3574],"product_collection":[],"class_list":{"0":"post-13174","1":"product","2":"type-product","3":"status-publish","4":"has-post-thumbnail","6":"subtema_nivel_2-sociologia","7":"tema_nivel_1-ciencias-sociales","8":"product_cat-uncategorized","9":"product_author-bilbao-andres","11":"first","12":"instock","13":"purchasable","14":"product-type-simple"},"acf":[],"_links":{"self":[{"href":"https:\/\/dev2.cantalupe.net\/sigloxxi\/wp-json\/wp\/v2\/product\/13174","targetHints":{"allow":["GET"]}}],"collection":[{"href":"https:\/\/dev2.cantalupe.net\/sigloxxi\/wp-json\/wp\/v2\/product"}],"about":[{"href":"https:\/\/dev2.cantalupe.net\/sigloxxi\/wp-json\/wp\/v2\/types\/product"}],"replies":[{"embeddable":true,"href":"https:\/\/dev2.cantalupe.net\/sigloxxi\/wp-json\/wp\/v2\/comments?post=13174"}],"version-history":[{"count":1,"href":"https:\/\/dev2.cantalupe.net\/sigloxxi\/wp-json\/wp\/v2\/product\/13174\/revisions"}],"predecessor-version":[{"id":13175,"href":"https:\/\/dev2.cantalupe.net\/sigloxxi\/wp-json\/wp\/v2\/product\/13174\/revisions\/13175"}],"wp:featuredmedia":[{"embeddable":true,"href":"https:\/\/dev2.cantalupe.net\/sigloxxi\/wp-json\/wp\/v2\/media\/839"}],"wp:attachment":[{"href":"https:\/\/dev2.cantalupe.net\/sigloxxi\/wp-json\/wp\/v2\/media?parent=13174"}],"wp:term":[{"taxonomy":"materia_nivel_3","embeddable":true,"href":"https:\/\/dev2.cantalupe.net\/sigloxxi\/wp-json\/wp\/v2\/materia_nivel_3?post=13174"},{"taxonomy":"subtema_nivel_2","embeddable":true,"href":"https:\/\/dev2.cantalupe.net\/sigloxxi\/wp-json\/wp\/v2\/subtema_nivel_2?post=13174"},{"taxonomy":"tema_nivel_1","embeddable":true,"href":"https:\/\/dev2.cantalupe.net\/sigloxxi\/wp-json\/wp\/v2\/tema_nivel_1?post=13174"},{"taxonomy":"product_brand","embeddable":true,"href":"https:\/\/dev2.cantalupe.net\/sigloxxi\/wp-json\/wp\/v2\/product_brand?post=13174"},{"taxonomy":"product_cat","embeddable":true,"href":"https:\/\/dev2.cantalupe.net\/sigloxxi\/wp-json\/wp\/v2\/product_cat?post=13174"},{"taxonomy":"product_tag","embeddable":true,"href":"https:\/\/dev2.cantalupe.net\/sigloxxi\/wp-json\/wp\/v2\/product_tag?post=13174"},{"taxonomy":"product_author","embeddable":true,"href":"https:\/\/dev2.cantalupe.net\/sigloxxi\/wp-json\/wp\/v2\/product_author?post=13174"},{"taxonomy":"product_collection","embeddable":true,"href":"https:\/\/dev2.cantalupe.net\/sigloxxi\/wp-json\/wp\/v2\/product_collection?post=13174"}],"curies":[{"name":"wp","href":"https:\/\/api.w.org\/{rel}","templated":true}]}}