{"id":13460,"date":"2025-11-04T14:50:40","date_gmt":"2025-11-04T14:50:40","guid":{"rendered":"https:\/\/dev2.cantalupe.net\/sigloxxi\/libro\/el-mosaico-del-islam\/"},"modified":"2025-11-04T14:50:41","modified_gmt":"2025-11-04T14:50:41","slug":"el-mosaico-del-islam","status":"publish","type":"product","link":"https:\/\/dev2.cantalupe.net\/sigloxxi\/libro\/el-mosaico-del-islam\/","title":{"rendered":"El mosaico del islam"},"content":{"rendered":"<p>Desde Occidente se contempla el islam como<br \/>\nun mero espacio religioso cuyo legado, obsoleto y desfasado, es inferior en<br \/>\ntodos los aspectos a la modernidad ilustrada y tolerante. Este prejuicio reduce<br \/>\nel islam a losa anticuada e inerte, cuando en realidad es un inmenso mosaico<br \/>\nrico y vibrante, de m\u00faltiples y vivas teselas de colores, de realidades<br \/>\nsociales, culturales, pol\u00edticas y geogr\u00e1ficas, adem\u00e1s de religiosas.<br \/>\n\tEn<br \/>\n\tEl mosaico del islam<br \/>\n\tPerry Anderson y Suleiman Mourad se\u00f1alan y analizan cada pieza de ese complejo<br \/>\nmosaico con el objetivo de ofrecer una visi\u00f3n m\u00e1s completa, y por tanto m\u00e1s<br \/>\ncompleja y menos simplista, tanto de la religi\u00f3n de Mahoma como de la<br \/>\ndiversidad del mundo isl\u00e1mico.<\/p>\n","protected":false},"excerpt":{"rendered":"<p>Desde Occidente se contempla el islam como<br \/>\nun mero espacio religioso cuyo legado, obsoleto y desfasado, es inferior en<br \/>\ntodos los aspectos a la modernidad ilustrada y tolerante. Este prejuicio reduce<br \/>\nel islam a losa anticuada e inerte, cuando en realidad es un inmenso mosaico<br \/>\nrico y vibrante, de m\u00faltiples y vivas teselas de colores, de realidades<br \/>\nsociales, culturales, pol\u00edticas y geogr\u00e1ficas, adem\u00e1s de religiosas.<br \/>\n\tEn<br \/>\n\tEl mosaico del islam<br \/>\n\tPerry Anderson y Suleiman Mourad se\u00f1alan y analizan cada pieza de ese complejo<br \/>\nmosaico con el objetivo de ofrecer una visi\u00f3n m\u00e1s completa, y por tanto m\u00e1s<br \/>\ncompleja y menos simplista, tanto de la religi\u00f3n de Mahoma como de la<br \/>\ndiversidad del mundo isl\u00e1mico.<\/p>\n","protected":false},"featured_media":1108,"comment_status":"closed","ping_status":"open","template":"","meta":{"_acf_changed":false},"materia_nivel_3":[2575],"subtema_nivel_2":[2561,2576,2577],"tema_nivel_1":[2570],"product_brand":[],"product_cat":[15],"product_tag":[],"product_author":[2937,3663],"product_collection":[],"class_list":{"0":"post-13460","1":"product","2":"type-product","3":"status-publish","4":"has-post-thumbnail","6":"materia_nivel_3-islam","7":"subtema_nivel_2-historia","8":"subtema_nivel_2-politica","9":"subtema_nivel_2-religion","10":"tema_nivel_1-ciencias-sociales","11":"product_cat-uncategorized","12":"product_author-anderson-perry","13":"product_author-mourad-suleiman-ali","15":"first","16":"instock","17":"purchasable","18":"product-type-simple"},"acf":[],"_links":{"self":[{"href":"https:\/\/dev2.cantalupe.net\/sigloxxi\/wp-json\/wp\/v2\/product\/13460","targetHints":{"allow":["GET"]}}],"collection":[{"href":"https:\/\/dev2.cantalupe.net\/sigloxxi\/wp-json\/wp\/v2\/product"}],"about":[{"href":"https:\/\/dev2.cantalupe.net\/sigloxxi\/wp-json\/wp\/v2\/types\/product"}],"replies":[{"embeddable":true,"href":"https:\/\/dev2.cantalupe.net\/sigloxxi\/wp-json\/wp\/v2\/comments?post=13460"}],"version-history":[{"count":1,"href":"https:\/\/dev2.cantalupe.net\/sigloxxi\/wp-json\/wp\/v2\/product\/13460\/revisions"}],"predecessor-version":[{"id":13461,"href":"https:\/\/dev2.cantalupe.net\/sigloxxi\/wp-json\/wp\/v2\/product\/13460\/revisions\/13461"}],"wp:featuredmedia":[{"embeddable":true,"href":"https:\/\/dev2.cantalupe.net\/sigloxxi\/wp-json\/wp\/v2\/media\/1108"}],"wp:attachment":[{"href":"https:\/\/dev2.cantalupe.net\/sigloxxi\/wp-json\/wp\/v2\/media?parent=13460"}],"wp:term":[{"taxonomy":"materia_nivel_3","embeddable":true,"href":"https:\/\/dev2.cantalupe.net\/sigloxxi\/wp-json\/wp\/v2\/materia_nivel_3?post=13460"},{"taxonomy":"subtema_nivel_2","embeddable":true,"href":"https:\/\/dev2.cantalupe.net\/sigloxxi\/wp-json\/wp\/v2\/subtema_nivel_2?post=13460"},{"taxonomy":"tema_nivel_1","embeddable":true,"href":"https:\/\/dev2.cantalupe.net\/sigloxxi\/wp-json\/wp\/v2\/tema_nivel_1?post=13460"},{"taxonomy":"product_brand","embeddable":true,"href":"https:\/\/dev2.cantalupe.net\/sigloxxi\/wp-json\/wp\/v2\/product_brand?post=13460"},{"taxonomy":"product_cat","embeddable":true,"href":"https:\/\/dev2.cantalupe.net\/sigloxxi\/wp-json\/wp\/v2\/product_cat?post=13460"},{"taxonomy":"product_tag","embeddable":true,"href":"https:\/\/dev2.cantalupe.net\/sigloxxi\/wp-json\/wp\/v2\/product_tag?post=13460"},{"taxonomy":"product_author","embeddable":true,"href":"https:\/\/dev2.cantalupe.net\/sigloxxi\/wp-json\/wp\/v2\/product_author?post=13460"},{"taxonomy":"product_collection","embeddable":true,"href":"https:\/\/dev2.cantalupe.net\/sigloxxi\/wp-json\/wp\/v2\/product_collection?post=13460"}],"curies":[{"name":"wp","href":"https:\/\/api.w.org\/{rel}","templated":true}]}}