{"id":13624,"date":"2025-11-04T14:50:59","date_gmt":"2025-11-04T14:50:59","guid":{"rendered":"https:\/\/dev2.cantalupe.net\/sigloxxi\/libro\/el-tiempo-de-la-revuelta\/"},"modified":"2025-11-04T14:51:01","modified_gmt":"2025-11-04T14:51:01","slug":"el-tiempo-de-la-revuelta","status":"publish","type":"product","link":"https:\/\/dev2.cantalupe.net\/sigloxxi\/libro\/el-tiempo-de-la-revuelta\/","title":{"rendered":"El tiempo de la revuelta"},"content":{"rendered":"<p>Marginada<br \/>\npor la reflexi\u00f3n, presentada por los medios de comunicaci\u00f3n como un evento<br \/>\nca\u00f3tico y escurridizo, la revuelta es un tema incandescente en el escenario<br \/>\nglobal. Aunque se encienda, se apague, se vuelva a propagar, la revuelta no es<br \/>\nun evento ef\u00edmero, sino que es una transici\u00f3n an\u00e1rquica que se produce en el<br \/>\nproceso de liberaci\u00f3n de la arquitectura pol\u00edtica. A trav\u00e9s de la revuelta<br \/>\npodemos vislumbrar lo que sucede \u00abafuera\u00bb, m\u00e1s all\u00e1 del orden estatoc\u00e9ntrico,<br \/>\nen torno a las protegidas fronteras del espacio p\u00fablico; podemos abrir brechas,<br \/>\ncuestionar el statu quo, denunciar la injusticia, cuestionar\u00a0\u00ablo dado\u00bb.En<br \/>\neste elogio de la revuelta, Donatella Di Cesare aborda sus diversos aspectos<br \/>\npol\u00edticos y filos\u00f3ficos, ofrece una interpretaci\u00f3n pol\u00edtica de la m\u00e1scara, del<br \/>\nocultar el rostro para mostrarse un sujeto, y el desaf\u00edo que supone para el<br \/>\nEstado y la econom\u00eda desencarnada. La prestigiosa fil\u00f3sofa revela en El<br \/>\ntiempo de la revuelta las enormes asimetr\u00edas sociales, pone al descubierto<br \/>\nla disparidad de fuerzas que configuran los l\u00edmites de la polis,<br \/>\ndenuncia la vigilancia planetaria y se pregunta por los fen\u00f3menos \u00abafuera\u00bb del<br \/>\nEstado, por la revoluci\u00f3n perdida y por la resistencia.<\/p>\n","protected":false},"excerpt":{"rendered":"<p>Marginada<br \/>\npor la reflexi\u00f3n, presentada por los medios de comunicaci\u00f3n como un evento<br \/>\nca\u00f3tico y escurridizo, la revuelta es un tema incandescente en el escenario<br \/>\nglobal. Aunque se encienda, se apague, se vuelva a propagar, la revuelta no es<br \/>\nun evento ef\u00edmero, sino que es una transici\u00f3n an\u00e1rquica que se produce en el<br \/>\nproceso de liberaci\u00f3n de la arquitectura pol\u00edtica. A trav\u00e9s de la revuelta<br \/>\npodemos vislumbrar lo que sucede \u00abafuera\u00bb, m\u00e1s all\u00e1 del orden estatoc\u00e9ntrico,<br \/>\nen torno a las protegidas fronteras del espacio p\u00fablico; podemos abrir brechas,<br \/>\ncuestionar el statu quo, denunciar la injusticia, cuestionar\u00a0\u00ablo dado\u00bb.En<br \/>\neste elogio de la revuelta, Donatella Di Cesare aborda sus diversos aspectos<br \/>\npol\u00edticos y filos\u00f3ficos, ofrece una interpretaci\u00f3n pol\u00edtica de la m\u00e1scara, del<br \/>\nocultar el rostro para mostrarse un sujeto, y el desaf\u00edo que supone para el<br \/>\nEstado y la econom\u00eda desencarnada. La prestigiosa fil\u00f3sofa revela en El<br \/>\ntiempo de la revuelta las enormes asimetr\u00edas sociales, pone al descubierto<br \/>\nla disparidad de fuerzas que configuran los l\u00edmites de la polis,<br \/>\ndenuncia la vigilancia planetaria y se pregunta por los fen\u00f3menos \u00abafuera\u00bb del<br \/>\nEstado, por la revoluci\u00f3n perdida y por la resistencia.<\/p>\n","protected":false},"featured_media":1262,"comment_status":"closed","ping_status":"open","template":"","meta":{"_acf_changed":false},"materia_nivel_3":[2631],"subtema_nivel_2":[2586],"tema_nivel_1":[2587],"product_brand":[],"product_cat":[15],"product_tag":[],"product_author":[3717],"product_collection":[],"class_list":{"0":"post-13624","1":"product","2":"type-product","3":"status-publish","4":"has-post-thumbnail","6":"materia_nivel_3-filosofia-politica","7":"subtema_nivel_2-filosofia","8":"tema_nivel_1-filosofia-y-pensamiento","9":"product_cat-uncategorized","10":"product_author-di-cesare-donatella","12":"first","13":"instock","14":"purchasable","15":"product-type-simple"},"acf":[],"_links":{"self":[{"href":"https:\/\/dev2.cantalupe.net\/sigloxxi\/wp-json\/wp\/v2\/product\/13624","targetHints":{"allow":["GET"]}}],"collection":[{"href":"https:\/\/dev2.cantalupe.net\/sigloxxi\/wp-json\/wp\/v2\/product"}],"about":[{"href":"https:\/\/dev2.cantalupe.net\/sigloxxi\/wp-json\/wp\/v2\/types\/product"}],"replies":[{"embeddable":true,"href":"https:\/\/dev2.cantalupe.net\/sigloxxi\/wp-json\/wp\/v2\/comments?post=13624"}],"version-history":[{"count":1,"href":"https:\/\/dev2.cantalupe.net\/sigloxxi\/wp-json\/wp\/v2\/product\/13624\/revisions"}],"predecessor-version":[{"id":13625,"href":"https:\/\/dev2.cantalupe.net\/sigloxxi\/wp-json\/wp\/v2\/product\/13624\/revisions\/13625"}],"wp:featuredmedia":[{"embeddable":true,"href":"https:\/\/dev2.cantalupe.net\/sigloxxi\/wp-json\/wp\/v2\/media\/1262"}],"wp:attachment":[{"href":"https:\/\/dev2.cantalupe.net\/sigloxxi\/wp-json\/wp\/v2\/media?parent=13624"}],"wp:term":[{"taxonomy":"materia_nivel_3","embeddable":true,"href":"https:\/\/dev2.cantalupe.net\/sigloxxi\/wp-json\/wp\/v2\/materia_nivel_3?post=13624"},{"taxonomy":"subtema_nivel_2","embeddable":true,"href":"https:\/\/dev2.cantalupe.net\/sigloxxi\/wp-json\/wp\/v2\/subtema_nivel_2?post=13624"},{"taxonomy":"tema_nivel_1","embeddable":true,"href":"https:\/\/dev2.cantalupe.net\/sigloxxi\/wp-json\/wp\/v2\/tema_nivel_1?post=13624"},{"taxonomy":"product_brand","embeddable":true,"href":"https:\/\/dev2.cantalupe.net\/sigloxxi\/wp-json\/wp\/v2\/product_brand?post=13624"},{"taxonomy":"product_cat","embeddable":true,"href":"https:\/\/dev2.cantalupe.net\/sigloxxi\/wp-json\/wp\/v2\/product_cat?post=13624"},{"taxonomy":"product_tag","embeddable":true,"href":"https:\/\/dev2.cantalupe.net\/sigloxxi\/wp-json\/wp\/v2\/product_tag?post=13624"},{"taxonomy":"product_author","embeddable":true,"href":"https:\/\/dev2.cantalupe.net\/sigloxxi\/wp-json\/wp\/v2\/product_author?post=13624"},{"taxonomy":"product_collection","embeddable":true,"href":"https:\/\/dev2.cantalupe.net\/sigloxxi\/wp-json\/wp\/v2\/product_collection?post=13624"}],"curies":[{"name":"wp","href":"https:\/\/api.w.org\/{rel}","templated":true}]}}