{"id":13904,"date":"2025-11-04T14:51:58","date_gmt":"2025-11-04T14:51:58","guid":{"rendered":"https:\/\/dev2.cantalupe.net\/sigloxxi\/libro\/fetiche-y-mistificacion-capitalistas-2\/"},"modified":"2025-11-04T14:51:59","modified_gmt":"2025-11-04T14:51:59","slug":"fetiche-y-mistificacion-capitalistas-2","status":"publish","type":"product","link":"https:\/\/dev2.cantalupe.net\/sigloxxi\/libro\/fetiche-y-mistificacion-capitalistas-2\/","title":{"rendered":"Fetiche y mistificaci\u00f3n capitalistas"},"content":{"rendered":"<p>Cuando compramos rara vez nos paramos a pensar que no estamos adquiriendo un objeto o producto sin m\u00e1s,<br \/>\nsino un cristal solidificado de la fuerza de trabajo de otras personas. Esto, que Marx denomin\u00f3 el \u00abfetichismo de la mercanc\u00eda\u00bb, aparece en paralelo con otro fen\u00f3meno que impregna toda la sociedad moderna, la ilusi\u00f3n de que el capital genera capital, la \u00abmistificaci\u00f3n del capital\u00bb.<br \/>\nEn Fetiche y mistificaci\u00f3n capitalistas, Clara Ramas analiza hasta qu\u00e9 punto ambos conceptos constituyen el n\u00facleo<br \/>\nde la cr\u00edtica de la econom\u00eda pol\u00edtica que Marx formul\u00f3 en El capital. A partir de estos cimientos, Ramas propone un umbral desde el que asomarse al capitalismo y a la Modernidad, y muestra una novedosa lectura que acierta<br \/>\na conjurar la miop\u00eda de la ortodoxia y a comprender de<br \/>\nun modo m\u00e1s fidedigno el singular quehacer filos\u00f3fico<br \/>\ny cr\u00edtico de Marx.<\/p>\n<p>Fetiche y mistificaci\u00f3n capitalistas<\/p>\n","protected":false},"excerpt":{"rendered":"<p>Cuando compramos rara vez nos paramos a pensar que no estamos adquiriendo un objeto o producto sin m\u00e1s,<br \/>\nsino un cristal solidificado de la fuerza de trabajo de otras personas. Esto, que Marx denomin\u00f3 el \u00abfetichismo de la mercanc\u00eda\u00bb, aparece en paralelo con otro fen\u00f3meno que impregna toda la sociedad moderna, la ilusi\u00f3n de que el capital genera capital, la \u00abmistificaci\u00f3n del capital\u00bb.<br \/>\nEn Fetiche y mistificaci\u00f3n capitalistas, Clara Ramas analiza hasta qu\u00e9 punto ambos conceptos constituyen el n\u00facleo<br \/>\nde la cr\u00edtica de la econom\u00eda pol\u00edtica que Marx formul\u00f3 en El capital. A partir de estos cimientos, Ramas propone un umbral desde el que asomarse al capitalismo y a la Modernidad, y muestra una novedosa lectura que acierta<br \/>\na conjurar la miop\u00eda de la ortodoxia y a comprender de<br \/>\nun modo m\u00e1s fidedigno el singular quehacer filos\u00f3fico<br \/>\ny cr\u00edtico de Marx.<\/p>\n<p>Fetiche y mistificaci\u00f3n capitalistas<\/p>\n","protected":false},"featured_media":1515,"comment_status":"closed","ping_status":"open","template":"","meta":{"_acf_changed":false},"materia_nivel_3":[],"subtema_nivel_2":[2586],"tema_nivel_1":[2587],"product_brand":[],"product_cat":[15],"product_tag":[],"product_author":[3793],"product_collection":[],"class_list":{"0":"post-13904","1":"product","2":"type-product","3":"status-publish","4":"has-post-thumbnail","6":"subtema_nivel_2-filosofia","7":"tema_nivel_1-filosofia-y-pensamiento","8":"product_cat-uncategorized","9":"product_author-ramas-san-miguel-clara","11":"first","12":"instock","13":"purchasable","14":"product-type-simple"},"acf":[],"_links":{"self":[{"href":"https:\/\/dev2.cantalupe.net\/sigloxxi\/wp-json\/wp\/v2\/product\/13904","targetHints":{"allow":["GET"]}}],"collection":[{"href":"https:\/\/dev2.cantalupe.net\/sigloxxi\/wp-json\/wp\/v2\/product"}],"about":[{"href":"https:\/\/dev2.cantalupe.net\/sigloxxi\/wp-json\/wp\/v2\/types\/product"}],"replies":[{"embeddable":true,"href":"https:\/\/dev2.cantalupe.net\/sigloxxi\/wp-json\/wp\/v2\/comments?post=13904"}],"version-history":[{"count":1,"href":"https:\/\/dev2.cantalupe.net\/sigloxxi\/wp-json\/wp\/v2\/product\/13904\/revisions"}],"predecessor-version":[{"id":13905,"href":"https:\/\/dev2.cantalupe.net\/sigloxxi\/wp-json\/wp\/v2\/product\/13904\/revisions\/13905"}],"wp:featuredmedia":[{"embeddable":true,"href":"https:\/\/dev2.cantalupe.net\/sigloxxi\/wp-json\/wp\/v2\/media\/1515"}],"wp:attachment":[{"href":"https:\/\/dev2.cantalupe.net\/sigloxxi\/wp-json\/wp\/v2\/media?parent=13904"}],"wp:term":[{"taxonomy":"materia_nivel_3","embeddable":true,"href":"https:\/\/dev2.cantalupe.net\/sigloxxi\/wp-json\/wp\/v2\/materia_nivel_3?post=13904"},{"taxonomy":"subtema_nivel_2","embeddable":true,"href":"https:\/\/dev2.cantalupe.net\/sigloxxi\/wp-json\/wp\/v2\/subtema_nivel_2?post=13904"},{"taxonomy":"tema_nivel_1","embeddable":true,"href":"https:\/\/dev2.cantalupe.net\/sigloxxi\/wp-json\/wp\/v2\/tema_nivel_1?post=13904"},{"taxonomy":"product_brand","embeddable":true,"href":"https:\/\/dev2.cantalupe.net\/sigloxxi\/wp-json\/wp\/v2\/product_brand?post=13904"},{"taxonomy":"product_cat","embeddable":true,"href":"https:\/\/dev2.cantalupe.net\/sigloxxi\/wp-json\/wp\/v2\/product_cat?post=13904"},{"taxonomy":"product_tag","embeddable":true,"href":"https:\/\/dev2.cantalupe.net\/sigloxxi\/wp-json\/wp\/v2\/product_tag?post=13904"},{"taxonomy":"product_author","embeddable":true,"href":"https:\/\/dev2.cantalupe.net\/sigloxxi\/wp-json\/wp\/v2\/product_author?post=13904"},{"taxonomy":"product_collection","embeddable":true,"href":"https:\/\/dev2.cantalupe.net\/sigloxxi\/wp-json\/wp\/v2\/product_collection?post=13904"}],"curies":[{"name":"wp","href":"https:\/\/api.w.org\/{rel}","templated":true}]}}