{"id":13950,"date":"2025-11-04T14:52:00","date_gmt":"2025-11-04T14:52:00","guid":{"rendered":"https:\/\/dev2.cantalupe.net\/sigloxxi\/libro\/fundamentos-de-psicologia-social\/"},"modified":"2025-11-04T14:52:13","modified_gmt":"2025-11-04T14:52:13","slug":"fundamentos-de-psicologia-social","status":"publish","type":"product","link":"https:\/\/dev2.cantalupe.net\/sigloxxi\/libro\/fundamentos-de-psicologia-social\/","title":{"rendered":"Fundamentos de psicolog\u00eda social"},"content":{"rendered":"<p>Fundamentos de psicolog\u00eda social es una invitaci\u00f3n a participar en la tarea de conocer las principales tendencias y orientaciones de esta disciplina y a descifrar las claves que han ido posibilitando la construcci\u00f3n de unas determinadas maneras de aproximarse al estudio de los fen\u00f3menos psicosociales. La perspectiva hist\u00f3rica y cr\u00edtica de esta obra posibilita tener una informaci\u00f3n amplia y sistem\u00e1tica sobre las diversas tem\u00e1ticas y debates te\u00f3ricos y metodol\u00f3gicos que, desde sus inicios, han caracterizado a la psicolog\u00eda social. Por esta raz\u00f3n, en Fundamentos de psicolog\u00eda social, se presentan y analizan no s\u00f3lo las corrientes dominantes en esta disciplina, sino tambi\u00e9n aquellas otras que, elaboradas desde presupuestos culturales, epistemol\u00f3gicos e ideol\u00f3gicos diferentes, suponen un desaf\u00edo y alternativa al modo tradicional de entender el estudio de los procesos psicosociales.<\/p>\n","protected":false},"excerpt":{"rendered":"<p>Fundamentos de psicolog\u00eda social es una invitaci\u00f3n a participar en la tarea de conocer las principales tendencias y orientaciones de esta disciplina y a descifrar las claves que han ido posibilitando la construcci\u00f3n de unas determinadas maneras de aproximarse al estudio de los fen\u00f3menos psicosociales. La perspectiva hist\u00f3rica y cr\u00edtica de esta obra posibilita tener una informaci\u00f3n amplia y sistem\u00e1tica sobre las diversas tem\u00e1ticas y debates te\u00f3ricos y metodol\u00f3gicos que, desde sus inicios, han caracterizado a la psicolog\u00eda social. Por esta raz\u00f3n, en Fundamentos de psicolog\u00eda social, se presentan y analizan no s\u00f3lo las corrientes dominantes en esta disciplina, sino tambi\u00e9n aquellas otras que, elaboradas desde presupuestos culturales, epistemol\u00f3gicos e ideol\u00f3gicos diferentes, suponen un desaf\u00edo y alternativa al modo tradicional de entender el estudio de los procesos psicosociales.<\/p>\n","protected":false},"featured_media":1555,"comment_status":"closed","ping_status":"open","template":"","meta":{"_acf_changed":false},"materia_nivel_3":[],"subtema_nivel_2":[2578],"tema_nivel_1":[2579],"product_brand":[],"product_cat":[15],"product_tag":[],"product_author":[3812,3813,3811],"product_collection":[],"class_list":{"0":"post-13950","1":"product","2":"type-product","3":"status-publish","4":"has-post-thumbnail","6":"subtema_nivel_2-psicologia","7":"tema_nivel_1-psicologia","8":"product_cat-uncategorized","9":"product_author-dadamo-orlando-j","10":"product_author-garcia-beaudoux-virginia","11":"product_author-sabucedo-comeselle-jose-manuel","13":"first","14":"instock","15":"purchasable","16":"product-type-simple"},"acf":[],"_links":{"self":[{"href":"https:\/\/dev2.cantalupe.net\/sigloxxi\/wp-json\/wp\/v2\/product\/13950","targetHints":{"allow":["GET"]}}],"collection":[{"href":"https:\/\/dev2.cantalupe.net\/sigloxxi\/wp-json\/wp\/v2\/product"}],"about":[{"href":"https:\/\/dev2.cantalupe.net\/sigloxxi\/wp-json\/wp\/v2\/types\/product"}],"replies":[{"embeddable":true,"href":"https:\/\/dev2.cantalupe.net\/sigloxxi\/wp-json\/wp\/v2\/comments?post=13950"}],"version-history":[{"count":1,"href":"https:\/\/dev2.cantalupe.net\/sigloxxi\/wp-json\/wp\/v2\/product\/13950\/revisions"}],"predecessor-version":[{"id":13951,"href":"https:\/\/dev2.cantalupe.net\/sigloxxi\/wp-json\/wp\/v2\/product\/13950\/revisions\/13951"}],"wp:featuredmedia":[{"embeddable":true,"href":"https:\/\/dev2.cantalupe.net\/sigloxxi\/wp-json\/wp\/v2\/media\/1555"}],"wp:attachment":[{"href":"https:\/\/dev2.cantalupe.net\/sigloxxi\/wp-json\/wp\/v2\/media?parent=13950"}],"wp:term":[{"taxonomy":"materia_nivel_3","embeddable":true,"href":"https:\/\/dev2.cantalupe.net\/sigloxxi\/wp-json\/wp\/v2\/materia_nivel_3?post=13950"},{"taxonomy":"subtema_nivel_2","embeddable":true,"href":"https:\/\/dev2.cantalupe.net\/sigloxxi\/wp-json\/wp\/v2\/subtema_nivel_2?post=13950"},{"taxonomy":"tema_nivel_1","embeddable":true,"href":"https:\/\/dev2.cantalupe.net\/sigloxxi\/wp-json\/wp\/v2\/tema_nivel_1?post=13950"},{"taxonomy":"product_brand","embeddable":true,"href":"https:\/\/dev2.cantalupe.net\/sigloxxi\/wp-json\/wp\/v2\/product_brand?post=13950"},{"taxonomy":"product_cat","embeddable":true,"href":"https:\/\/dev2.cantalupe.net\/sigloxxi\/wp-json\/wp\/v2\/product_cat?post=13950"},{"taxonomy":"product_tag","embeddable":true,"href":"https:\/\/dev2.cantalupe.net\/sigloxxi\/wp-json\/wp\/v2\/product_tag?post=13950"},{"taxonomy":"product_author","embeddable":true,"href":"https:\/\/dev2.cantalupe.net\/sigloxxi\/wp-json\/wp\/v2\/product_author?post=13950"},{"taxonomy":"product_collection","embeddable":true,"href":"https:\/\/dev2.cantalupe.net\/sigloxxi\/wp-json\/wp\/v2\/product_collection?post=13950"}],"curies":[{"name":"wp","href":"https:\/\/api.w.org\/{rel}","templated":true}]}}