{"id":13956,"date":"2025-11-04T14:52:00","date_gmt":"2025-11-04T14:52:00","guid":{"rendered":"https:\/\/dev2.cantalupe.net\/sigloxxi\/libro\/furores-campesinos\/"},"modified":"2025-11-04T14:52:13","modified_gmt":"2025-11-04T14:52:13","slug":"furores-campesinos","status":"publish","type":"product","link":"https:\/\/dev2.cantalupe.net\/sigloxxi\/libro\/furores-campesinos\/","title":{"rendered":"Furores campesinos"},"content":{"rendered":"<p>Los trabajos reunidos en la colecci\u00f3n HISTORIA DE LOS MOVIMIENTOS SOCIALES tienen un protagonista: las masas. El an\u00e1lisis de los movimientos sociales ha impulsado el desarrollo de una disciplina -la historia social- ritualmente invocada, a partir de 1930, como parte de la \u00abhistoria econ\u00f3mica y social\u00bb. Esta rama hist\u00f3rica se ha convertido en campo privilegiado de convergencia de la antropolog\u00eda, la sociolog\u00eda y la historia. Su metodolog\u00eda ofrece la variedad y amplitud propias de una disciplina en r\u00e1pida gestaci\u00f3n, nutrida por pol\u00e9micas fruct\u00edferas. \u00abLas revueltas han sido frecuentes tanto en Oriente como en Occidente\u00bb: con estas palabras resum\u00eda el panorama de su siglo, el XVII, un cronista franc\u00e9s. Efectivamente, en tomo a las fechas 1640-1660 se registran numerosas revueltas y revoluciones en Europa, Asia y Am\u00e9- rica. En ellas participan todos los grupos sociales, pero son los campesinos los que desempe\u00f1an un papel m\u00e1s significativo, y al an\u00e1lisis de algunos movimientos campesinos dedica Roland Mousnier este estudio. Estos movimientos han tenido unas caracter\u00edsticas peculiares en Francia, en Rusia y en China. Las revueltas originadas en Francia y en Rusia surgieron como reacciones contra el Estado, cuya centralizaci\u00f3n hab\u00eda desembocado en la reducci\u00f3n de libertades y privilegios locales tradicionales, con el gravamen de unos impuestos decididos en una coyuntura econ\u00f3mica dif\u00edcil por razones de origen clim\u00e1tico. En China, la crisis del Estado est\u00e1 provocada por el declive de la dinast\u00eda Ming. Por otra parte, mientras en Francia y en China una serie de aspectos rigurosamente registrados por el autor impidieron que las revueltas cristalizaran en revoluci\u00f3n, en Rusia el Estado simplific\u00f3 progresivamente la sociedad, y la dicotom\u00eda resultante, al inmovilizar a los hombres en el marco de una sociedad de \u00f3rdenes cada vez m\u00e1s r\u00edgida, provoc\u00f3 una verdadera tentativa de revoluci\u00f3n. Al comparar estos tres casos entre s\u00ed, el autor pretende discernir las posibles diferencias, explicables por las peculiares estructuras socia- les y las semejanzas propiciadas por coyunturas parecidas. De este intento emergen algunas sugestivas hip\u00f3tesis orientadoras de futuras investigaciones.<\/p>\n","protected":false},"excerpt":{"rendered":"<p>Los trabajos reunidos en la colecci\u00f3n HISTORIA DE LOS MOVIMIENTOS SOCIALES tienen un protagonista: las masas. El an\u00e1lisis de los movimientos sociales ha impulsado el desarrollo de una disciplina -la historia social- ritualmente invocada, a partir de 1930, como parte de la \u00abhistoria econ\u00f3mica y social\u00bb. Esta rama hist\u00f3rica se ha convertido en campo privilegiado de convergencia de la antropolog\u00eda, la sociolog\u00eda y la historia. Su metodolog\u00eda ofrece la variedad y amplitud propias de una disciplina en r\u00e1pida gestaci\u00f3n, nutrida por pol\u00e9micas fruct\u00edferas. \u00abLas revueltas han sido frecuentes tanto en Oriente como en Occidente\u00bb: con estas palabras resum\u00eda el panorama de su siglo, el XVII, un cronista franc\u00e9s. Efectivamente, en tomo a las fechas 1640-1660 se registran numerosas revueltas y revoluciones en Europa, Asia y Am\u00e9- rica. En ellas participan todos los grupos sociales, pero son los campesinos los que desempe\u00f1an un papel m\u00e1s significativo, y al an\u00e1lisis de algunos movimientos campesinos dedica Roland Mousnier este estudio. Estos movimientos han tenido unas caracter\u00edsticas peculiares en Francia, en Rusia y en China. Las revueltas originadas en Francia y en Rusia surgieron como reacciones contra el Estado, cuya centralizaci\u00f3n hab\u00eda desembocado en la reducci\u00f3n de libertades y privilegios locales tradicionales, con el gravamen de unos impuestos decididos en una coyuntura econ\u00f3mica dif\u00edcil por razones de origen clim\u00e1tico. En China, la crisis del Estado est\u00e1 provocada por el declive de la dinast\u00eda Ming. Por otra parte, mientras en Francia y en China una serie de aspectos rigurosamente registrados por el autor impidieron que las revueltas cristalizaran en revoluci\u00f3n, en Rusia el Estado simplific\u00f3 progresivamente la sociedad, y la dicotom\u00eda resultante, al inmovilizar a los hombres en el marco de una sociedad de \u00f3rdenes cada vez m\u00e1s r\u00edgida, provoc\u00f3 una verdadera tentativa de revoluci\u00f3n. Al comparar estos tres casos entre s\u00ed, el autor pretende discernir las posibles diferencias, explicables por las peculiares estructuras socia- les y las semejanzas propiciadas por coyunturas parecidas. De este intento emergen algunas sugestivas hip\u00f3tesis orientadoras de futuras investigaciones.<\/p>\n","protected":false},"featured_media":1561,"comment_status":"closed","ping_status":"open","template":"","meta":{"_acf_changed":false},"materia_nivel_3":[2558],"subtema_nivel_2":[],"tema_nivel_1":[2567],"product_brand":[],"product_cat":[15],"product_tag":[],"product_author":[3816],"product_collection":[],"class_list":{"0":"post-13956","1":"product","2":"type-product","3":"status-publish","4":"has-post-thumbnail","6":"materia_nivel_3-moderna","7":"tema_nivel_1-historia","8":"product_cat-uncategorized","9":"product_author-mousnier-roland","11":"first","12":"instock","13":"purchasable","14":"product-type-simple"},"acf":[],"_links":{"self":[{"href":"https:\/\/dev2.cantalupe.net\/sigloxxi\/wp-json\/wp\/v2\/product\/13956","targetHints":{"allow":["GET"]}}],"collection":[{"href":"https:\/\/dev2.cantalupe.net\/sigloxxi\/wp-json\/wp\/v2\/product"}],"about":[{"href":"https:\/\/dev2.cantalupe.net\/sigloxxi\/wp-json\/wp\/v2\/types\/product"}],"replies":[{"embeddable":true,"href":"https:\/\/dev2.cantalupe.net\/sigloxxi\/wp-json\/wp\/v2\/comments?post=13956"}],"version-history":[{"count":1,"href":"https:\/\/dev2.cantalupe.net\/sigloxxi\/wp-json\/wp\/v2\/product\/13956\/revisions"}],"predecessor-version":[{"id":13957,"href":"https:\/\/dev2.cantalupe.net\/sigloxxi\/wp-json\/wp\/v2\/product\/13956\/revisions\/13957"}],"wp:featuredmedia":[{"embeddable":true,"href":"https:\/\/dev2.cantalupe.net\/sigloxxi\/wp-json\/wp\/v2\/media\/1561"}],"wp:attachment":[{"href":"https:\/\/dev2.cantalupe.net\/sigloxxi\/wp-json\/wp\/v2\/media?parent=13956"}],"wp:term":[{"taxonomy":"materia_nivel_3","embeddable":true,"href":"https:\/\/dev2.cantalupe.net\/sigloxxi\/wp-json\/wp\/v2\/materia_nivel_3?post=13956"},{"taxonomy":"subtema_nivel_2","embeddable":true,"href":"https:\/\/dev2.cantalupe.net\/sigloxxi\/wp-json\/wp\/v2\/subtema_nivel_2?post=13956"},{"taxonomy":"tema_nivel_1","embeddable":true,"href":"https:\/\/dev2.cantalupe.net\/sigloxxi\/wp-json\/wp\/v2\/tema_nivel_1?post=13956"},{"taxonomy":"product_brand","embeddable":true,"href":"https:\/\/dev2.cantalupe.net\/sigloxxi\/wp-json\/wp\/v2\/product_brand?post=13956"},{"taxonomy":"product_cat","embeddable":true,"href":"https:\/\/dev2.cantalupe.net\/sigloxxi\/wp-json\/wp\/v2\/product_cat?post=13956"},{"taxonomy":"product_tag","embeddable":true,"href":"https:\/\/dev2.cantalupe.net\/sigloxxi\/wp-json\/wp\/v2\/product_tag?post=13956"},{"taxonomy":"product_author","embeddable":true,"href":"https:\/\/dev2.cantalupe.net\/sigloxxi\/wp-json\/wp\/v2\/product_author?post=13956"},{"taxonomy":"product_collection","embeddable":true,"href":"https:\/\/dev2.cantalupe.net\/sigloxxi\/wp-json\/wp\/v2\/product_collection?post=13956"}],"curies":[{"name":"wp","href":"https:\/\/api.w.org\/{rel}","templated":true}]}}