{"id":14012,"date":"2025-11-04T14:52:21","date_gmt":"2025-11-04T14:52:21","guid":{"rendered":"https:\/\/dev2.cantalupe.net\/sigloxxi\/libro\/guia-de-practicas-de-trabajo-social-de-primer-curso\/"},"modified":"2025-11-04T14:52:22","modified_gmt":"2025-11-04T14:52:22","slug":"guia-de-practicas-de-trabajo-social-de-primer-curso","status":"publish","type":"product","link":"https:\/\/dev2.cantalupe.net\/sigloxxi\/libro\/guia-de-practicas-de-trabajo-social-de-primer-curso\/","title":{"rendered":"Gu\u00eda de pr\u00e1cticas de trabajo social de primer curso"},"content":{"rendered":"<p>Este libro responde a la necesidad de la realizaci\u00f3n de unas actividades pr\u00e1cticas en el primer curso de la carrera de Trabajo Social. Se pretende ofrecer con \u00e9l un posible dise\u00f1o, ya experimentado por las autoras y los alumnos de una Escuela Universitaria de Trabajo Social, de la programaci\u00f3n de las pr\u00e1cticas. Este dise\u00f1o incluye un estudio de barrio que posibilita la familiarizaci\u00f3n del alumno con la problem\u00e1tica de la realidad social y un inicio en el conocimiento de algunas \u00e1reas y campos de actuaci\u00f3n del profesional del Trabajo Social.<\/p>\n","protected":false},"excerpt":{"rendered":"<p>Este libro responde a la necesidad de la realizaci\u00f3n de unas actividades pr\u00e1cticas en el primer curso de la carrera de Trabajo Social. Se pretende ofrecer con \u00e9l un posible dise\u00f1o, ya experimentado por las autoras y los alumnos de una Escuela Universitaria de Trabajo Social, de la programaci\u00f3n de las pr\u00e1cticas. Este dise\u00f1o incluye un estudio de barrio que posibilita la familiarizaci\u00f3n del alumno con la problem\u00e1tica de la realidad social y un inicio en el conocimiento de algunas \u00e1reas y campos de actuaci\u00f3n del profesional del Trabajo Social.<\/p>\n","protected":false},"featured_media":1610,"comment_status":"closed","ping_status":"open","template":"","meta":{"_acf_changed":false},"materia_nivel_3":[],"subtema_nivel_2":[],"tema_nivel_1":[2563],"product_brand":[],"product_cat":[15],"product_tag":[],"product_author":[3828,3829],"product_collection":[],"class_list":{"0":"post-14012","1":"product","2":"type-product","3":"status-publish","4":"has-post-thumbnail","6":"tema_nivel_1-siglo-xxi-de-espana-general","7":"product_cat-uncategorized","8":"product_author-mondragon-lasagabaster-jasone","9":"product_author-serrano-lopez-maria-teresa","11":"first","12":"instock","13":"purchasable","14":"product-type-simple"},"acf":[],"_links":{"self":[{"href":"https:\/\/dev2.cantalupe.net\/sigloxxi\/wp-json\/wp\/v2\/product\/14012","targetHints":{"allow":["GET"]}}],"collection":[{"href":"https:\/\/dev2.cantalupe.net\/sigloxxi\/wp-json\/wp\/v2\/product"}],"about":[{"href":"https:\/\/dev2.cantalupe.net\/sigloxxi\/wp-json\/wp\/v2\/types\/product"}],"replies":[{"embeddable":true,"href":"https:\/\/dev2.cantalupe.net\/sigloxxi\/wp-json\/wp\/v2\/comments?post=14012"}],"version-history":[{"count":1,"href":"https:\/\/dev2.cantalupe.net\/sigloxxi\/wp-json\/wp\/v2\/product\/14012\/revisions"}],"predecessor-version":[{"id":14013,"href":"https:\/\/dev2.cantalupe.net\/sigloxxi\/wp-json\/wp\/v2\/product\/14012\/revisions\/14013"}],"wp:featuredmedia":[{"embeddable":true,"href":"https:\/\/dev2.cantalupe.net\/sigloxxi\/wp-json\/wp\/v2\/media\/1610"}],"wp:attachment":[{"href":"https:\/\/dev2.cantalupe.net\/sigloxxi\/wp-json\/wp\/v2\/media?parent=14012"}],"wp:term":[{"taxonomy":"materia_nivel_3","embeddable":true,"href":"https:\/\/dev2.cantalupe.net\/sigloxxi\/wp-json\/wp\/v2\/materia_nivel_3?post=14012"},{"taxonomy":"subtema_nivel_2","embeddable":true,"href":"https:\/\/dev2.cantalupe.net\/sigloxxi\/wp-json\/wp\/v2\/subtema_nivel_2?post=14012"},{"taxonomy":"tema_nivel_1","embeddable":true,"href":"https:\/\/dev2.cantalupe.net\/sigloxxi\/wp-json\/wp\/v2\/tema_nivel_1?post=14012"},{"taxonomy":"product_brand","embeddable":true,"href":"https:\/\/dev2.cantalupe.net\/sigloxxi\/wp-json\/wp\/v2\/product_brand?post=14012"},{"taxonomy":"product_cat","embeddable":true,"href":"https:\/\/dev2.cantalupe.net\/sigloxxi\/wp-json\/wp\/v2\/product_cat?post=14012"},{"taxonomy":"product_tag","embeddable":true,"href":"https:\/\/dev2.cantalupe.net\/sigloxxi\/wp-json\/wp\/v2\/product_tag?post=14012"},{"taxonomy":"product_author","embeddable":true,"href":"https:\/\/dev2.cantalupe.net\/sigloxxi\/wp-json\/wp\/v2\/product_author?post=14012"},{"taxonomy":"product_collection","embeddable":true,"href":"https:\/\/dev2.cantalupe.net\/sigloxxi\/wp-json\/wp\/v2\/product_collection?post=14012"}],"curies":[{"name":"wp","href":"https:\/\/api.w.org\/{rel}","templated":true}]}}