{"id":14072,"date":"2025-11-04T14:52:35","date_gmt":"2025-11-04T14:52:35","guid":{"rendered":"https:\/\/dev2.cantalupe.net\/sigloxxi\/libro\/hemisferio-izquierda\/"},"modified":"2025-11-04T14:52:44","modified_gmt":"2025-11-04T14:52:44","slug":"hemisferio-izquierda","status":"publish","type":"product","link":"https:\/\/dev2.cantalupe.net\/sigloxxi\/libro\/hemisferio-izquierda\/","title":{"rendered":"Hemisferio izquierda"},"content":{"rendered":"<p>Desde la segunda mitad de los a\u00f1os noventa, asistimos a un retorno de la cr\u00edtica social y pol\u00edtica. Desde las manifestaciones altermundistas a las movilizaciones contra el genocidio financiero y la corrupci\u00f3n pol\u00edtica, las izquierdas se enfrentan nuevamente al reto de transformar el mundo. Sin embargo, la cr\u00edtica no est\u00e1 solo en las calles, el pensamiento radical ha regresado. Desarrollado por autores como Toni Negri, Slavoj \u008ei\u009eek, Alain Badiou, Judith Butler, Giorgio Agamben, Fredric Jameson, Gayatri Spivak o Axel Honneth, la cr\u00edtica del capitalismo est\u00e1 viva y goza de una excelente salud.<br \/>\n\u00bfCu\u00e1les son esas teor\u00edas que acompa\u00f1an el surgimiento de las nuevas luchas sociales? \u00bfEn qu\u00e9 se distinguen de las que caracterizaban el movimiento obrero en sus formas tradicionales? Este libro expone y esclarece la diversidad de estos nuevos pensamientos: la teor\u00eda queer, marxismo y posmarxismo, teor\u00eda poscolonial, teor\u00eda del reconocimiento, postestructuralismo, neospinozismo y un largo etc\u00e9tera.<br \/>\nAmena y clarificadora, esta obra constituye una valiosa cartograf\u00eda intelectual de vasto alcance hist\u00f3rico y sociol\u00f3gico, as\u00ed como un instrumento indispensable para orientarse en el nuevo paisaje de los pensamientos cr\u00edticos.<\/p>\n","protected":false},"excerpt":{"rendered":"<p>Desde la segunda mitad de los a\u00f1os noventa, asistimos a un retorno de la cr\u00edtica social y pol\u00edtica. Desde las manifestaciones altermundistas a las movilizaciones contra el genocidio financiero y la corrupci\u00f3n pol\u00edtica, las izquierdas se enfrentan nuevamente al reto de transformar el mundo. Sin embargo, la cr\u00edtica no est\u00e1 solo en las calles, el pensamiento radical ha regresado. Desarrollado por autores como Toni Negri, Slavoj \u008ei\u009eek, Alain Badiou, Judith Butler, Giorgio Agamben, Fredric Jameson, Gayatri Spivak o Axel Honneth, la cr\u00edtica del capitalismo est\u00e1 viva y goza de una excelente salud.<br \/>\n\u00bfCu\u00e1les son esas teor\u00edas que acompa\u00f1an el surgimiento de las nuevas luchas sociales? \u00bfEn qu\u00e9 se distinguen de las que caracterizaban el movimiento obrero en sus formas tradicionales? Este libro expone y esclarece la diversidad de estos nuevos pensamientos: la teor\u00eda queer, marxismo y posmarxismo, teor\u00eda poscolonial, teor\u00eda del reconocimiento, postestructuralismo, neospinozismo y un largo etc\u00e9tera.<br \/>\nAmena y clarificadora, esta obra constituye una valiosa cartograf\u00eda intelectual de vasto alcance hist\u00f3rico y sociol\u00f3gico, as\u00ed como un instrumento indispensable para orientarse en el nuevo paisaje de los pensamientos cr\u00edticos.<\/p>\n","protected":false},"featured_media":1662,"comment_status":"closed","ping_status":"open","template":"","meta":{"_acf_changed":false},"materia_nivel_3":[2631,2610],"subtema_nivel_2":[2586,2576],"tema_nivel_1":[2570],"product_brand":[],"product_cat":[15],"product_tag":[],"product_author":[3844],"product_collection":[],"class_list":{"0":"post-14072","1":"product","2":"type-product","3":"status-publish","4":"has-post-thumbnail","6":"materia_nivel_3-filosofia-politica","7":"materia_nivel_3-filosofia-y-critica-de-la-cultura","8":"subtema_nivel_2-filosofia","9":"subtema_nivel_2-politica","10":"tema_nivel_1-ciencias-sociales","11":"product_cat-uncategorized","12":"product_author-keucheyan-razmig","14":"first","15":"instock","16":"purchasable","17":"product-type-simple"},"acf":[],"_links":{"self":[{"href":"https:\/\/dev2.cantalupe.net\/sigloxxi\/wp-json\/wp\/v2\/product\/14072","targetHints":{"allow":["GET"]}}],"collection":[{"href":"https:\/\/dev2.cantalupe.net\/sigloxxi\/wp-json\/wp\/v2\/product"}],"about":[{"href":"https:\/\/dev2.cantalupe.net\/sigloxxi\/wp-json\/wp\/v2\/types\/product"}],"replies":[{"embeddable":true,"href":"https:\/\/dev2.cantalupe.net\/sigloxxi\/wp-json\/wp\/v2\/comments?post=14072"}],"version-history":[{"count":1,"href":"https:\/\/dev2.cantalupe.net\/sigloxxi\/wp-json\/wp\/v2\/product\/14072\/revisions"}],"predecessor-version":[{"id":14073,"href":"https:\/\/dev2.cantalupe.net\/sigloxxi\/wp-json\/wp\/v2\/product\/14072\/revisions\/14073"}],"wp:featuredmedia":[{"embeddable":true,"href":"https:\/\/dev2.cantalupe.net\/sigloxxi\/wp-json\/wp\/v2\/media\/1662"}],"wp:attachment":[{"href":"https:\/\/dev2.cantalupe.net\/sigloxxi\/wp-json\/wp\/v2\/media?parent=14072"}],"wp:term":[{"taxonomy":"materia_nivel_3","embeddable":true,"href":"https:\/\/dev2.cantalupe.net\/sigloxxi\/wp-json\/wp\/v2\/materia_nivel_3?post=14072"},{"taxonomy":"subtema_nivel_2","embeddable":true,"href":"https:\/\/dev2.cantalupe.net\/sigloxxi\/wp-json\/wp\/v2\/subtema_nivel_2?post=14072"},{"taxonomy":"tema_nivel_1","embeddable":true,"href":"https:\/\/dev2.cantalupe.net\/sigloxxi\/wp-json\/wp\/v2\/tema_nivel_1?post=14072"},{"taxonomy":"product_brand","embeddable":true,"href":"https:\/\/dev2.cantalupe.net\/sigloxxi\/wp-json\/wp\/v2\/product_brand?post=14072"},{"taxonomy":"product_cat","embeddable":true,"href":"https:\/\/dev2.cantalupe.net\/sigloxxi\/wp-json\/wp\/v2\/product_cat?post=14072"},{"taxonomy":"product_tag","embeddable":true,"href":"https:\/\/dev2.cantalupe.net\/sigloxxi\/wp-json\/wp\/v2\/product_tag?post=14072"},{"taxonomy":"product_author","embeddable":true,"href":"https:\/\/dev2.cantalupe.net\/sigloxxi\/wp-json\/wp\/v2\/product_author?post=14072"},{"taxonomy":"product_collection","embeddable":true,"href":"https:\/\/dev2.cantalupe.net\/sigloxxi\/wp-json\/wp\/v2\/product_collection?post=14072"}],"curies":[{"name":"wp","href":"https:\/\/api.w.org\/{rel}","templated":true}]}}