{"id":14198,"date":"2025-11-04T14:52:54","date_gmt":"2025-11-04T14:52:54","guid":{"rendered":"https:\/\/dev2.cantalupe.net\/sigloxxi\/libro\/historia-de-palestina\/"},"modified":"2025-11-04T14:52:54","modified_gmt":"2025-11-04T14:52:54","slug":"historia-de-palestina","status":"publish","type":"product","link":"https:\/\/dev2.cantalupe.net\/sigloxxi\/libro\/historia-de-palestina\/","title":{"rendered":"Historia de Palestina"},"content":{"rendered":"<p>La complejidad del conflicto palestino-israel\u00ed dificulta cualquier intento de correcta comprensi\u00f3n y an\u00e1lisis de lo que acontece en Oriente Pr\u00f3ximo. Historia de Palestina, obra de Gudrun Kr\u00e4mer, una de las mejores conocedoras de la regi\u00f3n Palestina y de su historia, ubica los antecedentes de este complejo conflicto y expone a trav\u00e9s de la claridad de su narraci\u00f3n los acontecimientos y principales personajes de la historia de Palestina. La presencia turca, el mandato brit\u00e1nico, el acuerdo Sykes-Picot, la declaraci\u00f3n de Balfour, la inmigraci\u00f3n jud\u00eda o la exclusi\u00f3n del territorio palestino del principio de autodeterminaci\u00f3n proclamado en los catorce puntos del presidente Woodrow Wilson son varias de las piezas de este rompecabezas que Kr\u00e4mer, con su impresionante exposici\u00f3n, va desgranando para comprender la realidad al otro lado del Mediterr\u00e1neo.\u00abEste libro es una lectura esencial para toda persona interesada en la realidad de Oriente Pr\u00f3ximo. La autora explica los or\u00edgenes y los antecedentes de este conflicto que en los \u00faltimos tiempos ha llegado a niveles en exceso sangrientos.\u00bbDeutsche Welle\u00abEl poder de las im\u00e1genes y de los mitos condiciona nuestro concepto de Tierra Santa. Quien realmente quiera entender las causas subyacentes del actual conflicto, encontrar\u00e1 en este libro toda la informaci\u00f3n que necesita.\u00bbDie Zeit<\/p>\n","protected":false},"excerpt":{"rendered":"<p>La complejidad del conflicto palestino-israel\u00ed dificulta cualquier intento de correcta comprensi\u00f3n y an\u00e1lisis de lo que acontece en Oriente Pr\u00f3ximo. Historia de Palestina, obra de Gudrun Kr\u00e4mer, una de las mejores conocedoras de la regi\u00f3n Palestina y de su historia, ubica los antecedentes de este complejo conflicto y expone a trav\u00e9s de la claridad de su narraci\u00f3n los acontecimientos y principales personajes de la historia de Palestina. La presencia turca, el mandato brit\u00e1nico, el acuerdo Sykes-Picot, la declaraci\u00f3n de Balfour, la inmigraci\u00f3n jud\u00eda o la exclusi\u00f3n del territorio palestino del principio de autodeterminaci\u00f3n proclamado en los catorce puntos del presidente Woodrow Wilson son varias de las piezas de este rompecabezas que Kr\u00e4mer, con su impresionante exposici\u00f3n, va desgranando para comprender la realidad al otro lado del Mediterr\u00e1neo.\u00abEste libro es una lectura esencial para toda persona interesada en la realidad de Oriente Pr\u00f3ximo. La autora explica los or\u00edgenes y los antecedentes de este conflicto que en los \u00faltimos tiempos ha llegado a niveles en exceso sangrientos.\u00bbDeutsche Welle\u00abEl poder de las im\u00e1genes y de los mitos condiciona nuestro concepto de Tierra Santa. Quien realmente quiera entender las causas subyacentes del actual conflicto, encontrar\u00e1 en este libro toda la informaci\u00f3n que necesita.\u00bbDie Zeit<\/p>\n","protected":false},"featured_media":2581,"comment_status":"closed","ping_status":"open","template":"","meta":{"_acf_changed":false},"materia_nivel_3":[2565],"subtema_nivel_2":[2561],"tema_nivel_1":[2567],"product_brand":[],"product_cat":[15],"product_tag":[],"product_author":[3909],"product_collection":[],"class_list":{"0":"post-14198","1":"product","2":"type-product","3":"status-publish","4":"has-post-thumbnail","6":"materia_nivel_3-contemporanea","7":"subtema_nivel_2-historia","8":"tema_nivel_1-historia","9":"product_cat-uncategorized","10":"product_author-kramer-gudrun","12":"first","13":"instock","14":"purchasable","15":"product-type-simple"},"acf":[],"_links":{"self":[{"href":"https:\/\/dev2.cantalupe.net\/sigloxxi\/wp-json\/wp\/v2\/product\/14198","targetHints":{"allow":["GET"]}}],"collection":[{"href":"https:\/\/dev2.cantalupe.net\/sigloxxi\/wp-json\/wp\/v2\/product"}],"about":[{"href":"https:\/\/dev2.cantalupe.net\/sigloxxi\/wp-json\/wp\/v2\/types\/product"}],"replies":[{"embeddable":true,"href":"https:\/\/dev2.cantalupe.net\/sigloxxi\/wp-json\/wp\/v2\/comments?post=14198"}],"version-history":[{"count":1,"href":"https:\/\/dev2.cantalupe.net\/sigloxxi\/wp-json\/wp\/v2\/product\/14198\/revisions"}],"predecessor-version":[{"id":14199,"href":"https:\/\/dev2.cantalupe.net\/sigloxxi\/wp-json\/wp\/v2\/product\/14198\/revisions\/14199"}],"wp:featuredmedia":[{"embeddable":true,"href":"https:\/\/dev2.cantalupe.net\/sigloxxi\/wp-json\/wp\/v2\/media\/2581"}],"wp:attachment":[{"href":"https:\/\/dev2.cantalupe.net\/sigloxxi\/wp-json\/wp\/v2\/media?parent=14198"}],"wp:term":[{"taxonomy":"materia_nivel_3","embeddable":true,"href":"https:\/\/dev2.cantalupe.net\/sigloxxi\/wp-json\/wp\/v2\/materia_nivel_3?post=14198"},{"taxonomy":"subtema_nivel_2","embeddable":true,"href":"https:\/\/dev2.cantalupe.net\/sigloxxi\/wp-json\/wp\/v2\/subtema_nivel_2?post=14198"},{"taxonomy":"tema_nivel_1","embeddable":true,"href":"https:\/\/dev2.cantalupe.net\/sigloxxi\/wp-json\/wp\/v2\/tema_nivel_1?post=14198"},{"taxonomy":"product_brand","embeddable":true,"href":"https:\/\/dev2.cantalupe.net\/sigloxxi\/wp-json\/wp\/v2\/product_brand?post=14198"},{"taxonomy":"product_cat","embeddable":true,"href":"https:\/\/dev2.cantalupe.net\/sigloxxi\/wp-json\/wp\/v2\/product_cat?post=14198"},{"taxonomy":"product_tag","embeddable":true,"href":"https:\/\/dev2.cantalupe.net\/sigloxxi\/wp-json\/wp\/v2\/product_tag?post=14198"},{"taxonomy":"product_author","embeddable":true,"href":"https:\/\/dev2.cantalupe.net\/sigloxxi\/wp-json\/wp\/v2\/product_author?post=14198"},{"taxonomy":"product_collection","embeddable":true,"href":"https:\/\/dev2.cantalupe.net\/sigloxxi\/wp-json\/wp\/v2\/product_collection?post=14198"}],"curies":[{"name":"wp","href":"https:\/\/api.w.org\/{rel}","templated":true}]}}