{"id":14406,"date":"2025-11-04T14:53:24","date_gmt":"2025-11-04T14:53:24","guid":{"rendered":"https:\/\/dev2.cantalupe.net\/sigloxxi\/libro\/investigaciones-sobre-la-contradiccion\/"},"modified":"2025-11-04T14:53:28","modified_gmt":"2025-11-04T14:53:28","slug":"investigaciones-sobre-la-contradiccion","status":"publish","type":"product","link":"https:\/\/dev2.cantalupe.net\/sigloxxi\/libro\/investigaciones-sobre-la-contradiccion\/","title":{"rendered":"Investigaciones sobre la contradicci\u00f3n"},"content":{"rendered":"<p>El tema de este libro -la contradicci\u00f3n en el pensamiento espont\u00e1neo de los sujetos- mantiene plena actualidad: el problema de la contradicci\u00f3n ocupa un lugar central en el \u00e1mbito del pensamiento dial\u00e9ctico. Por otra parte, Jean Piaget ha dado pruebas a trav\u00e9s de su vasta obra de lo que puede ser el empleo del m\u00e9todo dial\u00e9ctico, pues dial\u00e9ctica es su concepci\u00f3n del desarrollo cognitivo del sujeto humano. Para la elaboraci\u00f3n de este volumen se ha servido de la ayuda de muy diversos colaboradores. La divisi\u00f3n del trabajo entre Piaget y ellos es \u00e9sta: \u00e9l dise\u00f1\u00f3 la prueba, los colaboradores reunieron los datos mediante una serie de entrevistas y Piaget los interpret\u00f3. En la primera parte del libro se desarrolla el an\u00e1lisis de un cierto n\u00famero de hechos relacionados con los desequilibrios o \u00abcontradicciones\u00bb que provienen de falsas identidades, de compensaciones incompletas o de inferencias mal reguladas. Estos hechos se agrupan en dos categor\u00edas, seg\u00fan se trate de los aspectos l\u00f3gico-matem\u00e1ticos o de los aspectos f\u00edsicos. El resultado de estos an\u00e1lisis plantea el porqu\u00e9 de los desequilibrios iniciales y de las faltas de compensaciones, y a despejar el problema est\u00e1 dedicada la segunda parte. La conclusi\u00f3n muestra c\u00f3mo los hechos encajan armoniosamente en la teor\u00eda piagetiana, elaborada, rica y flexible.<\/p>\n","protected":false},"excerpt":{"rendered":"<p>El tema de este libro -la contradicci\u00f3n en el pensamiento espont\u00e1neo de los sujetos- mantiene plena actualidad: el problema de la contradicci\u00f3n ocupa un lugar central en el \u00e1mbito del pensamiento dial\u00e9ctico. Por otra parte, Jean Piaget ha dado pruebas a trav\u00e9s de su vasta obra de lo que puede ser el empleo del m\u00e9todo dial\u00e9ctico, pues dial\u00e9ctica es su concepci\u00f3n del desarrollo cognitivo del sujeto humano. Para la elaboraci\u00f3n de este volumen se ha servido de la ayuda de muy diversos colaboradores. La divisi\u00f3n del trabajo entre Piaget y ellos es \u00e9sta: \u00e9l dise\u00f1\u00f3 la prueba, los colaboradores reunieron los datos mediante una serie de entrevistas y Piaget los interpret\u00f3. En la primera parte del libro se desarrolla el an\u00e1lisis de un cierto n\u00famero de hechos relacionados con los desequilibrios o \u00abcontradicciones\u00bb que provienen de falsas identidades, de compensaciones incompletas o de inferencias mal reguladas. Estos hechos se agrupan en dos categor\u00edas, seg\u00fan se trate de los aspectos l\u00f3gico-matem\u00e1ticos o de los aspectos f\u00edsicos. El resultado de estos an\u00e1lisis plantea el porqu\u00e9 de los desequilibrios iniciales y de las faltas de compensaciones, y a despejar el problema est\u00e1 dedicada la segunda parte. La conclusi\u00f3n muestra c\u00f3mo los hechos encajan armoniosamente en la teor\u00eda piagetiana, elaborada, rica y flexible.<\/p>\n","protected":false},"featured_media":2776,"comment_status":"closed","ping_status":"open","template":"","meta":{"_acf_changed":false},"materia_nivel_3":[],"subtema_nivel_2":[2578],"tema_nivel_1":[2579],"product_brand":[],"product_cat":[15],"product_tag":[],"product_author":[2793],"product_collection":[],"class_list":{"0":"post-14406","1":"product","2":"type-product","3":"status-publish","4":"has-post-thumbnail","6":"subtema_nivel_2-psicologia","7":"tema_nivel_1-psicologia","8":"product_cat-uncategorized","9":"product_author-piaget-jean","11":"first","12":"instock","13":"purchasable","14":"product-type-simple"},"acf":[],"_links":{"self":[{"href":"https:\/\/dev2.cantalupe.net\/sigloxxi\/wp-json\/wp\/v2\/product\/14406","targetHints":{"allow":["GET"]}}],"collection":[{"href":"https:\/\/dev2.cantalupe.net\/sigloxxi\/wp-json\/wp\/v2\/product"}],"about":[{"href":"https:\/\/dev2.cantalupe.net\/sigloxxi\/wp-json\/wp\/v2\/types\/product"}],"replies":[{"embeddable":true,"href":"https:\/\/dev2.cantalupe.net\/sigloxxi\/wp-json\/wp\/v2\/comments?post=14406"}],"version-history":[{"count":1,"href":"https:\/\/dev2.cantalupe.net\/sigloxxi\/wp-json\/wp\/v2\/product\/14406\/revisions"}],"predecessor-version":[{"id":14407,"href":"https:\/\/dev2.cantalupe.net\/sigloxxi\/wp-json\/wp\/v2\/product\/14406\/revisions\/14407"}],"wp:featuredmedia":[{"embeddable":true,"href":"https:\/\/dev2.cantalupe.net\/sigloxxi\/wp-json\/wp\/v2\/media\/2776"}],"wp:attachment":[{"href":"https:\/\/dev2.cantalupe.net\/sigloxxi\/wp-json\/wp\/v2\/media?parent=14406"}],"wp:term":[{"taxonomy":"materia_nivel_3","embeddable":true,"href":"https:\/\/dev2.cantalupe.net\/sigloxxi\/wp-json\/wp\/v2\/materia_nivel_3?post=14406"},{"taxonomy":"subtema_nivel_2","embeddable":true,"href":"https:\/\/dev2.cantalupe.net\/sigloxxi\/wp-json\/wp\/v2\/subtema_nivel_2?post=14406"},{"taxonomy":"tema_nivel_1","embeddable":true,"href":"https:\/\/dev2.cantalupe.net\/sigloxxi\/wp-json\/wp\/v2\/tema_nivel_1?post=14406"},{"taxonomy":"product_brand","embeddable":true,"href":"https:\/\/dev2.cantalupe.net\/sigloxxi\/wp-json\/wp\/v2\/product_brand?post=14406"},{"taxonomy":"product_cat","embeddable":true,"href":"https:\/\/dev2.cantalupe.net\/sigloxxi\/wp-json\/wp\/v2\/product_cat?post=14406"},{"taxonomy":"product_tag","embeddable":true,"href":"https:\/\/dev2.cantalupe.net\/sigloxxi\/wp-json\/wp\/v2\/product_tag?post=14406"},{"taxonomy":"product_author","embeddable":true,"href":"https:\/\/dev2.cantalupe.net\/sigloxxi\/wp-json\/wp\/v2\/product_author?post=14406"},{"taxonomy":"product_collection","embeddable":true,"href":"https:\/\/dev2.cantalupe.net\/sigloxxi\/wp-json\/wp\/v2\/product_collection?post=14406"}],"curies":[{"name":"wp","href":"https:\/\/api.w.org\/{rel}","templated":true}]}}