{"id":14442,"date":"2025-11-04T14:53:34","date_gmt":"2025-11-04T14:53:34","guid":{"rendered":"https:\/\/dev2.cantalupe.net\/sigloxxi\/libro\/kierkegaard-en-90-minutos\/"},"modified":"2025-11-04T14:53:34","modified_gmt":"2025-11-04T14:53:34","slug":"kierkegaard-en-90-minutos","status":"publish","type":"product","link":"https:\/\/dev2.cantalupe.net\/sigloxxi\/libro\/kierkegaard-en-90-minutos\/","title":{"rendered":"Kierkegaard en 90 minutos"},"content":{"rendered":"<p>Kierkegaard no fue realmente fil\u00f3sofo en un sentido acad\u00e9mico y, sin embargo, produjo lo que mucha gente espera de la filosof\u00eda. No escribi\u00f3 acerca del mundo, sino sobre la vida, sobre c\u00f3mo la vivimos y c\u00f3mo la elegimos. Su objeto de estudio es el individuo y la existencia del mismo: \u00abel ser existente\u00bb. Para Kierkegaard, esta entidad puramente subjetiva est\u00e1 m\u00e1s all\u00e1 del alcance de la raz\u00f3n, la l\u00f3gica, los sistemas filos\u00f3ficos, la teolog\u00eda; m\u00e1s all\u00e1 incluso de las \u00abpretensiones de la psicolog\u00eda\u00bb. Sin embargo, este ser es la fuente de todas estas materias. La rama de la filosof\u00eda a la que Kierkegaard hizo nacer acabar\u00eda siendo conocida como existencialismo.En Kierkegaard en 90 minutos, Paul Strathern expone de manera clara y concisa la vida e ideas del influyente pensador dan\u00e9s. El libro incluye una selecci\u00f3n de escritos de Kierkegaard, una breve lista de lecturas sugeridas para aquellos que deseen profundizar en su pensamiento y cronolog\u00edas que sit\u00faan a Kierkegaard en su \u00e9poca y en una sinopsis m\u00e1s amplia de la filosof\u00eda.<br \/>\n\u00ab90 minutos\u00bb es una colecci\u00f3n compuesta por breves e iluminadoras introducciones a los m\u00e1s destacados fil\u00f3sofos, cient\u00edficos y pensadores de todos los tiempos. De lectura amena y accesible, permiten a cualquier lector interesado adentrarse tanto en el pensamiento y los descubrimientos de cada figura analizada como en su influencia posterior en el curso de la historia.<\/p>\n","protected":false},"excerpt":{"rendered":"<p>Kierkegaard no fue realmente fil\u00f3sofo en un sentido acad\u00e9mico y, sin embargo, produjo lo que mucha gente espera de la filosof\u00eda. No escribi\u00f3 acerca del mundo, sino sobre la vida, sobre c\u00f3mo la vivimos y c\u00f3mo la elegimos. Su objeto de estudio es el individuo y la existencia del mismo: \u00abel ser existente\u00bb. Para Kierkegaard, esta entidad puramente subjetiva est\u00e1 m\u00e1s all\u00e1 del alcance de la raz\u00f3n, la l\u00f3gica, los sistemas filos\u00f3ficos, la teolog\u00eda; m\u00e1s all\u00e1 incluso de las \u00abpretensiones de la psicolog\u00eda\u00bb. Sin embargo, este ser es la fuente de todas estas materias. La rama de la filosof\u00eda a la que Kierkegaard hizo nacer acabar\u00eda siendo conocida como existencialismo.En Kierkegaard en 90 minutos, Paul Strathern expone de manera clara y concisa la vida e ideas del influyente pensador dan\u00e9s. El libro incluye una selecci\u00f3n de escritos de Kierkegaard, una breve lista de lecturas sugeridas para aquellos que deseen profundizar en su pensamiento y cronolog\u00edas que sit\u00faan a Kierkegaard en su \u00e9poca y en una sinopsis m\u00e1s amplia de la filosof\u00eda.<br \/>\n\u00ab90 minutos\u00bb es una colecci\u00f3n compuesta por breves e iluminadoras introducciones a los m\u00e1s destacados fil\u00f3sofos, cient\u00edficos y pensadores de todos los tiempos. De lectura amena y accesible, permiten a cualquier lector interesado adentrarse tanto en el pensamiento y los descubrimientos de cada figura analizada como en su influencia posterior en el curso de la historia.<\/p>\n","protected":false},"featured_media":2807,"comment_status":"closed","ping_status":"open","template":"","meta":{"_acf_changed":false},"materia_nivel_3":[2565,2686],"subtema_nivel_2":[2586],"tema_nivel_1":[2663],"product_brand":[],"product_cat":[15],"product_tag":[],"product_author":[2849],"product_collection":[],"class_list":{"0":"post-14442","1":"product","2":"type-product","3":"status-publish","4":"has-post-thumbnail","6":"materia_nivel_3-contemporanea","7":"materia_nivel_3-historia-de-la-filosofia","8":"subtema_nivel_2-filosofia","9":"tema_nivel_1-en-90-minutos","10":"product_cat-uncategorized","11":"product_author-strathern-paul","13":"first","14":"instock","15":"purchasable","16":"product-type-simple"},"acf":[],"_links":{"self":[{"href":"https:\/\/dev2.cantalupe.net\/sigloxxi\/wp-json\/wp\/v2\/product\/14442","targetHints":{"allow":["GET"]}}],"collection":[{"href":"https:\/\/dev2.cantalupe.net\/sigloxxi\/wp-json\/wp\/v2\/product"}],"about":[{"href":"https:\/\/dev2.cantalupe.net\/sigloxxi\/wp-json\/wp\/v2\/types\/product"}],"replies":[{"embeddable":true,"href":"https:\/\/dev2.cantalupe.net\/sigloxxi\/wp-json\/wp\/v2\/comments?post=14442"}],"version-history":[{"count":1,"href":"https:\/\/dev2.cantalupe.net\/sigloxxi\/wp-json\/wp\/v2\/product\/14442\/revisions"}],"predecessor-version":[{"id":14443,"href":"https:\/\/dev2.cantalupe.net\/sigloxxi\/wp-json\/wp\/v2\/product\/14442\/revisions\/14443"}],"wp:featuredmedia":[{"embeddable":true,"href":"https:\/\/dev2.cantalupe.net\/sigloxxi\/wp-json\/wp\/v2\/media\/2807"}],"wp:attachment":[{"href":"https:\/\/dev2.cantalupe.net\/sigloxxi\/wp-json\/wp\/v2\/media?parent=14442"}],"wp:term":[{"taxonomy":"materia_nivel_3","embeddable":true,"href":"https:\/\/dev2.cantalupe.net\/sigloxxi\/wp-json\/wp\/v2\/materia_nivel_3?post=14442"},{"taxonomy":"subtema_nivel_2","embeddable":true,"href":"https:\/\/dev2.cantalupe.net\/sigloxxi\/wp-json\/wp\/v2\/subtema_nivel_2?post=14442"},{"taxonomy":"tema_nivel_1","embeddable":true,"href":"https:\/\/dev2.cantalupe.net\/sigloxxi\/wp-json\/wp\/v2\/tema_nivel_1?post=14442"},{"taxonomy":"product_brand","embeddable":true,"href":"https:\/\/dev2.cantalupe.net\/sigloxxi\/wp-json\/wp\/v2\/product_brand?post=14442"},{"taxonomy":"product_cat","embeddable":true,"href":"https:\/\/dev2.cantalupe.net\/sigloxxi\/wp-json\/wp\/v2\/product_cat?post=14442"},{"taxonomy":"product_tag","embeddable":true,"href":"https:\/\/dev2.cantalupe.net\/sigloxxi\/wp-json\/wp\/v2\/product_tag?post=14442"},{"taxonomy":"product_author","embeddable":true,"href":"https:\/\/dev2.cantalupe.net\/sigloxxi\/wp-json\/wp\/v2\/product_author?post=14442"},{"taxonomy":"product_collection","embeddable":true,"href":"https:\/\/dev2.cantalupe.net\/sigloxxi\/wp-json\/wp\/v2\/product_collection?post=14442"}],"curies":[{"name":"wp","href":"https:\/\/api.w.org\/{rel}","templated":true}]}}