{"id":14576,"date":"2025-11-04T14:53:50","date_gmt":"2025-11-04T14:53:50","guid":{"rendered":"https:\/\/dev2.cantalupe.net\/sigloxxi\/libro\/la-economia-del-socialismo-factible\/"},"modified":"2025-11-04T14:53:51","modified_gmt":"2025-11-04T14:53:51","slug":"la-economia-del-socialismo-factible","status":"publish","type":"product","link":"https:\/\/dev2.cantalupe.net\/sigloxxi\/libro\/la-economia-del-socialismo-factible\/","title":{"rendered":"La econom\u00eda del socialismo factible"},"content":{"rendered":"<p>Tras la ca\u00edda del Muro de Berl\u00edn y la disoluci\u00f3n de la Uni\u00f3n Sovi\u00e9tica, se comprob\u00f3 que la econom\u00eda del llamado socialismo real tuvo diversos problemas: ineficiencia, excesiva burocracia, despotismo jer\u00e1rquico e incapacidad para asimilar las nuevas iniciativas. Se ha pretendido achacar estas dificultades a las \u00abdeformaciones\u00bb de la econom\u00eda sovi\u00e9tica, una desviaci\u00f3n del modelo ideal de sociedad socialista que deb\u00eda deducirse de la obra de Marx. Frente a este tipo de an\u00e1lisis, Nove, en el inicio de la d\u00e9cada de los ochenta y antes de la desintegraci\u00f3n de la Uni\u00f3n Sovi\u00e9tica, revolucion\u00f3 la cuesti\u00f3n mostrando rigurosamente la insuficiencia del planteamiento de Marx para construir una sociedad socialista.<br \/>\nEste brillante ensayo analiza las debilidades del socialismo de tipo sovi\u00e9tico, se ocupa de los intentos de reforma econ\u00f3mica en la Europa del Este subrayando sus problemas y limitaciones, y aborda las cuestiones m\u00e1s estrat\u00e9gicas de una posible transici\u00f3n al socialismo (tanto desde el capitalismo como desde el \u00absocialismo real\u00bb). Partiendo de este an\u00e1lisis, Nove aborda el problema central de definir un socialismo factible y realizable, un socialismo eficiente y humano que suponga una superaci\u00f3n real y no s\u00f3lo nominal del capitalismo.<\/p>\n","protected":false},"excerpt":{"rendered":"<p>Tras la ca\u00edda del Muro de Berl\u00edn y la disoluci\u00f3n de la Uni\u00f3n Sovi\u00e9tica, se comprob\u00f3 que la econom\u00eda del llamado socialismo real tuvo diversos problemas: ineficiencia, excesiva burocracia, despotismo jer\u00e1rquico e incapacidad para asimilar las nuevas iniciativas. Se ha pretendido achacar estas dificultades a las \u00abdeformaciones\u00bb de la econom\u00eda sovi\u00e9tica, una desviaci\u00f3n del modelo ideal de sociedad socialista que deb\u00eda deducirse de la obra de Marx. Frente a este tipo de an\u00e1lisis, Nove, en el inicio de la d\u00e9cada de los ochenta y antes de la desintegraci\u00f3n de la Uni\u00f3n Sovi\u00e9tica, revolucion\u00f3 la cuesti\u00f3n mostrando rigurosamente la insuficiencia del planteamiento de Marx para construir una sociedad socialista.<br \/>\nEste brillante ensayo analiza las debilidades del socialismo de tipo sovi\u00e9tico, se ocupa de los intentos de reforma econ\u00f3mica en la Europa del Este subrayando sus problemas y limitaciones, y aborda las cuestiones m\u00e1s estrat\u00e9gicas de una posible transici\u00f3n al socialismo (tanto desde el capitalismo como desde el \u00absocialismo real\u00bb). Partiendo de este an\u00e1lisis, Nove aborda el problema central de definir un socialismo factible y realizable, un socialismo eficiente y humano que suponga una superaci\u00f3n real y no s\u00f3lo nominal del capitalismo.<\/p>\n","protected":false},"featured_media":2933,"comment_status":"closed","ping_status":"open","template":"","meta":{"_acf_changed":false},"materia_nivel_3":[2691],"subtema_nivel_2":[2598,2576],"tema_nivel_1":[2570],"product_brand":[],"product_cat":[15],"product_tag":[],"product_author":[4033],"product_collection":[],"class_list":{"0":"post-14576","1":"product","2":"type-product","3":"status-publish","4":"has-post-thumbnail","6":"materia_nivel_3-historia-de-las-ideas-politicas","7":"subtema_nivel_2-economia","8":"subtema_nivel_2-politica","9":"tema_nivel_1-ciencias-sociales","10":"product_cat-uncategorized","11":"product_author-nove-alec","13":"first","14":"instock","15":"purchasable","16":"product-type-simple"},"acf":[],"_links":{"self":[{"href":"https:\/\/dev2.cantalupe.net\/sigloxxi\/wp-json\/wp\/v2\/product\/14576","targetHints":{"allow":["GET"]}}],"collection":[{"href":"https:\/\/dev2.cantalupe.net\/sigloxxi\/wp-json\/wp\/v2\/product"}],"about":[{"href":"https:\/\/dev2.cantalupe.net\/sigloxxi\/wp-json\/wp\/v2\/types\/product"}],"replies":[{"embeddable":true,"href":"https:\/\/dev2.cantalupe.net\/sigloxxi\/wp-json\/wp\/v2\/comments?post=14576"}],"version-history":[{"count":1,"href":"https:\/\/dev2.cantalupe.net\/sigloxxi\/wp-json\/wp\/v2\/product\/14576\/revisions"}],"predecessor-version":[{"id":14577,"href":"https:\/\/dev2.cantalupe.net\/sigloxxi\/wp-json\/wp\/v2\/product\/14576\/revisions\/14577"}],"wp:featuredmedia":[{"embeddable":true,"href":"https:\/\/dev2.cantalupe.net\/sigloxxi\/wp-json\/wp\/v2\/media\/2933"}],"wp:attachment":[{"href":"https:\/\/dev2.cantalupe.net\/sigloxxi\/wp-json\/wp\/v2\/media?parent=14576"}],"wp:term":[{"taxonomy":"materia_nivel_3","embeddable":true,"href":"https:\/\/dev2.cantalupe.net\/sigloxxi\/wp-json\/wp\/v2\/materia_nivel_3?post=14576"},{"taxonomy":"subtema_nivel_2","embeddable":true,"href":"https:\/\/dev2.cantalupe.net\/sigloxxi\/wp-json\/wp\/v2\/subtema_nivel_2?post=14576"},{"taxonomy":"tema_nivel_1","embeddable":true,"href":"https:\/\/dev2.cantalupe.net\/sigloxxi\/wp-json\/wp\/v2\/tema_nivel_1?post=14576"},{"taxonomy":"product_brand","embeddable":true,"href":"https:\/\/dev2.cantalupe.net\/sigloxxi\/wp-json\/wp\/v2\/product_brand?post=14576"},{"taxonomy":"product_cat","embeddable":true,"href":"https:\/\/dev2.cantalupe.net\/sigloxxi\/wp-json\/wp\/v2\/product_cat?post=14576"},{"taxonomy":"product_tag","embeddable":true,"href":"https:\/\/dev2.cantalupe.net\/sigloxxi\/wp-json\/wp\/v2\/product_tag?post=14576"},{"taxonomy":"product_author","embeddable":true,"href":"https:\/\/dev2.cantalupe.net\/sigloxxi\/wp-json\/wp\/v2\/product_author?post=14576"},{"taxonomy":"product_collection","embeddable":true,"href":"https:\/\/dev2.cantalupe.net\/sigloxxi\/wp-json\/wp\/v2\/product_collection?post=14576"}],"curies":[{"name":"wp","href":"https:\/\/api.w.org\/{rel}","templated":true}]}}