{"id":14582,"date":"2025-11-04T14:53:50","date_gmt":"2025-11-04T14:53:50","guid":{"rendered":"https:\/\/dev2.cantalupe.net\/sigloxxi\/libro\/la-economia-en-evolucion-2\/"},"modified":"2025-11-04T14:53:51","modified_gmt":"2025-11-04T14:53:51","slug":"la-economia-en-evolucion-2","status":"publish","type":"product","link":"https:\/\/dev2.cantalupe.net\/sigloxxi\/libro\/la-economia-en-evolucion-2\/","title":{"rendered":"La econom\u00eda en evoluci\u00f3n"},"content":{"rendered":"<p>\u00abLlevo a\u00f1os comprendiendo y afirmando que el mundo del a\u00f1o 2000 exige otra conceptualizaci\u00f3n de las relaciones humanas para la adecuada satisfacci\u00f3n de nuestras necesidades. La ciencia econ\u00f3mica no es una t\u00e9cnica de relaciones entre objetos a base de variables cuantitativas, sino un estudio de decisiones humanas inspi radas en valores sociales y moldeadas por redes institucionales. En fin, para ser breve, hoy me considero un metaeconomista (pues hay que rebasar los moldes de la teor\u00eda convencional de los premios Nobel) y, por haber sido yo cocinero antes que fraile perm\u00edtaseme este lenguaje como ant\u00eddoto a la pedanter\u00eda, aseguro que el libro de Jos\u00e9 Manuel Naredo es sumamente valioso para ir preparando a los economistas del futuro. Es incluso necesario que se multipliquen libros as\u00ed y que llegue a los estudiosos y a los consagrados no dogm\u00e1ticos el lenguaje de un nuevo enfoque.\u00bb\u00a0<br \/>\nJos\u00e9 Luis Sampedro<\/p>\n","protected":false},"excerpt":{"rendered":"<p>\u00abLlevo a\u00f1os comprendiendo y afirmando que el mundo del a\u00f1o 2000 exige otra conceptualizaci\u00f3n de las relaciones humanas para la adecuada satisfacci\u00f3n de nuestras necesidades. La ciencia econ\u00f3mica no es una t\u00e9cnica de relaciones entre objetos a base de variables cuantitativas, sino un estudio de decisiones humanas inspi radas en valores sociales y moldeadas por redes institucionales. En fin, para ser breve, hoy me considero un metaeconomista (pues hay que rebasar los moldes de la teor\u00eda convencional de los premios Nobel) y, por haber sido yo cocinero antes que fraile perm\u00edtaseme este lenguaje como ant\u00eddoto a la pedanter\u00eda, aseguro que el libro de Jos\u00e9 Manuel Naredo es sumamente valioso para ir preparando a los economistas del futuro. Es incluso necesario que se multipliquen libros as\u00ed y que llegue a los estudiosos y a los consagrados no dogm\u00e1ticos el lenguaje de un nuevo enfoque.\u00bb\u00a0<br \/>\nJos\u00e9 Luis Sampedro<\/p>\n","protected":false},"featured_media":2937,"comment_status":"closed","ping_status":"open","template":"","meta":{"_acf_changed":false},"materia_nivel_3":[2730],"subtema_nivel_2":[2598,2561,2576,2583],"tema_nivel_1":[2570],"product_brand":[],"product_cat":[15],"product_tag":[],"product_author":[3559],"product_collection":[],"class_list":{"0":"post-14582","1":"product","2":"type-product","3":"status-publish","4":"has-post-thumbnail","6":"materia_nivel_3-teoria-sociologica","7":"subtema_nivel_2-economia","8":"subtema_nivel_2-historia","9":"subtema_nivel_2-politica","10":"subtema_nivel_2-sociologia","11":"tema_nivel_1-ciencias-sociales","12":"product_cat-uncategorized","13":"product_author-naredo-jose-manuel","15":"first","16":"instock","17":"purchasable","18":"product-type-simple"},"acf":[],"_links":{"self":[{"href":"https:\/\/dev2.cantalupe.net\/sigloxxi\/wp-json\/wp\/v2\/product\/14582","targetHints":{"allow":["GET"]}}],"collection":[{"href":"https:\/\/dev2.cantalupe.net\/sigloxxi\/wp-json\/wp\/v2\/product"}],"about":[{"href":"https:\/\/dev2.cantalupe.net\/sigloxxi\/wp-json\/wp\/v2\/types\/product"}],"replies":[{"embeddable":true,"href":"https:\/\/dev2.cantalupe.net\/sigloxxi\/wp-json\/wp\/v2\/comments?post=14582"}],"version-history":[{"count":1,"href":"https:\/\/dev2.cantalupe.net\/sigloxxi\/wp-json\/wp\/v2\/product\/14582\/revisions"}],"predecessor-version":[{"id":14583,"href":"https:\/\/dev2.cantalupe.net\/sigloxxi\/wp-json\/wp\/v2\/product\/14582\/revisions\/14583"}],"wp:featuredmedia":[{"embeddable":true,"href":"https:\/\/dev2.cantalupe.net\/sigloxxi\/wp-json\/wp\/v2\/media\/2937"}],"wp:attachment":[{"href":"https:\/\/dev2.cantalupe.net\/sigloxxi\/wp-json\/wp\/v2\/media?parent=14582"}],"wp:term":[{"taxonomy":"materia_nivel_3","embeddable":true,"href":"https:\/\/dev2.cantalupe.net\/sigloxxi\/wp-json\/wp\/v2\/materia_nivel_3?post=14582"},{"taxonomy":"subtema_nivel_2","embeddable":true,"href":"https:\/\/dev2.cantalupe.net\/sigloxxi\/wp-json\/wp\/v2\/subtema_nivel_2?post=14582"},{"taxonomy":"tema_nivel_1","embeddable":true,"href":"https:\/\/dev2.cantalupe.net\/sigloxxi\/wp-json\/wp\/v2\/tema_nivel_1?post=14582"},{"taxonomy":"product_brand","embeddable":true,"href":"https:\/\/dev2.cantalupe.net\/sigloxxi\/wp-json\/wp\/v2\/product_brand?post=14582"},{"taxonomy":"product_cat","embeddable":true,"href":"https:\/\/dev2.cantalupe.net\/sigloxxi\/wp-json\/wp\/v2\/product_cat?post=14582"},{"taxonomy":"product_tag","embeddable":true,"href":"https:\/\/dev2.cantalupe.net\/sigloxxi\/wp-json\/wp\/v2\/product_tag?post=14582"},{"taxonomy":"product_author","embeddable":true,"href":"https:\/\/dev2.cantalupe.net\/sigloxxi\/wp-json\/wp\/v2\/product_author?post=14582"},{"taxonomy":"product_collection","embeddable":true,"href":"https:\/\/dev2.cantalupe.net\/sigloxxi\/wp-json\/wp\/v2\/product_collection?post=14582"}],"curies":[{"name":"wp","href":"https:\/\/api.w.org\/{rel}","templated":true}]}}