{"id":14830,"date":"2025-11-04T14:54:26","date_gmt":"2025-11-04T14:54:26","guid":{"rendered":"https:\/\/dev2.cantalupe.net\/sigloxxi\/libro\/la-musica-dibujada-por-otraputacuentadedibujos\/"},"modified":"2025-11-04T14:54:32","modified_gmt":"2025-11-04T14:54:32","slug":"la-musica-dibujada-por-otraputacuentadedibujos","status":"publish","type":"product","link":"https:\/\/dev2.cantalupe.net\/sigloxxi\/libro\/la-musica-dibujada-por-otraputacuentadedibujos\/","title":{"rendered":"La m\u00fasica dibujada por @otraputacuentadedibujos"},"content":{"rendered":"<p>Estas vi\u00f1etas narran una historia de la m\u00fasica muy particular e intensa; repleta de sarcasmo y de las emociones m\u00e1s honestas y brutas. Es un libro que desborda belleza y en \u00e9l encontramos los momentos m\u00e1s ic\u00f3nicos de la historia musical. Sarai traza un pentagrama en el que resuenan los temas m\u00e1s importantes de nuestras vidas. Un libro que nos lleva a territorios por los que hemos transitado y donde el dibujo juega con los sentimientos para construir el ambiente emocional de la m\u00fasica, sus protagonistas y sus oyentes.<\/p>\n","protected":false},"excerpt":{"rendered":"<p>Estas vi\u00f1etas narran una historia de la m\u00fasica muy particular e intensa; repleta de sarcasmo y de las emociones m\u00e1s honestas y brutas. Es un libro que desborda belleza y en \u00e9l encontramos los momentos m\u00e1s ic\u00f3nicos de la historia musical. Sarai traza un pentagrama en el que resuenan los temas m\u00e1s importantes de nuestras vidas. Un libro que nos lleva a territorios por los que hemos transitado y donde el dibujo juega con los sentimientos para construir el ambiente emocional de la m\u00fasica, sus protagonistas y sus oyentes.<\/p>\n","protected":false},"featured_media":3166,"comment_status":"closed","ping_status":"open","template":"","meta":{"_acf_changed":false},"materia_nivel_3":[],"subtema_nivel_2":[2650],"tema_nivel_1":[3546],"product_brand":[],"product_cat":[15],"product_tag":[],"product_author":[4109],"product_collection":[],"class_list":{"0":"post-14830","1":"product","2":"type-product","3":"status-publish","4":"has-post-thumbnail","6":"subtema_nivel_2-musica","7":"tema_nivel_1-un-elefante-en-la-sala","8":"product_cat-uncategorized","9":"product_author-otraputacuentadedibujos","11":"first","12":"instock","13":"purchasable","14":"product-type-simple"},"acf":[],"_links":{"self":[{"href":"https:\/\/dev2.cantalupe.net\/sigloxxi\/wp-json\/wp\/v2\/product\/14830","targetHints":{"allow":["GET"]}}],"collection":[{"href":"https:\/\/dev2.cantalupe.net\/sigloxxi\/wp-json\/wp\/v2\/product"}],"about":[{"href":"https:\/\/dev2.cantalupe.net\/sigloxxi\/wp-json\/wp\/v2\/types\/product"}],"replies":[{"embeddable":true,"href":"https:\/\/dev2.cantalupe.net\/sigloxxi\/wp-json\/wp\/v2\/comments?post=14830"}],"version-history":[{"count":1,"href":"https:\/\/dev2.cantalupe.net\/sigloxxi\/wp-json\/wp\/v2\/product\/14830\/revisions"}],"predecessor-version":[{"id":14831,"href":"https:\/\/dev2.cantalupe.net\/sigloxxi\/wp-json\/wp\/v2\/product\/14830\/revisions\/14831"}],"wp:featuredmedia":[{"embeddable":true,"href":"https:\/\/dev2.cantalupe.net\/sigloxxi\/wp-json\/wp\/v2\/media\/3166"}],"wp:attachment":[{"href":"https:\/\/dev2.cantalupe.net\/sigloxxi\/wp-json\/wp\/v2\/media?parent=14830"}],"wp:term":[{"taxonomy":"materia_nivel_3","embeddable":true,"href":"https:\/\/dev2.cantalupe.net\/sigloxxi\/wp-json\/wp\/v2\/materia_nivel_3?post=14830"},{"taxonomy":"subtema_nivel_2","embeddable":true,"href":"https:\/\/dev2.cantalupe.net\/sigloxxi\/wp-json\/wp\/v2\/subtema_nivel_2?post=14830"},{"taxonomy":"tema_nivel_1","embeddable":true,"href":"https:\/\/dev2.cantalupe.net\/sigloxxi\/wp-json\/wp\/v2\/tema_nivel_1?post=14830"},{"taxonomy":"product_brand","embeddable":true,"href":"https:\/\/dev2.cantalupe.net\/sigloxxi\/wp-json\/wp\/v2\/product_brand?post=14830"},{"taxonomy":"product_cat","embeddable":true,"href":"https:\/\/dev2.cantalupe.net\/sigloxxi\/wp-json\/wp\/v2\/product_cat?post=14830"},{"taxonomy":"product_tag","embeddable":true,"href":"https:\/\/dev2.cantalupe.net\/sigloxxi\/wp-json\/wp\/v2\/product_tag?post=14830"},{"taxonomy":"product_author","embeddable":true,"href":"https:\/\/dev2.cantalupe.net\/sigloxxi\/wp-json\/wp\/v2\/product_author?post=14830"},{"taxonomy":"product_collection","embeddable":true,"href":"https:\/\/dev2.cantalupe.net\/sigloxxi\/wp-json\/wp\/v2\/product_collection?post=14830"}],"curies":[{"name":"wp","href":"https:\/\/api.w.org\/{rel}","templated":true}]}}