{"id":14852,"date":"2025-11-04T14:54:33","date_gmt":"2025-11-04T14:54:33","guid":{"rendered":"https:\/\/dev2.cantalupe.net\/sigloxxi\/libro\/la-oposicion-en-el-socialismo-real\/"},"modified":"2025-11-04T14:54:34","modified_gmt":"2025-11-04T14:54:34","slug":"la-oposicion-en-el-socialismo-real","status":"publish","type":"product","link":"https:\/\/dev2.cantalupe.net\/sigloxxi\/libro\/la-oposicion-en-el-socialismo-real\/","title":{"rendered":"La oposici\u00f3n en el &#8216;socialismo real&#8217;"},"content":{"rendered":"<p>El tema de la oposici\u00f3n interna en los pa\u00edses del bloque sovi\u00e9tico cobra creciente importancia en estas \u00faltimas d\u00e9cadas del siglo XX, cuando ya resulta bastante evidente que la crisis de la civilizaci\u00f3n capitalista y las luchas por darle una salida progresista no han conducido, por ahora, a esa sociedad m\u00e1s humana que llamamos socialista. En cambio han alumbrado, del Elba al Pac\u00edfico, una nueva forma de esclavitud social, donde los pueblos est\u00e1n privados, frente a un Estado omnipotente, de todo instrumento legal de defensa y control. No es extra\u00f1o que all\u00ed hayan surgido fuerzas dispuestas a levantar, una vez m\u00e1s en la historia de la humanidad, la bandera de la libertad. El futuro de la democracia y del socialismo en el mundo depender\u00e1 en gran medida de la capacidad de esas fuerzas para Influir positivamente en la evoluci\u00f3n de las sociedades del Este. El presente libro proporciona al lector espa\u00f1ol una informaci\u00f3n sistematizada y analizada acerca de la trayectoria hist\u00f3rica y las caracter\u00edsticas actuales de la oposici\u00f3n en cuatro pa\u00edses del \u0093socialismo real\u0094 donde el fen\u00f3meno ha adquirido mayor relevancia: Uni\u00f3n Sovi\u00e9tica, Hungr\u00eda, Checoslovaquia y Polonia. Fernando Claud\u00edn es autor de La crisis del movimiento comunista (Par\u00eds, 1970), Marx, Engels y la revoluci\u00f3n de 1848 (Madrid, 1975), Eurocomunismo y socialismo (Madrid, 1977), Divergencias comunistas (Barcelona, 1979) y de numerosos art\u00edculos en revistas especializadas.<\/p>\n","protected":false},"excerpt":{"rendered":"<p>El tema de la oposici\u00f3n interna en los pa\u00edses del bloque sovi\u00e9tico cobra creciente importancia en estas \u00faltimas d\u00e9cadas del siglo XX, cuando ya resulta bastante evidente que la crisis de la civilizaci\u00f3n capitalista y las luchas por darle una salida progresista no han conducido, por ahora, a esa sociedad m\u00e1s humana que llamamos socialista. En cambio han alumbrado, del Elba al Pac\u00edfico, una nueva forma de esclavitud social, donde los pueblos est\u00e1n privados, frente a un Estado omnipotente, de todo instrumento legal de defensa y control. No es extra\u00f1o que all\u00ed hayan surgido fuerzas dispuestas a levantar, una vez m\u00e1s en la historia de la humanidad, la bandera de la libertad. El futuro de la democracia y del socialismo en el mundo depender\u00e1 en gran medida de la capacidad de esas fuerzas para Influir positivamente en la evoluci\u00f3n de las sociedades del Este. El presente libro proporciona al lector espa\u00f1ol una informaci\u00f3n sistematizada y analizada acerca de la trayectoria hist\u00f3rica y las caracter\u00edsticas actuales de la oposici\u00f3n en cuatro pa\u00edses del \u0093socialismo real\u0094 donde el fen\u00f3meno ha adquirido mayor relevancia: Uni\u00f3n Sovi\u00e9tica, Hungr\u00eda, Checoslovaquia y Polonia. Fernando Claud\u00edn es autor de La crisis del movimiento comunista (Par\u00eds, 1970), Marx, Engels y la revoluci\u00f3n de 1848 (Madrid, 1975), Eurocomunismo y socialismo (Madrid, 1977), Divergencias comunistas (Barcelona, 1979) y de numerosos art\u00edculos en revistas especializadas.<\/p>\n","protected":false},"featured_media":3187,"comment_status":"closed","ping_status":"open","template":"","meta":{"_acf_changed":false},"materia_nivel_3":[],"subtema_nivel_2":[2576],"tema_nivel_1":[2570],"product_brand":[],"product_cat":[15],"product_tag":[],"product_author":[3777],"product_collection":[],"class_list":{"0":"post-14852","1":"product","2":"type-product","3":"status-publish","4":"has-post-thumbnail","6":"subtema_nivel_2-politica","7":"tema_nivel_1-ciencias-sociales","8":"product_cat-uncategorized","9":"product_author-claudin-fernando","11":"first","12":"instock","13":"purchasable","14":"product-type-simple"},"acf":[],"_links":{"self":[{"href":"https:\/\/dev2.cantalupe.net\/sigloxxi\/wp-json\/wp\/v2\/product\/14852","targetHints":{"allow":["GET"]}}],"collection":[{"href":"https:\/\/dev2.cantalupe.net\/sigloxxi\/wp-json\/wp\/v2\/product"}],"about":[{"href":"https:\/\/dev2.cantalupe.net\/sigloxxi\/wp-json\/wp\/v2\/types\/product"}],"replies":[{"embeddable":true,"href":"https:\/\/dev2.cantalupe.net\/sigloxxi\/wp-json\/wp\/v2\/comments?post=14852"}],"version-history":[{"count":1,"href":"https:\/\/dev2.cantalupe.net\/sigloxxi\/wp-json\/wp\/v2\/product\/14852\/revisions"}],"predecessor-version":[{"id":14853,"href":"https:\/\/dev2.cantalupe.net\/sigloxxi\/wp-json\/wp\/v2\/product\/14852\/revisions\/14853"}],"wp:featuredmedia":[{"embeddable":true,"href":"https:\/\/dev2.cantalupe.net\/sigloxxi\/wp-json\/wp\/v2\/media\/3187"}],"wp:attachment":[{"href":"https:\/\/dev2.cantalupe.net\/sigloxxi\/wp-json\/wp\/v2\/media?parent=14852"}],"wp:term":[{"taxonomy":"materia_nivel_3","embeddable":true,"href":"https:\/\/dev2.cantalupe.net\/sigloxxi\/wp-json\/wp\/v2\/materia_nivel_3?post=14852"},{"taxonomy":"subtema_nivel_2","embeddable":true,"href":"https:\/\/dev2.cantalupe.net\/sigloxxi\/wp-json\/wp\/v2\/subtema_nivel_2?post=14852"},{"taxonomy":"tema_nivel_1","embeddable":true,"href":"https:\/\/dev2.cantalupe.net\/sigloxxi\/wp-json\/wp\/v2\/tema_nivel_1?post=14852"},{"taxonomy":"product_brand","embeddable":true,"href":"https:\/\/dev2.cantalupe.net\/sigloxxi\/wp-json\/wp\/v2\/product_brand?post=14852"},{"taxonomy":"product_cat","embeddable":true,"href":"https:\/\/dev2.cantalupe.net\/sigloxxi\/wp-json\/wp\/v2\/product_cat?post=14852"},{"taxonomy":"product_tag","embeddable":true,"href":"https:\/\/dev2.cantalupe.net\/sigloxxi\/wp-json\/wp\/v2\/product_tag?post=14852"},{"taxonomy":"product_author","embeddable":true,"href":"https:\/\/dev2.cantalupe.net\/sigloxxi\/wp-json\/wp\/v2\/product_author?post=14852"},{"taxonomy":"product_collection","embeddable":true,"href":"https:\/\/dev2.cantalupe.net\/sigloxxi\/wp-json\/wp\/v2\/product_collection?post=14852"}],"curies":[{"name":"wp","href":"https:\/\/api.w.org\/{rel}","templated":true}]}}