{"id":14882,"date":"2025-11-04T14:54:39","date_gmt":"2025-11-04T14:54:39","guid":{"rendered":"https:\/\/dev2.cantalupe.net\/sigloxxi\/libro\/la-profesionalizacion-del-docente\/"},"modified":"2025-11-04T14:54:47","modified_gmt":"2025-11-04T14:54:47","slug":"la-profesionalizacion-del-docente","status":"publish","type":"product","link":"https:\/\/dev2.cantalupe.net\/sigloxxi\/libro\/la-profesionalizacion-del-docente\/","title":{"rendered":"La profesionalizaci\u00f3n del docente"},"content":{"rendered":"<p>\u00a0Esta obra ofrece el primer estudio sistem\u00e1tico en castellano de los tres ejes dinamizadores de toda posible innovaci\u00f3n educativa, de toda renovaci\u00f3n pedag\u00f3gica: el perfeccionamiento permanente de los profesores en t\u00e9rminos de desarrollo profesional, la reflexi\u00f3n sobre su pr\u00e1ctica docente y la investigaci\u00f3n en el aula. El autor, que ha ejercido la docencia real durante largos a\u00f1os en pr\u00e1cticamente todos los niveles y modalidades del sistema educativo, abre en esta obra horizontes de innovaci\u00f3n, apuntando a las dimensiones cr\u00edticas del querer hacer (responsabilidad, \u00e9tica) y del disfrutar haciendo. Esta obra aporta, sin duda, elementos de reflexi\u00f3n que ser\u00e1n \u00fatiles para los equipos directivos de centros escolares preocupados por la calidad, para losformadores de profesores, expertos en investigaci\u00f3n e innovaci\u00f3n educativa, para los administradores de la educaci\u00f3n y, sobre todo, para los docentes de cualquier nivel que, por respeto a los derechos de sus alumnos, hayan decidido romper con las barreras paralizantes de la rutina profesional, la trivializaci\u00f3n t\u00e9cnica y la autopercepci\u00f3n insatisfactoria de su quehacer diario. Miguel Fern\u00e1ndez P\u00e9rez, catedr\u00e1tico de Did\u00e1ctica en la Universidad Complutense de Madrid y premio nacional de investigaci\u00f3n educativa, ha publish, entre otras, las siguientes obras: Evaluaci\u00f3n y cambio educativo (Morata, 1994, 3.8), Papeles confidenciales de Su Santidad Juan Pablo III. Hacia una pedagog\u00eda inofensiva del poder (Siglo XXI, 1994, 2.8), Psicopedagog\u00eda del sentido: Sinceros con nosotros mismos (PPC, 1992), Las tareas de la profesi\u00f3n de ense\u00f1ar. Pr\u00e1ctica de la racionalidad curricular. Did\u00e1ctica aplicable (Siglo XXI, 1994), As\u00ed ense\u00f1a nuestra Universidad: Hacia la construcci\u00f3n cr\u00edtica de una did\u00e1ctica universitaria (Gr\u00e1ficas Escorial, 2\u00aa, en prensa).<\/p>\n","protected":false},"excerpt":{"rendered":"<p>\u00a0Esta obra ofrece el primer estudio sistem\u00e1tico en castellano de los tres ejes dinamizadores de toda posible innovaci\u00f3n educativa, de toda renovaci\u00f3n pedag\u00f3gica: el perfeccionamiento permanente de los profesores en t\u00e9rminos de desarrollo profesional, la reflexi\u00f3n sobre su pr\u00e1ctica docente y la investigaci\u00f3n en el aula. El autor, que ha ejercido la docencia real durante largos a\u00f1os en pr\u00e1cticamente todos los niveles y modalidades del sistema educativo, abre en esta obra horizontes de innovaci\u00f3n, apuntando a las dimensiones cr\u00edticas del querer hacer (responsabilidad, \u00e9tica) y del disfrutar haciendo. Esta obra aporta, sin duda, elementos de reflexi\u00f3n que ser\u00e1n \u00fatiles para los equipos directivos de centros escolares preocupados por la calidad, para losformadores de profesores, expertos en investigaci\u00f3n e innovaci\u00f3n educativa, para los administradores de la educaci\u00f3n y, sobre todo, para los docentes de cualquier nivel que, por respeto a los derechos de sus alumnos, hayan decidido romper con las barreras paralizantes de la rutina profesional, la trivializaci\u00f3n t\u00e9cnica y la autopercepci\u00f3n insatisfactoria de su quehacer diario. Miguel Fern\u00e1ndez P\u00e9rez, catedr\u00e1tico de Did\u00e1ctica en la Universidad Complutense de Madrid y premio nacional de investigaci\u00f3n educativa, ha publish, entre otras, las siguientes obras: Evaluaci\u00f3n y cambio educativo (Morata, 1994, 3.8), Papeles confidenciales de Su Santidad Juan Pablo III. Hacia una pedagog\u00eda inofensiva del poder (Siglo XXI, 1994, 2.8), Psicopedagog\u00eda del sentido: Sinceros con nosotros mismos (PPC, 1992), Las tareas de la profesi\u00f3n de ense\u00f1ar. Pr\u00e1ctica de la racionalidad curricular. Did\u00e1ctica aplicable (Siglo XXI, 1994), As\u00ed ense\u00f1a nuestra Universidad: Hacia la construcci\u00f3n cr\u00edtica de una did\u00e1ctica universitaria (Gr\u00e1ficas Escorial, 2\u00aa, en prensa).<\/p>\n","protected":false},"featured_media":3212,"comment_status":"closed","ping_status":"open","template":"","meta":{"_acf_changed":false},"materia_nivel_3":[],"subtema_nivel_2":[2649],"tema_nivel_1":[2641],"product_brand":[],"product_cat":[15],"product_tag":[],"product_author":[4126],"product_collection":[],"class_list":{"0":"post-14882","1":"product","2":"type-product","3":"status-publish","4":"has-post-thumbnail","6":"subtema_nivel_2-pedagogia","7":"tema_nivel_1-educacion","8":"product_cat-uncategorized","9":"product_author-fernandez-perez-miguel","11":"first","12":"instock","13":"purchasable","14":"product-type-simple"},"acf":[],"_links":{"self":[{"href":"https:\/\/dev2.cantalupe.net\/sigloxxi\/wp-json\/wp\/v2\/product\/14882","targetHints":{"allow":["GET"]}}],"collection":[{"href":"https:\/\/dev2.cantalupe.net\/sigloxxi\/wp-json\/wp\/v2\/product"}],"about":[{"href":"https:\/\/dev2.cantalupe.net\/sigloxxi\/wp-json\/wp\/v2\/types\/product"}],"replies":[{"embeddable":true,"href":"https:\/\/dev2.cantalupe.net\/sigloxxi\/wp-json\/wp\/v2\/comments?post=14882"}],"version-history":[{"count":1,"href":"https:\/\/dev2.cantalupe.net\/sigloxxi\/wp-json\/wp\/v2\/product\/14882\/revisions"}],"predecessor-version":[{"id":14883,"href":"https:\/\/dev2.cantalupe.net\/sigloxxi\/wp-json\/wp\/v2\/product\/14882\/revisions\/14883"}],"wp:featuredmedia":[{"embeddable":true,"href":"https:\/\/dev2.cantalupe.net\/sigloxxi\/wp-json\/wp\/v2\/media\/3212"}],"wp:attachment":[{"href":"https:\/\/dev2.cantalupe.net\/sigloxxi\/wp-json\/wp\/v2\/media?parent=14882"}],"wp:term":[{"taxonomy":"materia_nivel_3","embeddable":true,"href":"https:\/\/dev2.cantalupe.net\/sigloxxi\/wp-json\/wp\/v2\/materia_nivel_3?post=14882"},{"taxonomy":"subtema_nivel_2","embeddable":true,"href":"https:\/\/dev2.cantalupe.net\/sigloxxi\/wp-json\/wp\/v2\/subtema_nivel_2?post=14882"},{"taxonomy":"tema_nivel_1","embeddable":true,"href":"https:\/\/dev2.cantalupe.net\/sigloxxi\/wp-json\/wp\/v2\/tema_nivel_1?post=14882"},{"taxonomy":"product_brand","embeddable":true,"href":"https:\/\/dev2.cantalupe.net\/sigloxxi\/wp-json\/wp\/v2\/product_brand?post=14882"},{"taxonomy":"product_cat","embeddable":true,"href":"https:\/\/dev2.cantalupe.net\/sigloxxi\/wp-json\/wp\/v2\/product_cat?post=14882"},{"taxonomy":"product_tag","embeddable":true,"href":"https:\/\/dev2.cantalupe.net\/sigloxxi\/wp-json\/wp\/v2\/product_tag?post=14882"},{"taxonomy":"product_author","embeddable":true,"href":"https:\/\/dev2.cantalupe.net\/sigloxxi\/wp-json\/wp\/v2\/product_author?post=14882"},{"taxonomy":"product_collection","embeddable":true,"href":"https:\/\/dev2.cantalupe.net\/sigloxxi\/wp-json\/wp\/v2\/product_collection?post=14882"}],"curies":[{"name":"wp","href":"https:\/\/api.w.org\/{rel}","templated":true}]}}