{"id":14918,"date":"2025-11-04T14:54:49","date_gmt":"2025-11-04T14:54:49","guid":{"rendered":"https:\/\/dev2.cantalupe.net\/sigloxxi\/libro\/la-revolucion-de-las-comunidades-de-castilla-1520-1521\/"},"modified":"2025-11-04T14:54:49","modified_gmt":"2025-11-04T14:54:49","slug":"la-revolucion-de-las-comunidades-de-castilla-1520-1521","status":"publish","type":"product","link":"https:\/\/dev2.cantalupe.net\/sigloxxi\/libro\/la-revolucion-de-las-comunidades-de-castilla-1520-1521\/","title":{"rendered":"La revoluci\u00f3n de las comunidades de Castilla (1520-1521)"},"content":{"rendered":"<p>\u00bfQui\u00e9nes eran los comuneros y qu\u00e9 quer\u00edan? Despu\u00e9s de las Cortes de C\u00e1diz, los liberales creyeron descubrir en ellos unos m\u00e1rtires de la libertad que lucharon contra la tiran\u00eda y la extranjerizaci\u00f3n de Espa\u00f1a por los Austrias; en nuestro siglo se les consider\u00f3 como unos reaccionarios que defend\u00edan privilegios anacr\u00f3nicos. Este libro pretende restituir a los acontecimientos de 1520-1521 su verdadera dimensi\u00f3n hist\u00f3rica. Se trata de una aut\u00e9ntica revoluci\u00f3n: por primera vez en la Europa moderna, el reino\u00a0\u0096o sea, la naci\u00f3n\u0096\u00a0se niega a someterse al capricho del soberano, interviene directamente en la pol\u00edtica del Estado y trata de dirigirla. Los comuneros vieron con toda claridad que, despu\u00e9s de la elecci\u00f3n imperial de Carlos V, Castilla iba a ser sacrificada a unos intereses que no eran los suyos.Las Comunidades fueron una reacci\u00f3n nacional que amenaz\u00f3 terminar con el absolutismo regio y tambi\u00e9n con la explotaci\u00f3n de Espa\u00f1a por los extranjeros: exig\u00edan una pol\u00edtica econ\u00f3mica de tipo mercantilista. Por eso chocaron los comuneros con el bloque formado por los privilegiados: el poder real, la aristocracia, los grandes mercaderes interesados en la exportaci\u00f3n de la lana castellana. Revoluci\u00f3n moderna, pero revoluci\u00f3n prematura: la burgues\u00eda castellana no era todav\u00eda suficientemente fuerte ni consciente como para llevarla a cabo o apoyarla; el fracaso contribuy\u00f3 a debilitarla a\u00fan m\u00e1s. As\u00ed se forj\u00f3 el destino de la Espa\u00f1a moderna, sometida al absolutismo regio, al subdesarrollo econ\u00f3mico, al ideal de la renta y de los valores nobiliarios.<\/p>\n","protected":false},"excerpt":{"rendered":"<p>\u00bfQui\u00e9nes eran los comuneros y qu\u00e9 quer\u00edan? Despu\u00e9s de las Cortes de C\u00e1diz, los liberales creyeron descubrir en ellos unos m\u00e1rtires de la libertad que lucharon contra la tiran\u00eda y la extranjerizaci\u00f3n de Espa\u00f1a por los Austrias; en nuestro siglo se les consider\u00f3 como unos reaccionarios que defend\u00edan privilegios anacr\u00f3nicos. Este libro pretende restituir a los acontecimientos de 1520-1521 su verdadera dimensi\u00f3n hist\u00f3rica. Se trata de una aut\u00e9ntica revoluci\u00f3n: por primera vez en la Europa moderna, el reino\u00a0\u0096o sea, la naci\u00f3n\u0096\u00a0se niega a someterse al capricho del soberano, interviene directamente en la pol\u00edtica del Estado y trata de dirigirla. Los comuneros vieron con toda claridad que, despu\u00e9s de la elecci\u00f3n imperial de Carlos V, Castilla iba a ser sacrificada a unos intereses que no eran los suyos.Las Comunidades fueron una reacci\u00f3n nacional que amenaz\u00f3 terminar con el absolutismo regio y tambi\u00e9n con la explotaci\u00f3n de Espa\u00f1a por los extranjeros: exig\u00edan una pol\u00edtica econ\u00f3mica de tipo mercantilista. Por eso chocaron los comuneros con el bloque formado por los privilegiados: el poder real, la aristocracia, los grandes mercaderes interesados en la exportaci\u00f3n de la lana castellana. Revoluci\u00f3n moderna, pero revoluci\u00f3n prematura: la burgues\u00eda castellana no era todav\u00eda suficientemente fuerte ni consciente como para llevarla a cabo o apoyarla; el fracaso contribuy\u00f3 a debilitarla a\u00fan m\u00e1s. As\u00ed se forj\u00f3 el destino de la Espa\u00f1a moderna, sometida al absolutismo regio, al subdesarrollo econ\u00f3mico, al ideal de la renta y de los valores nobiliarios.<\/p>\n","protected":false},"featured_media":3245,"comment_status":"closed","ping_status":"open","template":"","meta":{"_acf_changed":false},"materia_nivel_3":[2559,2558],"subtema_nivel_2":[2561],"tema_nivel_1":[2567],"product_brand":[],"product_cat":[15],"product_tag":[],"product_author":[4134],"product_collection":[],"class_list":{"0":"post-14918","1":"product","2":"type-product","3":"status-publish","4":"has-post-thumbnail","6":"materia_nivel_3-espana","7":"materia_nivel_3-moderna","8":"subtema_nivel_2-historia","9":"tema_nivel_1-historia","10":"product_cat-uncategorized","11":"product_author-perez-joseph","13":"first","14":"instock","15":"purchasable","16":"product-type-simple"},"acf":[],"_links":{"self":[{"href":"https:\/\/dev2.cantalupe.net\/sigloxxi\/wp-json\/wp\/v2\/product\/14918","targetHints":{"allow":["GET"]}}],"collection":[{"href":"https:\/\/dev2.cantalupe.net\/sigloxxi\/wp-json\/wp\/v2\/product"}],"about":[{"href":"https:\/\/dev2.cantalupe.net\/sigloxxi\/wp-json\/wp\/v2\/types\/product"}],"replies":[{"embeddable":true,"href":"https:\/\/dev2.cantalupe.net\/sigloxxi\/wp-json\/wp\/v2\/comments?post=14918"}],"version-history":[{"count":1,"href":"https:\/\/dev2.cantalupe.net\/sigloxxi\/wp-json\/wp\/v2\/product\/14918\/revisions"}],"predecessor-version":[{"id":14919,"href":"https:\/\/dev2.cantalupe.net\/sigloxxi\/wp-json\/wp\/v2\/product\/14918\/revisions\/14919"}],"wp:featuredmedia":[{"embeddable":true,"href":"https:\/\/dev2.cantalupe.net\/sigloxxi\/wp-json\/wp\/v2\/media\/3245"}],"wp:attachment":[{"href":"https:\/\/dev2.cantalupe.net\/sigloxxi\/wp-json\/wp\/v2\/media?parent=14918"}],"wp:term":[{"taxonomy":"materia_nivel_3","embeddable":true,"href":"https:\/\/dev2.cantalupe.net\/sigloxxi\/wp-json\/wp\/v2\/materia_nivel_3?post=14918"},{"taxonomy":"subtema_nivel_2","embeddable":true,"href":"https:\/\/dev2.cantalupe.net\/sigloxxi\/wp-json\/wp\/v2\/subtema_nivel_2?post=14918"},{"taxonomy":"tema_nivel_1","embeddable":true,"href":"https:\/\/dev2.cantalupe.net\/sigloxxi\/wp-json\/wp\/v2\/tema_nivel_1?post=14918"},{"taxonomy":"product_brand","embeddable":true,"href":"https:\/\/dev2.cantalupe.net\/sigloxxi\/wp-json\/wp\/v2\/product_brand?post=14918"},{"taxonomy":"product_cat","embeddable":true,"href":"https:\/\/dev2.cantalupe.net\/sigloxxi\/wp-json\/wp\/v2\/product_cat?post=14918"},{"taxonomy":"product_tag","embeddable":true,"href":"https:\/\/dev2.cantalupe.net\/sigloxxi\/wp-json\/wp\/v2\/product_tag?post=14918"},{"taxonomy":"product_author","embeddable":true,"href":"https:\/\/dev2.cantalupe.net\/sigloxxi\/wp-json\/wp\/v2\/product_author?post=14918"},{"taxonomy":"product_collection","embeddable":true,"href":"https:\/\/dev2.cantalupe.net\/sigloxxi\/wp-json\/wp\/v2\/product_collection?post=14918"}],"curies":[{"name":"wp","href":"https:\/\/api.w.org\/{rel}","templated":true}]}}