{"id":14980,"date":"2025-11-04T14:54:56","date_gmt":"2025-11-04T14:54:56","guid":{"rendered":"https:\/\/dev2.cantalupe.net\/sigloxxi\/libro\/las-luchas-de-clases-en-la-urss\/"},"modified":"2025-11-04T14:55:01","modified_gmt":"2025-11-04T14:55:01","slug":"las-luchas-de-clases-en-la-urss","status":"publish","type":"product","link":"https:\/\/dev2.cantalupe.net\/sigloxxi\/libro\/las-luchas-de-clases-en-la-urss\/","title":{"rendered":"Las luchas de clases en la URSS"},"content":{"rendered":"<p>Solapa: De 1917 a la actualidad, la Rusia sovi\u00e9tica ha conocido gigantescas transformaciones que la han convertido en una realidad totalmente diferente a la de 1917, y tambi\u00e9n profundamente distinta a la Rusia a que aspiraban los revolucionarios de la primera \u00e9poca.Despu\u00e9s de una continua investigaci\u00f3n a lo largo de decenas de a\u00f1os, Charles Bettelheim intenta definir la naturaleza de las transformaciones que se han operado en la URSS y el car\u00e1cter de las fuerzas sociales que las han impulsado. Tal esfuerzo de an\u00e1lisis es indispensable para una verdadera comprensi\u00f3n de lo que actualmente ha llegado a ser la Uni\u00f3n Sovi\u00e9tica y de cu\u00e1l es su papel efectivo en la escena mundial. El presente volumen analiza las transformaciones sociales que han tenido lugar en Rusia entre 1917 y 1923, pr\u00f3logo indispensable para analizar las transformaciones posteriores. Un aspecto esencial de este trabajo es la voluntad del autor de romper con las interpretaciones subjetivistas al uso que presentan la historia de la URSS como el resultado de las decisiones de un partido o de las ideas y designios de un solo hombre. El punto central lo ocupa en esta obra el an\u00e1lisis de un proceso objetivo animado por el movimiento de las contradicciones, en primer lugar por la lucha de clases. As\u00ed surge una visi\u00f3n totalmente renovada de la Revoluci\u00f3n rusa y de sus efectos pr\u00f3ximos y lejanos. Siglo XXI ha publish de Charles Bettelheim las siguientes obras: C\u00e1lculo econ\u00f3mico y formas de propiedad y Revoluci\u00f3n cultural y organizaci\u00f3n industrial en China; y en colaboraci\u00f3n con otros autores, Algunos problemas actuales del socialismo e Imperialismo y comercio internacional.<\/p>\n","protected":false},"excerpt":{"rendered":"<p>Solapa: De 1917 a la actualidad, la Rusia sovi\u00e9tica ha conocido gigantescas transformaciones que la han convertido en una realidad totalmente diferente a la de 1917, y tambi\u00e9n profundamente distinta a la Rusia a que aspiraban los revolucionarios de la primera \u00e9poca.Despu\u00e9s de una continua investigaci\u00f3n a lo largo de decenas de a\u00f1os, Charles Bettelheim intenta definir la naturaleza de las transformaciones que se han operado en la URSS y el car\u00e1cter de las fuerzas sociales que las han impulsado. Tal esfuerzo de an\u00e1lisis es indispensable para una verdadera comprensi\u00f3n de lo que actualmente ha llegado a ser la Uni\u00f3n Sovi\u00e9tica y de cu\u00e1l es su papel efectivo en la escena mundial. El presente volumen analiza las transformaciones sociales que han tenido lugar en Rusia entre 1917 y 1923, pr\u00f3logo indispensable para analizar las transformaciones posteriores. Un aspecto esencial de este trabajo es la voluntad del autor de romper con las interpretaciones subjetivistas al uso que presentan la historia de la URSS como el resultado de las decisiones de un partido o de las ideas y designios de un solo hombre. El punto central lo ocupa en esta obra el an\u00e1lisis de un proceso objetivo animado por el movimiento de las contradicciones, en primer lugar por la lucha de clases. As\u00ed surge una visi\u00f3n totalmente renovada de la Revoluci\u00f3n rusa y de sus efectos pr\u00f3ximos y lejanos. Siglo XXI ha publish de Charles Bettelheim las siguientes obras: C\u00e1lculo econ\u00f3mico y formas de propiedad y Revoluci\u00f3n cultural y organizaci\u00f3n industrial en China; y en colaboraci\u00f3n con otros autores, Algunos problemas actuales del socialismo e Imperialismo y comercio internacional.<\/p>\n","protected":false},"featured_media":3304,"comment_status":"closed","ping_status":"open","template":"","meta":{"_acf_changed":false},"materia_nivel_3":[2565],"subtema_nivel_2":[2576],"tema_nivel_1":[2567],"product_brand":[],"product_cat":[15],"product_tag":[],"product_author":[2806],"product_collection":[],"class_list":{"0":"post-14980","1":"product","2":"type-product","3":"status-publish","4":"has-post-thumbnail","6":"materia_nivel_3-contemporanea","7":"subtema_nivel_2-politica","8":"tema_nivel_1-historia","9":"product_cat-uncategorized","10":"product_author-bettelheim-charles","12":"first","13":"instock","14":"purchasable","15":"product-type-simple"},"acf":[],"_links":{"self":[{"href":"https:\/\/dev2.cantalupe.net\/sigloxxi\/wp-json\/wp\/v2\/product\/14980","targetHints":{"allow":["GET"]}}],"collection":[{"href":"https:\/\/dev2.cantalupe.net\/sigloxxi\/wp-json\/wp\/v2\/product"}],"about":[{"href":"https:\/\/dev2.cantalupe.net\/sigloxxi\/wp-json\/wp\/v2\/types\/product"}],"replies":[{"embeddable":true,"href":"https:\/\/dev2.cantalupe.net\/sigloxxi\/wp-json\/wp\/v2\/comments?post=14980"}],"version-history":[{"count":1,"href":"https:\/\/dev2.cantalupe.net\/sigloxxi\/wp-json\/wp\/v2\/product\/14980\/revisions"}],"predecessor-version":[{"id":14981,"href":"https:\/\/dev2.cantalupe.net\/sigloxxi\/wp-json\/wp\/v2\/product\/14980\/revisions\/14981"}],"wp:featuredmedia":[{"embeddable":true,"href":"https:\/\/dev2.cantalupe.net\/sigloxxi\/wp-json\/wp\/v2\/media\/3304"}],"wp:attachment":[{"href":"https:\/\/dev2.cantalupe.net\/sigloxxi\/wp-json\/wp\/v2\/media?parent=14980"}],"wp:term":[{"taxonomy":"materia_nivel_3","embeddable":true,"href":"https:\/\/dev2.cantalupe.net\/sigloxxi\/wp-json\/wp\/v2\/materia_nivel_3?post=14980"},{"taxonomy":"subtema_nivel_2","embeddable":true,"href":"https:\/\/dev2.cantalupe.net\/sigloxxi\/wp-json\/wp\/v2\/subtema_nivel_2?post=14980"},{"taxonomy":"tema_nivel_1","embeddable":true,"href":"https:\/\/dev2.cantalupe.net\/sigloxxi\/wp-json\/wp\/v2\/tema_nivel_1?post=14980"},{"taxonomy":"product_brand","embeddable":true,"href":"https:\/\/dev2.cantalupe.net\/sigloxxi\/wp-json\/wp\/v2\/product_brand?post=14980"},{"taxonomy":"product_cat","embeddable":true,"href":"https:\/\/dev2.cantalupe.net\/sigloxxi\/wp-json\/wp\/v2\/product_cat?post=14980"},{"taxonomy":"product_tag","embeddable":true,"href":"https:\/\/dev2.cantalupe.net\/sigloxxi\/wp-json\/wp\/v2\/product_tag?post=14980"},{"taxonomy":"product_author","embeddable":true,"href":"https:\/\/dev2.cantalupe.net\/sigloxxi\/wp-json\/wp\/v2\/product_author?post=14980"},{"taxonomy":"product_collection","embeddable":true,"href":"https:\/\/dev2.cantalupe.net\/sigloxxi\/wp-json\/wp\/v2\/product_collection?post=14980"}],"curies":[{"name":"wp","href":"https:\/\/api.w.org\/{rel}","templated":true}]}}