{"id":15088,"date":"2025-11-04T14:55:17","date_gmt":"2025-11-04T14:55:17","guid":{"rendered":"https:\/\/dev2.cantalupe.net\/sigloxxi\/libro\/la-tormenta-de-la-guerra-2\/"},"modified":"2025-11-04T14:55:18","modified_gmt":"2025-11-04T14:55:18","slug":"la-tormenta-de-la-guerra-2","status":"publish","type":"product","link":"https:\/\/dev2.cantalupe.net\/sigloxxi\/libro\/la-tormenta-de-la-guerra-2\/","title":{"rendered":"La tormenta de la guerra"},"content":{"rendered":"<p>El 2 de agosto de 1944, poco despu\u00e9s de la completa devastaci\u00f3n del Grupo de Ej\u00e9rcitos Centro alem\u00e1n a manos de los sovi\u00e9ticos, Winston Churchill hizo escarnio de Adolf Hitler en la C\u00e1mara de los Comunes a cuenta del rango que este hab\u00eda alcanzado durante la Primera Guerra Mundial: \u00abBien pudiera ser que el \u00e9xito de los rusos haya contado con cierta ayuda estrat\u00e9gica de Herr Hitler, del cabo Hitler gru\u00f1\u00f3 Churchill. Hasta a los militarmente ignorantes les cuesta trabajo no ver defectos en algunas de sus acciones\u00bb.<br \/>\nSi en su anterior libro, Masters and Commanders, Andrew Roberts analizaba la creaci\u00f3n de la grand strategy de los aliados, La tormenta de la guerra desvela ahora c\u00f3mo evolucion\u00f3 la estrategia global del Eje. Tras examinar todos los frentes de la guerra, Roberts se pregunta si, con otra estrategia y con una proceso de toma de decisiones diferente, el Eje podr\u00eda haber llegado a ganarla. \u00bfTen\u00edan raz\u00f3n los generales alemanes que, tras la guerra, echaron la culpa de todo a Hitler, o simplemente emplearon como chivo expiatorio a quien, desde el m\u00e1s all\u00e1, no estaba en condiciones de defenderse a s\u00ed mismo?\u00a0<br \/>\nEn la investigaci\u00f3n de esta historia, v\u00edvidamente contada, Roberts ha recorrido la mayor\u00eda de los campos de batalla clave, en Rusia, Francia, Italia, Alemania o en Extremo Oriente. El libro tambi\u00e9n emplea una serie de documentos in\u00e9ditos hasta la fecha, tales como la carta del director de operaciones militares de Hitler que desvela qu\u00e9 esperaba el F\u00fchrer cuando dio la orden de detener los Panzer a treinta kil\u00f3metros de Dunquerque. El libro est\u00e1 lleno de detalles esclarecedores que arrojan luz sobre las decisiones cr\u00edticas adoptadas por los principales actores de ambos bandos, y presenta asimismo relatos que, de sus experiencias, trazaron infinidad de combatientes poco conocidos y que, en conjunto, dibujan un fresco de valor y sacrificio impresionantes, pero tambi\u00e9n de la vileza y de la crueldad terribles de una guerra que se prolong\u00f3 durante 2.174 d\u00edas y se cobr\u00f3 la vida de m\u00e1s de 50 millones de personas.<\/p>\n","protected":false},"excerpt":{"rendered":"<p>El 2 de agosto de 1944, poco despu\u00e9s de la completa devastaci\u00f3n del Grupo de Ej\u00e9rcitos Centro alem\u00e1n a manos de los sovi\u00e9ticos, Winston Churchill hizo escarnio de Adolf Hitler en la C\u00e1mara de los Comunes a cuenta del rango que este hab\u00eda alcanzado durante la Primera Guerra Mundial: \u00abBien pudiera ser que el \u00e9xito de los rusos haya contado con cierta ayuda estrat\u00e9gica de Herr Hitler, del cabo Hitler gru\u00f1\u00f3 Churchill. Hasta a los militarmente ignorantes les cuesta trabajo no ver defectos en algunas de sus acciones\u00bb.<br \/>\nSi en su anterior libro, Masters and Commanders, Andrew Roberts analizaba la creaci\u00f3n de la grand strategy de los aliados, La tormenta de la guerra desvela ahora c\u00f3mo evolucion\u00f3 la estrategia global del Eje. Tras examinar todos los frentes de la guerra, Roberts se pregunta si, con otra estrategia y con una proceso de toma de decisiones diferente, el Eje podr\u00eda haber llegado a ganarla. \u00bfTen\u00edan raz\u00f3n los generales alemanes que, tras la guerra, echaron la culpa de todo a Hitler, o simplemente emplearon como chivo expiatorio a quien, desde el m\u00e1s all\u00e1, no estaba en condiciones de defenderse a s\u00ed mismo?\u00a0<br \/>\nEn la investigaci\u00f3n de esta historia, v\u00edvidamente contada, Roberts ha recorrido la mayor\u00eda de los campos de batalla clave, en Rusia, Francia, Italia, Alemania o en Extremo Oriente. El libro tambi\u00e9n emplea una serie de documentos in\u00e9ditos hasta la fecha, tales como la carta del director de operaciones militares de Hitler que desvela qu\u00e9 esperaba el F\u00fchrer cuando dio la orden de detener los Panzer a treinta kil\u00f3metros de Dunquerque. El libro est\u00e1 lleno de detalles esclarecedores que arrojan luz sobre las decisiones cr\u00edticas adoptadas por los principales actores de ambos bandos, y presenta asimismo relatos que, de sus experiencias, trazaron infinidad de combatientes poco conocidos y que, en conjunto, dibujan un fresco de valor y sacrificio impresionantes, pero tambi\u00e9n de la vileza y de la crueldad terribles de una guerra que se prolong\u00f3 durante 2.174 d\u00edas y se cobr\u00f3 la vida de m\u00e1s de 50 millones de personas.<\/p>\n","protected":false},"featured_media":3406,"comment_status":"closed","ping_status":"open","template":"","meta":{"_acf_changed":false},"materia_nivel_3":[2565],"subtema_nivel_2":[2561],"tema_nivel_1":[2769],"product_brand":[],"product_cat":[15],"product_tag":[],"product_author":[4178],"product_collection":[],"class_list":{"0":"post-15088","1":"product","2":"type-product","3":"status-publish","4":"has-post-thumbnail","6":"materia_nivel_3-contemporanea","7":"subtema_nivel_2-historia","8":"tema_nivel_1-hitos","9":"product_cat-uncategorized","10":"product_author-roberts-andrew","12":"first","13":"instock","14":"purchasable","15":"product-type-simple"},"acf":[],"_links":{"self":[{"href":"https:\/\/dev2.cantalupe.net\/sigloxxi\/wp-json\/wp\/v2\/product\/15088","targetHints":{"allow":["GET"]}}],"collection":[{"href":"https:\/\/dev2.cantalupe.net\/sigloxxi\/wp-json\/wp\/v2\/product"}],"about":[{"href":"https:\/\/dev2.cantalupe.net\/sigloxxi\/wp-json\/wp\/v2\/types\/product"}],"replies":[{"embeddable":true,"href":"https:\/\/dev2.cantalupe.net\/sigloxxi\/wp-json\/wp\/v2\/comments?post=15088"}],"version-history":[{"count":1,"href":"https:\/\/dev2.cantalupe.net\/sigloxxi\/wp-json\/wp\/v2\/product\/15088\/revisions"}],"predecessor-version":[{"id":15089,"href":"https:\/\/dev2.cantalupe.net\/sigloxxi\/wp-json\/wp\/v2\/product\/15088\/revisions\/15089"}],"wp:featuredmedia":[{"embeddable":true,"href":"https:\/\/dev2.cantalupe.net\/sigloxxi\/wp-json\/wp\/v2\/media\/3406"}],"wp:attachment":[{"href":"https:\/\/dev2.cantalupe.net\/sigloxxi\/wp-json\/wp\/v2\/media?parent=15088"}],"wp:term":[{"taxonomy":"materia_nivel_3","embeddable":true,"href":"https:\/\/dev2.cantalupe.net\/sigloxxi\/wp-json\/wp\/v2\/materia_nivel_3?post=15088"},{"taxonomy":"subtema_nivel_2","embeddable":true,"href":"https:\/\/dev2.cantalupe.net\/sigloxxi\/wp-json\/wp\/v2\/subtema_nivel_2?post=15088"},{"taxonomy":"tema_nivel_1","embeddable":true,"href":"https:\/\/dev2.cantalupe.net\/sigloxxi\/wp-json\/wp\/v2\/tema_nivel_1?post=15088"},{"taxonomy":"product_brand","embeddable":true,"href":"https:\/\/dev2.cantalupe.net\/sigloxxi\/wp-json\/wp\/v2\/product_brand?post=15088"},{"taxonomy":"product_cat","embeddable":true,"href":"https:\/\/dev2.cantalupe.net\/sigloxxi\/wp-json\/wp\/v2\/product_cat?post=15088"},{"taxonomy":"product_tag","embeddable":true,"href":"https:\/\/dev2.cantalupe.net\/sigloxxi\/wp-json\/wp\/v2\/product_tag?post=15088"},{"taxonomy":"product_author","embeddable":true,"href":"https:\/\/dev2.cantalupe.net\/sigloxxi\/wp-json\/wp\/v2\/product_author?post=15088"},{"taxonomy":"product_collection","embeddable":true,"href":"https:\/\/dev2.cantalupe.net\/sigloxxi\/wp-json\/wp\/v2\/product_collection?post=15088"}],"curies":[{"name":"wp","href":"https:\/\/api.w.org\/{rel}","templated":true}]}}