{"id":15204,"date":"2025-11-04T14:55:37","date_gmt":"2025-11-04T14:55:37","guid":{"rendered":"https:\/\/dev2.cantalupe.net\/sigloxxi\/libro\/los-discursos-del-presente-2\/"},"modified":"2025-11-04T14:55:37","modified_gmt":"2025-11-04T14:55:37","slug":"los-discursos-del-presente-2","status":"publish","type":"product","link":"https:\/\/dev2.cantalupe.net\/sigloxxi\/libro\/los-discursos-del-presente-2\/","title":{"rendered":"Los discursos del presente"},"content":{"rendered":"<p>En los \u00faltimos a\u00f1os han sido numerosos los intentos de interpretar la deriva social, pol\u00edtica y cultural de Occidente desde las ciencias sociales. Sin embargo, no ha sido tan frecuente abordar dicho an\u00e1lisis desde la producci\u00f3n y la construcci\u00f3n de los discursos de las grandes factor\u00edas de sentido, que no solo sirven para legitimar procesos como el de la desregulaci\u00f3n sino que adem\u00e1s modelan una subjetividad adaptada a un supuesto nuevo esp\u00edritu del capitalismo. Nuevo esp\u00edritu que no reconoce ning\u00fan freno social para sus oportunidades de negocio.<br \/>\nLa publicidad, el marketing, la propaganda pol\u00edtica, la im\u00e1genes, las ficciones, los instrumentos tecnol\u00f3gicos, los estilos de vida y las formas de consumo, por citar s\u00f3lo unos cuantos \u00e1mbitos de socialidad, han producido un ingente torrente de nuevos discursos que dan sentido a las pr\u00e1cticas de actores que se desenvuelven en un nuevo modo de regulaci\u00f3n o en una nueva forma disciplinaria, caracterizada, precisa y parad\u00f3jicamente, por la desregulaci\u00f3n financiera y la violencia simb\u00f3lica de la imposici\u00f3n de los c\u00f3digos del mercado total.<br \/>\nEste libro sin duda contribuye a esta reflexi\u00f3n, no tan frecuente, iluminando al lector el complejo mundo de la econom\u00eda, la empresa y la pol\u00edtica de Occidente.<\/p>\n","protected":false},"excerpt":{"rendered":"<p>En los \u00faltimos a\u00f1os han sido numerosos los intentos de interpretar la deriva social, pol\u00edtica y cultural de Occidente desde las ciencias sociales. Sin embargo, no ha sido tan frecuente abordar dicho an\u00e1lisis desde la producci\u00f3n y la construcci\u00f3n de los discursos de las grandes factor\u00edas de sentido, que no solo sirven para legitimar procesos como el de la desregulaci\u00f3n sino que adem\u00e1s modelan una subjetividad adaptada a un supuesto nuevo esp\u00edritu del capitalismo. Nuevo esp\u00edritu que no reconoce ning\u00fan freno social para sus oportunidades de negocio.<br \/>\nLa publicidad, el marketing, la propaganda pol\u00edtica, la im\u00e1genes, las ficciones, los instrumentos tecnol\u00f3gicos, los estilos de vida y las formas de consumo, por citar s\u00f3lo unos cuantos \u00e1mbitos de socialidad, han producido un ingente torrente de nuevos discursos que dan sentido a las pr\u00e1cticas de actores que se desenvuelven en un nuevo modo de regulaci\u00f3n o en una nueva forma disciplinaria, caracterizada, precisa y parad\u00f3jicamente, por la desregulaci\u00f3n financiera y la violencia simb\u00f3lica de la imposici\u00f3n de los c\u00f3digos del mercado total.<br \/>\nEste libro sin duda contribuye a esta reflexi\u00f3n, no tan frecuente, iluminando al lector el complejo mundo de la econom\u00eda, la empresa y la pol\u00edtica de Occidente.<\/p>\n","protected":false},"featured_media":3518,"comment_status":"closed","ping_status":"open","template":"","meta":{"_acf_changed":false},"materia_nivel_3":[2714],"subtema_nivel_2":[2598,2576,2583],"tema_nivel_1":[2570],"product_brand":[],"product_cat":[15],"product_tag":[],"product_author":[4042,4204],"product_collection":[],"class_list":{"0":"post-15204","1":"product","2":"type-product","3":"status-publish","4":"has-post-thumbnail","6":"materia_nivel_3-actual","7":"subtema_nivel_2-economia","8":"subtema_nivel_2-politica","9":"subtema_nivel_2-sociologia","10":"tema_nivel_1-ciencias-sociales","11":"product_cat-uncategorized","12":"product_author-alonso-luis-enrique","13":"product_author-fernandez-rodriguez-carlos-jesus","15":"first","16":"instock","17":"purchasable","18":"product-type-simple"},"acf":[],"_links":{"self":[{"href":"https:\/\/dev2.cantalupe.net\/sigloxxi\/wp-json\/wp\/v2\/product\/15204","targetHints":{"allow":["GET"]}}],"collection":[{"href":"https:\/\/dev2.cantalupe.net\/sigloxxi\/wp-json\/wp\/v2\/product"}],"about":[{"href":"https:\/\/dev2.cantalupe.net\/sigloxxi\/wp-json\/wp\/v2\/types\/product"}],"replies":[{"embeddable":true,"href":"https:\/\/dev2.cantalupe.net\/sigloxxi\/wp-json\/wp\/v2\/comments?post=15204"}],"version-history":[{"count":1,"href":"https:\/\/dev2.cantalupe.net\/sigloxxi\/wp-json\/wp\/v2\/product\/15204\/revisions"}],"predecessor-version":[{"id":15205,"href":"https:\/\/dev2.cantalupe.net\/sigloxxi\/wp-json\/wp\/v2\/product\/15204\/revisions\/15205"}],"wp:featuredmedia":[{"embeddable":true,"href":"https:\/\/dev2.cantalupe.net\/sigloxxi\/wp-json\/wp\/v2\/media\/3518"}],"wp:attachment":[{"href":"https:\/\/dev2.cantalupe.net\/sigloxxi\/wp-json\/wp\/v2\/media?parent=15204"}],"wp:term":[{"taxonomy":"materia_nivel_3","embeddable":true,"href":"https:\/\/dev2.cantalupe.net\/sigloxxi\/wp-json\/wp\/v2\/materia_nivel_3?post=15204"},{"taxonomy":"subtema_nivel_2","embeddable":true,"href":"https:\/\/dev2.cantalupe.net\/sigloxxi\/wp-json\/wp\/v2\/subtema_nivel_2?post=15204"},{"taxonomy":"tema_nivel_1","embeddable":true,"href":"https:\/\/dev2.cantalupe.net\/sigloxxi\/wp-json\/wp\/v2\/tema_nivel_1?post=15204"},{"taxonomy":"product_brand","embeddable":true,"href":"https:\/\/dev2.cantalupe.net\/sigloxxi\/wp-json\/wp\/v2\/product_brand?post=15204"},{"taxonomy":"product_cat","embeddable":true,"href":"https:\/\/dev2.cantalupe.net\/sigloxxi\/wp-json\/wp\/v2\/product_cat?post=15204"},{"taxonomy":"product_tag","embeddable":true,"href":"https:\/\/dev2.cantalupe.net\/sigloxxi\/wp-json\/wp\/v2\/product_tag?post=15204"},{"taxonomy":"product_author","embeddable":true,"href":"https:\/\/dev2.cantalupe.net\/sigloxxi\/wp-json\/wp\/v2\/product_author?post=15204"},{"taxonomy":"product_collection","embeddable":true,"href":"https:\/\/dev2.cantalupe.net\/sigloxxi\/wp-json\/wp\/v2\/product_collection?post=15204"}],"curies":[{"name":"wp","href":"https:\/\/api.w.org\/{rel}","templated":true}]}}