{"id":15272,"date":"2025-11-04T14:55:40","date_gmt":"2025-11-04T14:55:40","guid":{"rendered":"https:\/\/dev2.cantalupe.net\/sigloxxi\/libro\/los-validos-en-la-monarquia-espanola-del-siglo-xvii\/"},"modified":"2025-11-04T14:55:53","modified_gmt":"2025-11-04T14:55:53","slug":"los-validos-en-la-monarquia-espanola-del-siglo-xvii","status":"publish","type":"product","link":"https:\/\/dev2.cantalupe.net\/sigloxxi\/libro\/los-validos-en-la-monarquia-espanola-del-siglo-xvii\/","title":{"rendered":"Los validos en la monarqu\u00eda espa\u00f1ola del siglo XVII"},"content":{"rendered":"<p>Rese\u00f1a en MetaHistoria.com<br \/>\nObra cl\u00e1sica y fundamental, Los validos en la monarqu\u00eda espa\u00f1ola del siglo XVII constituye, en palabras de John H. Elliott, \u00abun estudio institucional pionero sobre el valido como figura central en el gobierno de la Espa\u00f1a del siglo XVII\u00bb.\u00a0<br \/>\nDe la mano del prestigioso historiador y jurista Francisco Tom\u00e1s y Valiente, el lector se adentra en los entresijos de la pol\u00edtica interna de la monarqu\u00eda espa\u00f1ola en su periodo de m\u00e1ximo apogeo para comprender cu\u00e1l era la funci\u00f3n del valido del rey, una figura institucional que dotada de gran poder, y siempre denostada p\u00fablicamente, estuvo presente a lo largo de pr\u00e1cticamente toda la centuria.<br \/>\nAs\u00ed, tanto los hechos hist\u00f3ricos que explican el ascenso de figuras trascendentales de la pol\u00edtica del periodo como el duque de Lerma, el conde duque de Olivares, Luis de Haro, el padre Nithart o Don Juan de Austria como el an\u00e1lisis hist\u00f3rico e institucional que el autor presenta, permiten al lector comprender una de las m\u00e1s singulares y famosas caracter\u00edsticas de la historia pol\u00edtica de la monarqu\u00eda de los Austrias hisp\u00e1nicos: el valido del rey.<\/p>\n","protected":false},"excerpt":{"rendered":"<p>Rese\u00f1a en MetaHistoria.com<br \/>\nObra cl\u00e1sica y fundamental, Los validos en la monarqu\u00eda espa\u00f1ola del siglo XVII constituye, en palabras de John H. Elliott, \u00abun estudio institucional pionero sobre el valido como figura central en el gobierno de la Espa\u00f1a del siglo XVII\u00bb.\u00a0<br \/>\nDe la mano del prestigioso historiador y jurista Francisco Tom\u00e1s y Valiente, el lector se adentra en los entresijos de la pol\u00edtica interna de la monarqu\u00eda espa\u00f1ola en su periodo de m\u00e1ximo apogeo para comprender cu\u00e1l era la funci\u00f3n del valido del rey, una figura institucional que dotada de gran poder, y siempre denostada p\u00fablicamente, estuvo presente a lo largo de pr\u00e1cticamente toda la centuria.<br \/>\nAs\u00ed, tanto los hechos hist\u00f3ricos que explican el ascenso de figuras trascendentales de la pol\u00edtica del periodo como el duque de Lerma, el conde duque de Olivares, Luis de Haro, el padre Nithart o Don Juan de Austria como el an\u00e1lisis hist\u00f3rico e institucional que el autor presenta, permiten al lector comprender una de las m\u00e1s singulares y famosas caracter\u00edsticas de la historia pol\u00edtica de la monarqu\u00eda de los Austrias hisp\u00e1nicos: el valido del rey.<\/p>\n","protected":false},"featured_media":3583,"comment_status":"closed","ping_status":"open","template":"","meta":{"_acf_changed":false},"materia_nivel_3":[2559,2558],"subtema_nivel_2":[2561],"tema_nivel_1":[2567],"product_brand":[],"product_cat":[15],"product_tag":[],"product_author":[4231],"product_collection":[],"class_list":{"0":"post-15272","1":"product","2":"type-product","3":"status-publish","4":"has-post-thumbnail","6":"materia_nivel_3-espana","7":"materia_nivel_3-moderna","8":"subtema_nivel_2-historia","9":"tema_nivel_1-historia","10":"product_cat-uncategorized","11":"product_author-tomas-y-valiente-francisco","13":"first","14":"instock","15":"purchasable","16":"product-type-simple"},"acf":[],"_links":{"self":[{"href":"https:\/\/dev2.cantalupe.net\/sigloxxi\/wp-json\/wp\/v2\/product\/15272","targetHints":{"allow":["GET"]}}],"collection":[{"href":"https:\/\/dev2.cantalupe.net\/sigloxxi\/wp-json\/wp\/v2\/product"}],"about":[{"href":"https:\/\/dev2.cantalupe.net\/sigloxxi\/wp-json\/wp\/v2\/types\/product"}],"replies":[{"embeddable":true,"href":"https:\/\/dev2.cantalupe.net\/sigloxxi\/wp-json\/wp\/v2\/comments?post=15272"}],"version-history":[{"count":1,"href":"https:\/\/dev2.cantalupe.net\/sigloxxi\/wp-json\/wp\/v2\/product\/15272\/revisions"}],"predecessor-version":[{"id":15273,"href":"https:\/\/dev2.cantalupe.net\/sigloxxi\/wp-json\/wp\/v2\/product\/15272\/revisions\/15273"}],"wp:featuredmedia":[{"embeddable":true,"href":"https:\/\/dev2.cantalupe.net\/sigloxxi\/wp-json\/wp\/v2\/media\/3583"}],"wp:attachment":[{"href":"https:\/\/dev2.cantalupe.net\/sigloxxi\/wp-json\/wp\/v2\/media?parent=15272"}],"wp:term":[{"taxonomy":"materia_nivel_3","embeddable":true,"href":"https:\/\/dev2.cantalupe.net\/sigloxxi\/wp-json\/wp\/v2\/materia_nivel_3?post=15272"},{"taxonomy":"subtema_nivel_2","embeddable":true,"href":"https:\/\/dev2.cantalupe.net\/sigloxxi\/wp-json\/wp\/v2\/subtema_nivel_2?post=15272"},{"taxonomy":"tema_nivel_1","embeddable":true,"href":"https:\/\/dev2.cantalupe.net\/sigloxxi\/wp-json\/wp\/v2\/tema_nivel_1?post=15272"},{"taxonomy":"product_brand","embeddable":true,"href":"https:\/\/dev2.cantalupe.net\/sigloxxi\/wp-json\/wp\/v2\/product_brand?post=15272"},{"taxonomy":"product_cat","embeddable":true,"href":"https:\/\/dev2.cantalupe.net\/sigloxxi\/wp-json\/wp\/v2\/product_cat?post=15272"},{"taxonomy":"product_tag","embeddable":true,"href":"https:\/\/dev2.cantalupe.net\/sigloxxi\/wp-json\/wp\/v2\/product_tag?post=15272"},{"taxonomy":"product_author","embeddable":true,"href":"https:\/\/dev2.cantalupe.net\/sigloxxi\/wp-json\/wp\/v2\/product_author?post=15272"},{"taxonomy":"product_collection","embeddable":true,"href":"https:\/\/dev2.cantalupe.net\/sigloxxi\/wp-json\/wp\/v2\/product_collection?post=15272"}],"curies":[{"name":"wp","href":"https:\/\/api.w.org\/{rel}","templated":true}]}}