{"id":15364,"date":"2025-11-04T14:56:07","date_gmt":"2025-11-04T14:56:07","guid":{"rendered":"https:\/\/dev2.cantalupe.net\/sigloxxi\/libro\/manual-de-tecnicas-de-terapia-y-modificacion-de-conducta\/"},"modified":"2025-11-04T14:56:07","modified_gmt":"2025-11-04T14:56:07","slug":"manual-de-tecnicas-de-terapia-y-modificacion-de-conducta","status":"publish","type":"product","link":"https:\/\/dev2.cantalupe.net\/sigloxxi\/libro\/manual-de-tecnicas-de-terapia-y-modificacion-de-conducta\/","title":{"rendered":"Manual de t\u00e9cnicas de terapia y modificaci\u00f3n de conducta"},"content":{"rendered":"<p>El presente manual recoge las t\u00e9cnicas terap\u00e9uticas m\u00e1s importantes del campo de la terapia y modificaci\u00f3n de conducta y les da un trato eminentemente pr\u00e1ctico, sin por ello perder profundidad. Cada cap\u00edtulo, que expone una t\u00e9cnica, se organiza fundamentalmente alrededor de los siguientes apartados: historia, definici\u00f3n y descripci\u00f3n, fundamentos conceptuales y emp\u00edricos, procedimiento, variaciones, aplicaciones, resumen final y lecturas para profundizar. Los distintos cap\u00edtulos que componen este libro constituyen escritos originales redactados por m\u00e1s de 40 especialistas nacionales e internacionales, haciendo del presente manual una obra de consulta imprescindible para todo profesional interesado en el campo de la terapia de los trastornos mentales. Asimismo resulta un libro de texto ideal para las asignaturas pertenecientes al \u00e1rea de la terapia y modificaci\u00f3n de conducta de los \u00faltimos cursos de la carrera de Psicolog\u00eda.<\/p>\n","protected":false},"excerpt":{"rendered":"<p>El presente manual recoge las t\u00e9cnicas terap\u00e9uticas m\u00e1s importantes del campo de la terapia y modificaci\u00f3n de conducta y les da un trato eminentemente pr\u00e1ctico, sin por ello perder profundidad. Cada cap\u00edtulo, que expone una t\u00e9cnica, se organiza fundamentalmente alrededor de los siguientes apartados: historia, definici\u00f3n y descripci\u00f3n, fundamentos conceptuales y emp\u00edricos, procedimiento, variaciones, aplicaciones, resumen final y lecturas para profundizar. Los distintos cap\u00edtulos que componen este libro constituyen escritos originales redactados por m\u00e1s de 40 especialistas nacionales e internacionales, haciendo del presente manual una obra de consulta imprescindible para todo profesional interesado en el campo de la terapia de los trastornos mentales. Asimismo resulta un libro de texto ideal para las asignaturas pertenecientes al \u00e1rea de la terapia y modificaci\u00f3n de conducta de los \u00faltimos cursos de la carrera de Psicolog\u00eda.<\/p>\n","protected":false},"featured_media":3674,"comment_status":"closed","ping_status":"open","template":"","meta":{"_acf_changed":false},"materia_nivel_3":[],"subtema_nivel_2":[2578],"tema_nivel_1":[2579],"product_brand":[],"product_cat":[15],"product_tag":[],"product_author":[3817],"product_collection":[],"class_list":{"0":"post-15364","1":"product","2":"type-product","3":"status-publish","4":"has-post-thumbnail","6":"subtema_nivel_2-psicologia","7":"tema_nivel_1-psicologia","8":"product_cat-uncategorized","9":"product_author-caballo-vicente-e","11":"first","12":"instock","13":"purchasable","14":"product-type-simple"},"acf":[],"_links":{"self":[{"href":"https:\/\/dev2.cantalupe.net\/sigloxxi\/wp-json\/wp\/v2\/product\/15364","targetHints":{"allow":["GET"]}}],"collection":[{"href":"https:\/\/dev2.cantalupe.net\/sigloxxi\/wp-json\/wp\/v2\/product"}],"about":[{"href":"https:\/\/dev2.cantalupe.net\/sigloxxi\/wp-json\/wp\/v2\/types\/product"}],"replies":[{"embeddable":true,"href":"https:\/\/dev2.cantalupe.net\/sigloxxi\/wp-json\/wp\/v2\/comments?post=15364"}],"version-history":[{"count":1,"href":"https:\/\/dev2.cantalupe.net\/sigloxxi\/wp-json\/wp\/v2\/product\/15364\/revisions"}],"predecessor-version":[{"id":15365,"href":"https:\/\/dev2.cantalupe.net\/sigloxxi\/wp-json\/wp\/v2\/product\/15364\/revisions\/15365"}],"wp:featuredmedia":[{"embeddable":true,"href":"https:\/\/dev2.cantalupe.net\/sigloxxi\/wp-json\/wp\/v2\/media\/3674"}],"wp:attachment":[{"href":"https:\/\/dev2.cantalupe.net\/sigloxxi\/wp-json\/wp\/v2\/media?parent=15364"}],"wp:term":[{"taxonomy":"materia_nivel_3","embeddable":true,"href":"https:\/\/dev2.cantalupe.net\/sigloxxi\/wp-json\/wp\/v2\/materia_nivel_3?post=15364"},{"taxonomy":"subtema_nivel_2","embeddable":true,"href":"https:\/\/dev2.cantalupe.net\/sigloxxi\/wp-json\/wp\/v2\/subtema_nivel_2?post=15364"},{"taxonomy":"tema_nivel_1","embeddable":true,"href":"https:\/\/dev2.cantalupe.net\/sigloxxi\/wp-json\/wp\/v2\/tema_nivel_1?post=15364"},{"taxonomy":"product_brand","embeddable":true,"href":"https:\/\/dev2.cantalupe.net\/sigloxxi\/wp-json\/wp\/v2\/product_brand?post=15364"},{"taxonomy":"product_cat","embeddable":true,"href":"https:\/\/dev2.cantalupe.net\/sigloxxi\/wp-json\/wp\/v2\/product_cat?post=15364"},{"taxonomy":"product_tag","embeddable":true,"href":"https:\/\/dev2.cantalupe.net\/sigloxxi\/wp-json\/wp\/v2\/product_tag?post=15364"},{"taxonomy":"product_author","embeddable":true,"href":"https:\/\/dev2.cantalupe.net\/sigloxxi\/wp-json\/wp\/v2\/product_author?post=15364"},{"taxonomy":"product_collection","embeddable":true,"href":"https:\/\/dev2.cantalupe.net\/sigloxxi\/wp-json\/wp\/v2\/product_collection?post=15364"}],"curies":[{"name":"wp","href":"https:\/\/api.w.org\/{rel}","templated":true}]}}