{"id":15452,"date":"2025-11-04T14:56:21","date_gmt":"2025-11-04T14:56:21","guid":{"rendered":"https:\/\/dev2.cantalupe.net\/sigloxxi\/libro\/memoria-del-fuego-1-los-nacimientos\/"},"modified":"2025-11-04T14:56:21","modified_gmt":"2025-11-04T14:56:21","slug":"memoria-del-fuego-1-los-nacimientos","status":"publish","type":"product","link":"https:\/\/dev2.cantalupe.net\/sigloxxi\/libro\/memoria-del-fuego-1-los-nacimientos\/","title":{"rendered":"Memoria del fuego. 1. Los nacimientos"},"content":{"rendered":"<p>Los nacimientos, primer volumen de la trilog\u00eda Memoria del fuego, recorre la historia de Am\u00e9rica desde los tiempos previos a la conquista hasta el a\u00f1o 1700. Fragmentos cuidadosamente documentados recrean la descarnada opresi\u00f3n que padecieron los indios a manos de los conquistadores. Y lo hacen por medio de relatos que expresan, casi literariamente, las creencias de unos y otros, las coartadas que justificaban la explotaci\u00f3n y el exterminio, la complejidad de un proceso hist\u00f3rico que, aun cuando haya tenido v\u00edctimas y victimarios insoslayables, no puede reducirse a un esquema binario o escolar. Los relatos componen as\u00ed un mosaico de figuras m\u00f3viles, vivas, ajenas al m\u00e1rmol silencioso de los monumentos.<\/p>\n","protected":false},"excerpt":{"rendered":"<p>Los nacimientos, primer volumen de la trilog\u00eda Memoria del fuego, recorre la historia de Am\u00e9rica desde los tiempos previos a la conquista hasta el a\u00f1o 1700. Fragmentos cuidadosamente documentados recrean la descarnada opresi\u00f3n que padecieron los indios a manos de los conquistadores. Y lo hacen por medio de relatos que expresan, casi literariamente, las creencias de unos y otros, las coartadas que justificaban la explotaci\u00f3n y el exterminio, la complejidad de un proceso hist\u00f3rico que, aun cuando haya tenido v\u00edctimas y victimarios insoslayables, no puede reducirse a un esquema binario o escolar. Los relatos componen as\u00ed un mosaico de figuras m\u00f3viles, vivas, ajenas al m\u00e1rmol silencioso de los monumentos.<\/p>\n","protected":false},"featured_media":3755,"comment_status":"closed","ping_status":"open","template":"","meta":{"_acf_changed":false},"materia_nivel_3":[2605],"subtema_nivel_2":[2561],"tema_nivel_1":[2693],"product_brand":[],"product_cat":[15],"product_tag":[],"product_author":[2868],"product_collection":[],"class_list":{"0":"post-15452","1":"product","2":"type-product","3":"status-publish","4":"has-post-thumbnail","6":"materia_nivel_3-america","7":"subtema_nivel_2-historia","8":"tema_nivel_1-biblioteca-eduardo-galeano","9":"product_cat-uncategorized","10":"product_author-galeano-eduardo","12":"first","13":"instock","14":"purchasable","15":"product-type-simple"},"acf":[],"_links":{"self":[{"href":"https:\/\/dev2.cantalupe.net\/sigloxxi\/wp-json\/wp\/v2\/product\/15452","targetHints":{"allow":["GET"]}}],"collection":[{"href":"https:\/\/dev2.cantalupe.net\/sigloxxi\/wp-json\/wp\/v2\/product"}],"about":[{"href":"https:\/\/dev2.cantalupe.net\/sigloxxi\/wp-json\/wp\/v2\/types\/product"}],"replies":[{"embeddable":true,"href":"https:\/\/dev2.cantalupe.net\/sigloxxi\/wp-json\/wp\/v2\/comments?post=15452"}],"version-history":[{"count":1,"href":"https:\/\/dev2.cantalupe.net\/sigloxxi\/wp-json\/wp\/v2\/product\/15452\/revisions"}],"predecessor-version":[{"id":15453,"href":"https:\/\/dev2.cantalupe.net\/sigloxxi\/wp-json\/wp\/v2\/product\/15452\/revisions\/15453"}],"wp:featuredmedia":[{"embeddable":true,"href":"https:\/\/dev2.cantalupe.net\/sigloxxi\/wp-json\/wp\/v2\/media\/3755"}],"wp:attachment":[{"href":"https:\/\/dev2.cantalupe.net\/sigloxxi\/wp-json\/wp\/v2\/media?parent=15452"}],"wp:term":[{"taxonomy":"materia_nivel_3","embeddable":true,"href":"https:\/\/dev2.cantalupe.net\/sigloxxi\/wp-json\/wp\/v2\/materia_nivel_3?post=15452"},{"taxonomy":"subtema_nivel_2","embeddable":true,"href":"https:\/\/dev2.cantalupe.net\/sigloxxi\/wp-json\/wp\/v2\/subtema_nivel_2?post=15452"},{"taxonomy":"tema_nivel_1","embeddable":true,"href":"https:\/\/dev2.cantalupe.net\/sigloxxi\/wp-json\/wp\/v2\/tema_nivel_1?post=15452"},{"taxonomy":"product_brand","embeddable":true,"href":"https:\/\/dev2.cantalupe.net\/sigloxxi\/wp-json\/wp\/v2\/product_brand?post=15452"},{"taxonomy":"product_cat","embeddable":true,"href":"https:\/\/dev2.cantalupe.net\/sigloxxi\/wp-json\/wp\/v2\/product_cat?post=15452"},{"taxonomy":"product_tag","embeddable":true,"href":"https:\/\/dev2.cantalupe.net\/sigloxxi\/wp-json\/wp\/v2\/product_tag?post=15452"},{"taxonomy":"product_author","embeddable":true,"href":"https:\/\/dev2.cantalupe.net\/sigloxxi\/wp-json\/wp\/v2\/product_author?post=15452"},{"taxonomy":"product_collection","embeddable":true,"href":"https:\/\/dev2.cantalupe.net\/sigloxxi\/wp-json\/wp\/v2\/product_collection?post=15452"}],"curies":[{"name":"wp","href":"https:\/\/api.w.org\/{rel}","templated":true}]}}