{"id":15482,"date":"2025-11-04T14:56:23","date_gmt":"2025-11-04T14:56:23","guid":{"rendered":"https:\/\/dev2.cantalupe.net\/sigloxxi\/libro\/metodologia-de-la-historia-de-la-prensa-espanola\/"},"modified":"2025-11-04T14:56:23","modified_gmt":"2025-11-04T14:56:23","slug":"metodologia-de-la-historia-de-la-prensa-espanola","status":"publish","type":"product","link":"https:\/\/dev2.cantalupe.net\/sigloxxi\/libro\/metodologia-de-la-historia-de-la-prensa-espanola\/","title":{"rendered":"Metodolog\u00eda de la historia de la prensa espa\u00f1ola"},"content":{"rendered":"<p>Solapa: En noviembre de 1979, la Universidad de Pau organiz\u00f3 un Seminario sobre Metodolog\u00eda de Historia de la Prensa. La casi totalidad de las comunicaciones presentadas est\u00e1 recogida en este libro. Las aportaciones de L. Leo y J. Brihuega\/V. Mora est\u00e1n centradas en el an\u00e1lisis semiol\u00f3gico y sem\u00e1ntico de textos y carteles de propaganda electoral correspondientes a las legislativas y municipales de 1979. La prensa del siglo XIX es estudiada en la segunda parte: El Proletario, de C\u00e1diz, por G. Brey; El \u00c1ncora, de Mallorca, por F. J. D\u00edaz de Castro e l. Moll; El Socialista (1886-1900), por S. Castillo; las estad\u00edsticas oficiales de la prensa (1867-1927), por J. L. Guere\u00f1a; la doctrina y pr\u00e1cticas de la Iglesia cat\u00f3lica respecto a los medios de comunicaci\u00f3n impresos en Espa\u00f1a (1847-1917), por F. Botrel. Los trabajos sobre la prensa del siglo XX est\u00e1n reunidos en la tercera parte. E. Fern\u00e1ndez Clemente se ocupa de la prensa en tiempos de la dictadura de Primo de Rivera; la actitud de la prensa ante los desastres de Annual y Monte Arruit es objeto del estudio de M. Desvois; B. Barrere indaga sobre la polisemia de la prensa. En la cuarta parte se recogen algunos ejemplos de metodolog\u00eda, como los que aporta A. Moreno Sard\u00e1 sobre la aplicaci\u00f3n de la inform\u00e1tica al an\u00e1lisis de las publicaciones, o A. Rodr\u00edguez de las Heras sobre la alteraci\u00f3n de la inform\u00e1tica en la prensa, o la propuesta de E. Mar\u00edn Otto para un enfoque del trabajo historiogr\u00e1fico de la prensa desde la perspectiva de la comunicaci\u00f3n social. En las \u00faltimas p\u00e1ginas expone J. Extramiana las l\u00edneas de su investigaci\u00f3n en la prensa espa\u00f1ola y peruana del \u00faltimo tercio del siglo XIX y primer tercio del siglo XX.<\/p>\n","protected":false},"excerpt":{"rendered":"<p>Solapa: En noviembre de 1979, la Universidad de Pau organiz\u00f3 un Seminario sobre Metodolog\u00eda de Historia de la Prensa. La casi totalidad de las comunicaciones presentadas est\u00e1 recogida en este libro. Las aportaciones de L. Leo y J. Brihuega\/V. Mora est\u00e1n centradas en el an\u00e1lisis semiol\u00f3gico y sem\u00e1ntico de textos y carteles de propaganda electoral correspondientes a las legislativas y municipales de 1979. La prensa del siglo XIX es estudiada en la segunda parte: El Proletario, de C\u00e1diz, por G. Brey; El \u00c1ncora, de Mallorca, por F. J. D\u00edaz de Castro e l. Moll; El Socialista (1886-1900), por S. Castillo; las estad\u00edsticas oficiales de la prensa (1867-1927), por J. L. Guere\u00f1a; la doctrina y pr\u00e1cticas de la Iglesia cat\u00f3lica respecto a los medios de comunicaci\u00f3n impresos en Espa\u00f1a (1847-1917), por F. Botrel. Los trabajos sobre la prensa del siglo XX est\u00e1n reunidos en la tercera parte. E. Fern\u00e1ndez Clemente se ocupa de la prensa en tiempos de la dictadura de Primo de Rivera; la actitud de la prensa ante los desastres de Annual y Monte Arruit es objeto del estudio de M. Desvois; B. Barrere indaga sobre la polisemia de la prensa. En la cuarta parte se recogen algunos ejemplos de metodolog\u00eda, como los que aporta A. Moreno Sard\u00e1 sobre la aplicaci\u00f3n de la inform\u00e1tica al an\u00e1lisis de las publicaciones, o A. Rodr\u00edguez de las Heras sobre la alteraci\u00f3n de la inform\u00e1tica en la prensa, o la propuesta de E. Mar\u00edn Otto para un enfoque del trabajo historiogr\u00e1fico de la prensa desde la perspectiva de la comunicaci\u00f3n social. En las \u00faltimas p\u00e1ginas expone J. Extramiana las l\u00edneas de su investigaci\u00f3n en la prensa espa\u00f1ola y peruana del \u00faltimo tercio del siglo XIX y primer tercio del siglo XX.<\/p>\n","protected":false},"featured_media":3783,"comment_status":"closed","ping_status":"open","template":"","meta":{"_acf_changed":false},"materia_nivel_3":[2565,2559],"subtema_nivel_2":[],"tema_nivel_1":[2567],"product_brand":[],"product_cat":[15],"product_tag":[],"product_author":[4284],"product_collection":[],"class_list":{"0":"post-15482","1":"product","2":"type-product","3":"status-publish","4":"has-post-thumbnail","6":"materia_nivel_3-contemporanea","7":"materia_nivel_3-espana","8":"tema_nivel_1-historia","9":"product_cat-uncategorized","10":"product_author-barrere-bernard","12":"first","13":"instock","14":"purchasable","15":"product-type-simple"},"acf":[],"_links":{"self":[{"href":"https:\/\/dev2.cantalupe.net\/sigloxxi\/wp-json\/wp\/v2\/product\/15482","targetHints":{"allow":["GET"]}}],"collection":[{"href":"https:\/\/dev2.cantalupe.net\/sigloxxi\/wp-json\/wp\/v2\/product"}],"about":[{"href":"https:\/\/dev2.cantalupe.net\/sigloxxi\/wp-json\/wp\/v2\/types\/product"}],"replies":[{"embeddable":true,"href":"https:\/\/dev2.cantalupe.net\/sigloxxi\/wp-json\/wp\/v2\/comments?post=15482"}],"version-history":[{"count":1,"href":"https:\/\/dev2.cantalupe.net\/sigloxxi\/wp-json\/wp\/v2\/product\/15482\/revisions"}],"predecessor-version":[{"id":15483,"href":"https:\/\/dev2.cantalupe.net\/sigloxxi\/wp-json\/wp\/v2\/product\/15482\/revisions\/15483"}],"wp:featuredmedia":[{"embeddable":true,"href":"https:\/\/dev2.cantalupe.net\/sigloxxi\/wp-json\/wp\/v2\/media\/3783"}],"wp:attachment":[{"href":"https:\/\/dev2.cantalupe.net\/sigloxxi\/wp-json\/wp\/v2\/media?parent=15482"}],"wp:term":[{"taxonomy":"materia_nivel_3","embeddable":true,"href":"https:\/\/dev2.cantalupe.net\/sigloxxi\/wp-json\/wp\/v2\/materia_nivel_3?post=15482"},{"taxonomy":"subtema_nivel_2","embeddable":true,"href":"https:\/\/dev2.cantalupe.net\/sigloxxi\/wp-json\/wp\/v2\/subtema_nivel_2?post=15482"},{"taxonomy":"tema_nivel_1","embeddable":true,"href":"https:\/\/dev2.cantalupe.net\/sigloxxi\/wp-json\/wp\/v2\/tema_nivel_1?post=15482"},{"taxonomy":"product_brand","embeddable":true,"href":"https:\/\/dev2.cantalupe.net\/sigloxxi\/wp-json\/wp\/v2\/product_brand?post=15482"},{"taxonomy":"product_cat","embeddable":true,"href":"https:\/\/dev2.cantalupe.net\/sigloxxi\/wp-json\/wp\/v2\/product_cat?post=15482"},{"taxonomy":"product_tag","embeddable":true,"href":"https:\/\/dev2.cantalupe.net\/sigloxxi\/wp-json\/wp\/v2\/product_tag?post=15482"},{"taxonomy":"product_author","embeddable":true,"href":"https:\/\/dev2.cantalupe.net\/sigloxxi\/wp-json\/wp\/v2\/product_author?post=15482"},{"taxonomy":"product_collection","embeddable":true,"href":"https:\/\/dev2.cantalupe.net\/sigloxxi\/wp-json\/wp\/v2\/product_collection?post=15482"}],"curies":[{"name":"wp","href":"https:\/\/api.w.org\/{rel}","templated":true}]}}