{"id":15492,"date":"2025-11-04T14:56:23","date_gmt":"2025-11-04T14:56:23","guid":{"rendered":"https:\/\/dev2.cantalupe.net\/sigloxxi\/libro\/miedo-y-deseo-2\/"},"modified":"2025-11-04T14:56:24","modified_gmt":"2025-11-04T14:56:24","slug":"miedo-y-deseo-2","status":"publish","type":"product","link":"https:\/\/dev2.cantalupe.net\/sigloxxi\/libro\/miedo-y-deseo-2\/","title":{"rendered":"Miedo y deseo"},"content":{"rendered":"<p>Miedo y deseo. Esas son las principales emociones que provoca en nosotros el\u00a0 vampiro. Un terror paralizante, que se combina con una atracci\u00f3n dif\u00edcil de resistir. Poderosas impresiones, tan antiguas como la especie humana misma.\u00a0Pero reducir una obra cumbre de la literatura universal como Dr\u00e1cula a una novela de terror supone pasar por alto el intenso impacto cultural que ha tenido en nuestras sociedades. En el interior de esa ficci\u00f3n palpitan los terrores y anhelos de una \u00e9poca pasada; unas pasiones, sin embargo, que extienden sus tent\u00e1culos hasta nuestros d\u00edas.Miedo y deseo. Historia cultural de Dr\u00e1cula (1897) es un viaje al coraz\u00f3n de los C\u00e1rpatos en busca de lo que somos. Es la lucha heroica de una joven por sobrevivir, por encontrar un espacio al margen de las imposiciones de los varones. Es tambi\u00e9n una indagaci\u00f3n sobre el fanatismo, la maldad y la locura, sobre la percepci\u00f3n que las clases dominantes tienen de s\u00ed mismas, sobre el trato que debemos dispensar al diferente, sobre la capacidad que posee el miedo para movilizar voluntades, sobre la implacable fuerza del deseo\u0085La presente investigaci\u00f3n es una pesquisa de historia cultural sobre el modo en que distintas ideolog\u00edas pugnan por modelar a los sujetos hist\u00f3ricos, por determinar sus actos, su forma de ser y de comportarse. \u00bfPodr\u00eda Dr\u00e1cula ayudarnos a entender mejor el mundo del que venimos? \u00bfPodr\u00eda contribuir a conocernos mejor a nosotros mismos? \u00bfSeremos capaces de soportar la mirada del monstruo para descubrir aquello que tiene que mostrarnos?<\/p>\n","protected":false},"excerpt":{"rendered":"<p>Miedo y deseo. Esas son las principales emociones que provoca en nosotros el\u00a0 vampiro. Un terror paralizante, que se combina con una atracci\u00f3n dif\u00edcil de resistir. Poderosas impresiones, tan antiguas como la especie humana misma.\u00a0Pero reducir una obra cumbre de la literatura universal como Dr\u00e1cula a una novela de terror supone pasar por alto el intenso impacto cultural que ha tenido en nuestras sociedades. En el interior de esa ficci\u00f3n palpitan los terrores y anhelos de una \u00e9poca pasada; unas pasiones, sin embargo, que extienden sus tent\u00e1culos hasta nuestros d\u00edas.Miedo y deseo. Historia cultural de Dr\u00e1cula (1897) es un viaje al coraz\u00f3n de los C\u00e1rpatos en busca de lo que somos. Es la lucha heroica de una joven por sobrevivir, por encontrar un espacio al margen de las imposiciones de los varones. Es tambi\u00e9n una indagaci\u00f3n sobre el fanatismo, la maldad y la locura, sobre la percepci\u00f3n que las clases dominantes tienen de s\u00ed mismas, sobre el trato que debemos dispensar al diferente, sobre la capacidad que posee el miedo para movilizar voluntades, sobre la implacable fuerza del deseo\u0085La presente investigaci\u00f3n es una pesquisa de historia cultural sobre el modo en que distintas ideolog\u00edas pugnan por modelar a los sujetos hist\u00f3ricos, por determinar sus actos, su forma de ser y de comportarse. \u00bfPodr\u00eda Dr\u00e1cula ayudarnos a entender mejor el mundo del que venimos? \u00bfPodr\u00eda contribuir a conocernos mejor a nosotros mismos? \u00bfSeremos capaces de soportar la mirada del monstruo para descubrir aquello que tiene que mostrarnos?<\/p>\n","protected":false},"featured_media":3791,"comment_status":"closed","ping_status":"open","template":"","meta":{"_acf_changed":false},"materia_nivel_3":[2565,2619],"subtema_nivel_2":[2561,2562],"tema_nivel_1":[2567],"product_brand":[],"product_cat":[15],"product_tag":[],"product_author":[4285],"product_collection":[],"class_list":{"0":"post-15492","1":"product","2":"type-product","3":"status-publish","4":"has-post-thumbnail","6":"materia_nivel_3-contemporanea","7":"materia_nivel_3-teoria-literaria","8":"subtema_nivel_2-historia","9":"subtema_nivel_2-lengua-y-literatura","10":"tema_nivel_1-historia","11":"product_cat-uncategorized","12":"product_author-lillo-alejandro","14":"first","15":"instock","16":"purchasable","17":"product-type-simple"},"acf":[],"_links":{"self":[{"href":"https:\/\/dev2.cantalupe.net\/sigloxxi\/wp-json\/wp\/v2\/product\/15492","targetHints":{"allow":["GET"]}}],"collection":[{"href":"https:\/\/dev2.cantalupe.net\/sigloxxi\/wp-json\/wp\/v2\/product"}],"about":[{"href":"https:\/\/dev2.cantalupe.net\/sigloxxi\/wp-json\/wp\/v2\/types\/product"}],"replies":[{"embeddable":true,"href":"https:\/\/dev2.cantalupe.net\/sigloxxi\/wp-json\/wp\/v2\/comments?post=15492"}],"version-history":[{"count":1,"href":"https:\/\/dev2.cantalupe.net\/sigloxxi\/wp-json\/wp\/v2\/product\/15492\/revisions"}],"predecessor-version":[{"id":15493,"href":"https:\/\/dev2.cantalupe.net\/sigloxxi\/wp-json\/wp\/v2\/product\/15492\/revisions\/15493"}],"wp:featuredmedia":[{"embeddable":true,"href":"https:\/\/dev2.cantalupe.net\/sigloxxi\/wp-json\/wp\/v2\/media\/3791"}],"wp:attachment":[{"href":"https:\/\/dev2.cantalupe.net\/sigloxxi\/wp-json\/wp\/v2\/media?parent=15492"}],"wp:term":[{"taxonomy":"materia_nivel_3","embeddable":true,"href":"https:\/\/dev2.cantalupe.net\/sigloxxi\/wp-json\/wp\/v2\/materia_nivel_3?post=15492"},{"taxonomy":"subtema_nivel_2","embeddable":true,"href":"https:\/\/dev2.cantalupe.net\/sigloxxi\/wp-json\/wp\/v2\/subtema_nivel_2?post=15492"},{"taxonomy":"tema_nivel_1","embeddable":true,"href":"https:\/\/dev2.cantalupe.net\/sigloxxi\/wp-json\/wp\/v2\/tema_nivel_1?post=15492"},{"taxonomy":"product_brand","embeddable":true,"href":"https:\/\/dev2.cantalupe.net\/sigloxxi\/wp-json\/wp\/v2\/product_brand?post=15492"},{"taxonomy":"product_cat","embeddable":true,"href":"https:\/\/dev2.cantalupe.net\/sigloxxi\/wp-json\/wp\/v2\/product_cat?post=15492"},{"taxonomy":"product_tag","embeddable":true,"href":"https:\/\/dev2.cantalupe.net\/sigloxxi\/wp-json\/wp\/v2\/product_tag?post=15492"},{"taxonomy":"product_author","embeddable":true,"href":"https:\/\/dev2.cantalupe.net\/sigloxxi\/wp-json\/wp\/v2\/product_author?post=15492"},{"taxonomy":"product_collection","embeddable":true,"href":"https:\/\/dev2.cantalupe.net\/sigloxxi\/wp-json\/wp\/v2\/product_collection?post=15492"}],"curies":[{"name":"wp","href":"https:\/\/api.w.org\/{rel}","templated":true}]}}