{"id":15502,"date":"2025-11-04T14:56:23","date_gmt":"2025-11-04T14:56:23","guid":{"rendered":"https:\/\/dev2.cantalupe.net\/sigloxxi\/libro\/mitologias-don-juan-segismundo\/"},"modified":"2025-11-04T14:56:33","modified_gmt":"2025-11-04T14:56:33","slug":"mitologias-don-juan-segismundo","status":"publish","type":"product","link":"https:\/\/dev2.cantalupe.net\/sigloxxi\/libro\/mitologias-don-juan-segismundo\/","title":{"rendered":"Mitolog\u00edas. Don Juan, Segismundo"},"content":{"rendered":"<p>El libro analiza a Don Juan y a Segismundo desde un punto de vista aparentemente inhabitual: su existencia no ya como literatura, sino como mitos. El an\u00e1lisis del mito como tal implica su descomposici\u00f3n en elementos m\u00ednimos significativos o mitemas, y en espacios asimismo significativos en los que se disponen dichos mitemas. As\u00ed, pues, Don Juan, reducido a un conjunto de mitemas, repite de obra en obra sus singulares caracter\u00edsticas. La mitolog\u00eda de (o en) Don Juan es multiplicaci\u00f3n de s\u00ed misma, a la inversa de lo que ocurre en La vida es sue\u00f1o que recoge y condensa un material mitol\u00f3gico antecedente en que Calder\u00f3n interviene como sintetizador. Dos observaciones se imponen: en primer lugar, que los an\u00e1lisis que aqu\u00ed se ofrecen son esencialmente ideol\u00f3gicos: en Don Juan no cambia la forma mitol\u00f3gica, sino su adaptaci\u00f3n a un discurso mitol\u00f3gico variable seg\u00fan los lugares y momentos de la historia. En segundo lugar, los mitos estudiados (Don Juan, Segismundo) a pesar de su raigambre espa\u00f1ola, no ostentan ni un solo rasgo de hisp\u00e1nica especificidad: son figuras universales, susceptibles de integrarse en otras culturas o momentos hist\u00f3ricos culturales ajenos a los que los vieron forjarse. En el presente libro se estudian, adem\u00e1s de La vida es sue\u00f1o, una serie de Don Juanes dram\u00e1ticos (por ser el drama la forma primigenia del discurso m\u00edtico recogido por la invenci\u00f3n creadora de los artistas): adem\u00e1s del Burlador espa\u00f1ol, se analizan el Don Juan de Moli\u00e9re, el Don Giovanni de Mozart-Da Ponte, el de Pushkin, la versi\u00f3n rom\u00e1ntica de Zorrilla y sus parodias (Las galas del difunto de Valle-lncl\u00e1n), y, por fin, el curioso y probablemente definitivo Don Juan o el amor a la geometr\u00eda, de Max Frisch.<\/p>\n","protected":false},"excerpt":{"rendered":"<p>El libro analiza a Don Juan y a Segismundo desde un punto de vista aparentemente inhabitual: su existencia no ya como literatura, sino como mitos. El an\u00e1lisis del mito como tal implica su descomposici\u00f3n en elementos m\u00ednimos significativos o mitemas, y en espacios asimismo significativos en los que se disponen dichos mitemas. As\u00ed, pues, Don Juan, reducido a un conjunto de mitemas, repite de obra en obra sus singulares caracter\u00edsticas. La mitolog\u00eda de (o en) Don Juan es multiplicaci\u00f3n de s\u00ed misma, a la inversa de lo que ocurre en La vida es sue\u00f1o que recoge y condensa un material mitol\u00f3gico antecedente en que Calder\u00f3n interviene como sintetizador. Dos observaciones se imponen: en primer lugar, que los an\u00e1lisis que aqu\u00ed se ofrecen son esencialmente ideol\u00f3gicos: en Don Juan no cambia la forma mitol\u00f3gica, sino su adaptaci\u00f3n a un discurso mitol\u00f3gico variable seg\u00fan los lugares y momentos de la historia. En segundo lugar, los mitos estudiados (Don Juan, Segismundo) a pesar de su raigambre espa\u00f1ola, no ostentan ni un solo rasgo de hisp\u00e1nica especificidad: son figuras universales, susceptibles de integrarse en otras culturas o momentos hist\u00f3ricos culturales ajenos a los que los vieron forjarse. En el presente libro se estudian, adem\u00e1s de La vida es sue\u00f1o, una serie de Don Juanes dram\u00e1ticos (por ser el drama la forma primigenia del discurso m\u00edtico recogido por la invenci\u00f3n creadora de los artistas): adem\u00e1s del Burlador espa\u00f1ol, se analizan el Don Juan de Moli\u00e9re, el Don Giovanni de Mozart-Da Ponte, el de Pushkin, la versi\u00f3n rom\u00e1ntica de Zorrilla y sus parodias (Las galas del difunto de Valle-lncl\u00e1n), y, por fin, el curioso y probablemente definitivo Don Juan o el amor a la geometr\u00eda, de Max Frisch.<\/p>\n","protected":false},"featured_media":3799,"comment_status":"closed","ping_status":"open","template":"","meta":{"_acf_changed":false},"materia_nivel_3":[],"subtema_nivel_2":[2562],"tema_nivel_1":[2563],"product_brand":[],"product_cat":[15],"product_tag":[],"product_author":[],"product_collection":[],"class_list":{"0":"post-15502","1":"product","2":"type-product","3":"status-publish","4":"has-post-thumbnail","6":"subtema_nivel_2-lengua-y-literatura","7":"tema_nivel_1-siglo-xxi-de-espana-general","8":"product_cat-uncategorized","10":"first","11":"instock","12":"purchasable","13":"product-type-simple"},"acf":[],"_links":{"self":[{"href":"https:\/\/dev2.cantalupe.net\/sigloxxi\/wp-json\/wp\/v2\/product\/15502","targetHints":{"allow":["GET"]}}],"collection":[{"href":"https:\/\/dev2.cantalupe.net\/sigloxxi\/wp-json\/wp\/v2\/product"}],"about":[{"href":"https:\/\/dev2.cantalupe.net\/sigloxxi\/wp-json\/wp\/v2\/types\/product"}],"replies":[{"embeddable":true,"href":"https:\/\/dev2.cantalupe.net\/sigloxxi\/wp-json\/wp\/v2\/comments?post=15502"}],"version-history":[{"count":1,"href":"https:\/\/dev2.cantalupe.net\/sigloxxi\/wp-json\/wp\/v2\/product\/15502\/revisions"}],"predecessor-version":[{"id":15503,"href":"https:\/\/dev2.cantalupe.net\/sigloxxi\/wp-json\/wp\/v2\/product\/15502\/revisions\/15503"}],"wp:featuredmedia":[{"embeddable":true,"href":"https:\/\/dev2.cantalupe.net\/sigloxxi\/wp-json\/wp\/v2\/media\/3799"}],"wp:attachment":[{"href":"https:\/\/dev2.cantalupe.net\/sigloxxi\/wp-json\/wp\/v2\/media?parent=15502"}],"wp:term":[{"taxonomy":"materia_nivel_3","embeddable":true,"href":"https:\/\/dev2.cantalupe.net\/sigloxxi\/wp-json\/wp\/v2\/materia_nivel_3?post=15502"},{"taxonomy":"subtema_nivel_2","embeddable":true,"href":"https:\/\/dev2.cantalupe.net\/sigloxxi\/wp-json\/wp\/v2\/subtema_nivel_2?post=15502"},{"taxonomy":"tema_nivel_1","embeddable":true,"href":"https:\/\/dev2.cantalupe.net\/sigloxxi\/wp-json\/wp\/v2\/tema_nivel_1?post=15502"},{"taxonomy":"product_brand","embeddable":true,"href":"https:\/\/dev2.cantalupe.net\/sigloxxi\/wp-json\/wp\/v2\/product_brand?post=15502"},{"taxonomy":"product_cat","embeddable":true,"href":"https:\/\/dev2.cantalupe.net\/sigloxxi\/wp-json\/wp\/v2\/product_cat?post=15502"},{"taxonomy":"product_tag","embeddable":true,"href":"https:\/\/dev2.cantalupe.net\/sigloxxi\/wp-json\/wp\/v2\/product_tag?post=15502"},{"taxonomy":"product_author","embeddable":true,"href":"https:\/\/dev2.cantalupe.net\/sigloxxi\/wp-json\/wp\/v2\/product_author?post=15502"},{"taxonomy":"product_collection","embeddable":true,"href":"https:\/\/dev2.cantalupe.net\/sigloxxi\/wp-json\/wp\/v2\/product_collection?post=15502"}],"curies":[{"name":"wp","href":"https:\/\/api.w.org\/{rel}","templated":true}]}}