{"id":15692,"date":"2025-11-04T14:57:46","date_gmt":"2025-11-04T14:57:46","guid":{"rendered":"https:\/\/dev2.cantalupe.net\/sigloxxi\/libro\/patas-arriba\/"},"modified":"2025-11-04T14:57:46","modified_gmt":"2025-11-04T14:57:46","slug":"patas-arriba","status":"publish","type":"product","link":"https:\/\/dev2.cantalupe.net\/sigloxxi\/libro\/patas-arriba\/","title":{"rendered":"Patas arriba"},"content":{"rendered":"<p>Al fin del milenio, el mundo al rev\u00e9s est\u00e1 a la vista: es el mundo tal cual es, con la izquierda a la derecha, el ombligo en la espalda y la cabeza en los pies.<br \/>\n\tEn este libro Galeano muestra por qu\u00e9 el mundo est\u00e1 al rev\u00e9s. Recuerda a Alicia en su viaje a trav\u00e9s del espejo y as\u00ed, recorre temas como la impunidad del poder, la sociedad de consumo, la injusticia, el racismo y el machismo. El autor se destaca en esta obra por su inconfundible estilo que cruza el ensayo, la poes\u00eda, la narraci\u00f3n y la cr\u00f3nica para mostrar sin tapujos las miserias de la sociedad contempor\u00e1nea.<\/p>\n","protected":false},"excerpt":{"rendered":"<p>Al fin del milenio, el mundo al rev\u00e9s est\u00e1 a la vista: es el mundo tal cual es, con la izquierda a la derecha, el ombligo en la espalda y la cabeza en los pies.<br \/>\n\tEn este libro Galeano muestra por qu\u00e9 el mundo est\u00e1 al rev\u00e9s. Recuerda a Alicia en su viaje a trav\u00e9s del espejo y as\u00ed, recorre temas como la impunidad del poder, la sociedad de consumo, la injusticia, el racismo y el machismo. El autor se destaca en esta obra por su inconfundible estilo que cruza el ensayo, la poes\u00eda, la narraci\u00f3n y la cr\u00f3nica para mostrar sin tapujos las miserias de la sociedad contempor\u00e1nea.<\/p>\n","protected":false},"featured_media":3960,"comment_status":"closed","ping_status":"open","template":"","meta":{"_acf_changed":false},"materia_nivel_3":[2560],"subtema_nivel_2":[2562],"tema_nivel_1":[2693],"product_brand":[],"product_cat":[15],"product_tag":[],"product_author":[2868],"product_collection":[],"class_list":{"0":"post-15692","1":"product","2":"type-product","3":"status-publish","4":"has-post-thumbnail","6":"materia_nivel_3-narrativa","7":"subtema_nivel_2-lengua-y-literatura","8":"tema_nivel_1-biblioteca-eduardo-galeano","9":"product_cat-uncategorized","10":"product_author-galeano-eduardo","12":"first","13":"instock","14":"purchasable","15":"product-type-simple"},"acf":[],"_links":{"self":[{"href":"https:\/\/dev2.cantalupe.net\/sigloxxi\/wp-json\/wp\/v2\/product\/15692","targetHints":{"allow":["GET"]}}],"collection":[{"href":"https:\/\/dev2.cantalupe.net\/sigloxxi\/wp-json\/wp\/v2\/product"}],"about":[{"href":"https:\/\/dev2.cantalupe.net\/sigloxxi\/wp-json\/wp\/v2\/types\/product"}],"replies":[{"embeddable":true,"href":"https:\/\/dev2.cantalupe.net\/sigloxxi\/wp-json\/wp\/v2\/comments?post=15692"}],"version-history":[{"count":1,"href":"https:\/\/dev2.cantalupe.net\/sigloxxi\/wp-json\/wp\/v2\/product\/15692\/revisions"}],"predecessor-version":[{"id":15693,"href":"https:\/\/dev2.cantalupe.net\/sigloxxi\/wp-json\/wp\/v2\/product\/15692\/revisions\/15693"}],"wp:featuredmedia":[{"embeddable":true,"href":"https:\/\/dev2.cantalupe.net\/sigloxxi\/wp-json\/wp\/v2\/media\/3960"}],"wp:attachment":[{"href":"https:\/\/dev2.cantalupe.net\/sigloxxi\/wp-json\/wp\/v2\/media?parent=15692"}],"wp:term":[{"taxonomy":"materia_nivel_3","embeddable":true,"href":"https:\/\/dev2.cantalupe.net\/sigloxxi\/wp-json\/wp\/v2\/materia_nivel_3?post=15692"},{"taxonomy":"subtema_nivel_2","embeddable":true,"href":"https:\/\/dev2.cantalupe.net\/sigloxxi\/wp-json\/wp\/v2\/subtema_nivel_2?post=15692"},{"taxonomy":"tema_nivel_1","embeddable":true,"href":"https:\/\/dev2.cantalupe.net\/sigloxxi\/wp-json\/wp\/v2\/tema_nivel_1?post=15692"},{"taxonomy":"product_brand","embeddable":true,"href":"https:\/\/dev2.cantalupe.net\/sigloxxi\/wp-json\/wp\/v2\/product_brand?post=15692"},{"taxonomy":"product_cat","embeddable":true,"href":"https:\/\/dev2.cantalupe.net\/sigloxxi\/wp-json\/wp\/v2\/product_cat?post=15692"},{"taxonomy":"product_tag","embeddable":true,"href":"https:\/\/dev2.cantalupe.net\/sigloxxi\/wp-json\/wp\/v2\/product_tag?post=15692"},{"taxonomy":"product_author","embeddable":true,"href":"https:\/\/dev2.cantalupe.net\/sigloxxi\/wp-json\/wp\/v2\/product_author?post=15692"},{"taxonomy":"product_collection","embeddable":true,"href":"https:\/\/dev2.cantalupe.net\/sigloxxi\/wp-json\/wp\/v2\/product_collection?post=15692"}],"curies":[{"name":"wp","href":"https:\/\/api.w.org\/{rel}","templated":true}]}}