{"id":15734,"date":"2025-11-04T14:57:59","date_gmt":"2025-11-04T14:57:59","guid":{"rendered":"https:\/\/dev2.cantalupe.net\/sigloxxi\/libro\/pitagoras-y-su-teorema\/"},"modified":"2025-11-04T14:58:04","modified_gmt":"2025-11-04T14:58:04","slug":"pitagoras-y-su-teorema","status":"publish","type":"product","link":"https:\/\/dev2.cantalupe.net\/sigloxxi\/libro\/pitagoras-y-su-teorema\/","title":{"rendered":"Pit\u00e1goras y su teorema"},"content":{"rendered":"<p>Es posible que Pit\u00e1goras fuese el primer matem\u00e1tico y fil\u00f3sofo del mundo occidental. Su obra cambi\u00f3 la visi\u00f3n contempor\u00e1nea del mundo, pues estableci\u00f3 conceptos tales como el razonamiento abstracto o la prueba deductiva.\u00a0Pit\u00e1goras y su teorema resume brillantemente la vida y la obra de Pit\u00e1goras, ya que est\u00e1n presentadas dentro de su contexto hist\u00f3rico y cient\u00edfico, y, adem\u00e1s, proporciona una explicaci\u00f3n clara y accesible de significado y la importancia que tuvieron para el mundo en que vivimos hoy en d\u00eda.<\/p>\n","protected":false},"excerpt":{"rendered":"<p>Es posible que Pit\u00e1goras fuese el primer matem\u00e1tico y fil\u00f3sofo del mundo occidental. Su obra cambi\u00f3 la visi\u00f3n contempor\u00e1nea del mundo, pues estableci\u00f3 conceptos tales como el razonamiento abstracto o la prueba deductiva.\u00a0Pit\u00e1goras y su teorema resume brillantemente la vida y la obra de Pit\u00e1goras, ya que est\u00e1n presentadas dentro de su contexto hist\u00f3rico y cient\u00edfico, y, adem\u00e1s, proporciona una explicaci\u00f3n clara y accesible de significado y la importancia que tuvieron para el mundo en que vivimos hoy en d\u00eda.<\/p>\n","protected":false},"featured_media":3997,"comment_status":"closed","ping_status":"open","template":"","meta":{"_acf_changed":false},"materia_nivel_3":[],"subtema_nivel_2":[2664],"tema_nivel_1":[2663],"product_brand":[],"product_cat":[15],"product_tag":[],"product_author":[2849],"product_collection":[],"class_list":{"0":"post-15734","1":"product","2":"type-product","3":"status-publish","4":"has-post-thumbnail","6":"subtema_nivel_2-matematicas","7":"tema_nivel_1-en-90-minutos","8":"product_cat-uncategorized","9":"product_author-strathern-paul","11":"first","12":"instock","13":"purchasable","14":"product-type-simple"},"acf":[],"_links":{"self":[{"href":"https:\/\/dev2.cantalupe.net\/sigloxxi\/wp-json\/wp\/v2\/product\/15734","targetHints":{"allow":["GET"]}}],"collection":[{"href":"https:\/\/dev2.cantalupe.net\/sigloxxi\/wp-json\/wp\/v2\/product"}],"about":[{"href":"https:\/\/dev2.cantalupe.net\/sigloxxi\/wp-json\/wp\/v2\/types\/product"}],"replies":[{"embeddable":true,"href":"https:\/\/dev2.cantalupe.net\/sigloxxi\/wp-json\/wp\/v2\/comments?post=15734"}],"version-history":[{"count":1,"href":"https:\/\/dev2.cantalupe.net\/sigloxxi\/wp-json\/wp\/v2\/product\/15734\/revisions"}],"predecessor-version":[{"id":15735,"href":"https:\/\/dev2.cantalupe.net\/sigloxxi\/wp-json\/wp\/v2\/product\/15734\/revisions\/15735"}],"wp:featuredmedia":[{"embeddable":true,"href":"https:\/\/dev2.cantalupe.net\/sigloxxi\/wp-json\/wp\/v2\/media\/3997"}],"wp:attachment":[{"href":"https:\/\/dev2.cantalupe.net\/sigloxxi\/wp-json\/wp\/v2\/media?parent=15734"}],"wp:term":[{"taxonomy":"materia_nivel_3","embeddable":true,"href":"https:\/\/dev2.cantalupe.net\/sigloxxi\/wp-json\/wp\/v2\/materia_nivel_3?post=15734"},{"taxonomy":"subtema_nivel_2","embeddable":true,"href":"https:\/\/dev2.cantalupe.net\/sigloxxi\/wp-json\/wp\/v2\/subtema_nivel_2?post=15734"},{"taxonomy":"tema_nivel_1","embeddable":true,"href":"https:\/\/dev2.cantalupe.net\/sigloxxi\/wp-json\/wp\/v2\/tema_nivel_1?post=15734"},{"taxonomy":"product_brand","embeddable":true,"href":"https:\/\/dev2.cantalupe.net\/sigloxxi\/wp-json\/wp\/v2\/product_brand?post=15734"},{"taxonomy":"product_cat","embeddable":true,"href":"https:\/\/dev2.cantalupe.net\/sigloxxi\/wp-json\/wp\/v2\/product_cat?post=15734"},{"taxonomy":"product_tag","embeddable":true,"href":"https:\/\/dev2.cantalupe.net\/sigloxxi\/wp-json\/wp\/v2\/product_tag?post=15734"},{"taxonomy":"product_author","embeddable":true,"href":"https:\/\/dev2.cantalupe.net\/sigloxxi\/wp-json\/wp\/v2\/product_author?post=15734"},{"taxonomy":"product_collection","embeddable":true,"href":"https:\/\/dev2.cantalupe.net\/sigloxxi\/wp-json\/wp\/v2\/product_collection?post=15734"}],"curies":[{"name":"wp","href":"https:\/\/api.w.org\/{rel}","templated":true}]}}