{"id":15784,"date":"2025-11-04T14:58:10","date_gmt":"2025-11-04T14:58:10","guid":{"rendered":"https:\/\/dev2.cantalupe.net\/sigloxxi\/libro\/politica-y-educacion-en-los-origenes-de-la-espana-contemporanea\/"},"modified":"2025-11-04T14:58:15","modified_gmt":"2025-11-04T14:58:15","slug":"politica-y-educacion-en-los-origenes-de-la-espana-contemporanea","status":"publish","type":"product","link":"https:\/\/dev2.cantalupe.net\/sigloxxi\/libro\/politica-y-educacion-en-los-origenes-de-la-espana-contemporanea\/","title":{"rendered":"Pol\u00edtica y educaci\u00f3n en los or\u00edgenes de la Espa\u00f1a contempor\u00e1nea"},"content":{"rendered":"<p>Esta obra es un estudio de las pr\u00e1cticas e ideolog\u00edas pol\u00edtico-educativas en el per\u00edodo hist\u00f3rico en el que tiene lugar la desaparici\u00f3n del Antiguo R\u00e9gimen y el advenimiento y consolidaci\u00f3n del sistema liberal en Espa\u00f1a. Se presta tambi\u00e9n especial atenci\u00f3n a los precedentes de finales del siglo XVIII y se realizan algunas incursiones en la evoluci\u00f3n posterior del sistema educativo en lo que resta del siglo XIX y en el XX. El an\u00e1lisis se circunscribe, b\u00e1sicamente, a la evoluci\u00f3n de la ense\u00f1anza secundaria (con las inevitables referencias a los niveles primario y universitario). Este acotamiento tem\u00e1tico pretende compensar la prioridad generalmente otorgada al estudio de la ense\u00f1anza universitaria, pero sobre todo responde al convencimiento de que es en estos a\u00f1os cuando el nivel secundario de ense\u00f1anza se identifica, a los ojos de los ide\u00f3logos del nuevo r\u00e9gimen, con el tipo de educaci\u00f3n propio de las nuevas \u00abclases medias\u00bb, que se autocalifican de dirigentes y de elementos din\u00e1micos responsables de los cambios sociales. As\u00ed, aun partiendo de la pobreza de documentaci\u00f3n, estad\u00edsticas y bibliograf\u00eda a la que debe enfrentarse el investigador de la historia de la educaci\u00f3n en Espa\u00f1a -a diferencia de lo que sucede en otros pa\u00edses-, cabe esperar que el an\u00e1lisis de los supuestos legales, ideol\u00f3gicos y f\u00e1cticos sobre los que descansa tal identificaci\u00f3n entre ense\u00f1anza secundaria y \u00abclases medias\u00bb nos ser\u00e1 \u00fatil tanto para comprender la imagen que tales clases se hac\u00edan de s\u00ed mismas como para conocer la naturaleza, car\u00e1cter, sentido y destinatarios de este \u00abnueva\u00bb nivel educativo y las bases organizativas materiales y financieras que posibilitar\u00edan su nacimiento y consolidaci\u00f3n.<\/p>\n","protected":false},"excerpt":{"rendered":"<p>Esta obra es un estudio de las pr\u00e1cticas e ideolog\u00edas pol\u00edtico-educativas en el per\u00edodo hist\u00f3rico en el que tiene lugar la desaparici\u00f3n del Antiguo R\u00e9gimen y el advenimiento y consolidaci\u00f3n del sistema liberal en Espa\u00f1a. Se presta tambi\u00e9n especial atenci\u00f3n a los precedentes de finales del siglo XVIII y se realizan algunas incursiones en la evoluci\u00f3n posterior del sistema educativo en lo que resta del siglo XIX y en el XX. El an\u00e1lisis se circunscribe, b\u00e1sicamente, a la evoluci\u00f3n de la ense\u00f1anza secundaria (con las inevitables referencias a los niveles primario y universitario). Este acotamiento tem\u00e1tico pretende compensar la prioridad generalmente otorgada al estudio de la ense\u00f1anza universitaria, pero sobre todo responde al convencimiento de que es en estos a\u00f1os cuando el nivel secundario de ense\u00f1anza se identifica, a los ojos de los ide\u00f3logos del nuevo r\u00e9gimen, con el tipo de educaci\u00f3n propio de las nuevas \u00abclases medias\u00bb, que se autocalifican de dirigentes y de elementos din\u00e1micos responsables de los cambios sociales. As\u00ed, aun partiendo de la pobreza de documentaci\u00f3n, estad\u00edsticas y bibliograf\u00eda a la que debe enfrentarse el investigador de la historia de la educaci\u00f3n en Espa\u00f1a -a diferencia de lo que sucede en otros pa\u00edses-, cabe esperar que el an\u00e1lisis de los supuestos legales, ideol\u00f3gicos y f\u00e1cticos sobre los que descansa tal identificaci\u00f3n entre ense\u00f1anza secundaria y \u00abclases medias\u00bb nos ser\u00e1 \u00fatil tanto para comprender la imagen que tales clases se hac\u00edan de s\u00ed mismas como para conocer la naturaleza, car\u00e1cter, sentido y destinatarios de este \u00abnueva\u00bb nivel educativo y las bases organizativas materiales y financieras que posibilitar\u00edan su nacimiento y consolidaci\u00f3n.<\/p>\n","protected":false},"featured_media":4040,"comment_status":"closed","ping_status":"open","template":"","meta":{"_acf_changed":false},"materia_nivel_3":[2559],"subtema_nivel_2":[],"tema_nivel_1":[2567],"product_brand":[],"product_cat":[15],"product_tag":[],"product_author":[4332],"product_collection":[],"class_list":{"0":"post-15784","1":"product","2":"type-product","3":"status-publish","4":"has-post-thumbnail","6":"materia_nivel_3-espana","7":"tema_nivel_1-historia","8":"product_cat-uncategorized","9":"product_author-vinao-frago-antonio","11":"first","12":"instock","13":"purchasable","14":"product-type-simple"},"acf":[],"_links":{"self":[{"href":"https:\/\/dev2.cantalupe.net\/sigloxxi\/wp-json\/wp\/v2\/product\/15784","targetHints":{"allow":["GET"]}}],"collection":[{"href":"https:\/\/dev2.cantalupe.net\/sigloxxi\/wp-json\/wp\/v2\/product"}],"about":[{"href":"https:\/\/dev2.cantalupe.net\/sigloxxi\/wp-json\/wp\/v2\/types\/product"}],"replies":[{"embeddable":true,"href":"https:\/\/dev2.cantalupe.net\/sigloxxi\/wp-json\/wp\/v2\/comments?post=15784"}],"version-history":[{"count":1,"href":"https:\/\/dev2.cantalupe.net\/sigloxxi\/wp-json\/wp\/v2\/product\/15784\/revisions"}],"predecessor-version":[{"id":15785,"href":"https:\/\/dev2.cantalupe.net\/sigloxxi\/wp-json\/wp\/v2\/product\/15784\/revisions\/15785"}],"wp:featuredmedia":[{"embeddable":true,"href":"https:\/\/dev2.cantalupe.net\/sigloxxi\/wp-json\/wp\/v2\/media\/4040"}],"wp:attachment":[{"href":"https:\/\/dev2.cantalupe.net\/sigloxxi\/wp-json\/wp\/v2\/media?parent=15784"}],"wp:term":[{"taxonomy":"materia_nivel_3","embeddable":true,"href":"https:\/\/dev2.cantalupe.net\/sigloxxi\/wp-json\/wp\/v2\/materia_nivel_3?post=15784"},{"taxonomy":"subtema_nivel_2","embeddable":true,"href":"https:\/\/dev2.cantalupe.net\/sigloxxi\/wp-json\/wp\/v2\/subtema_nivel_2?post=15784"},{"taxonomy":"tema_nivel_1","embeddable":true,"href":"https:\/\/dev2.cantalupe.net\/sigloxxi\/wp-json\/wp\/v2\/tema_nivel_1?post=15784"},{"taxonomy":"product_brand","embeddable":true,"href":"https:\/\/dev2.cantalupe.net\/sigloxxi\/wp-json\/wp\/v2\/product_brand?post=15784"},{"taxonomy":"product_cat","embeddable":true,"href":"https:\/\/dev2.cantalupe.net\/sigloxxi\/wp-json\/wp\/v2\/product_cat?post=15784"},{"taxonomy":"product_tag","embeddable":true,"href":"https:\/\/dev2.cantalupe.net\/sigloxxi\/wp-json\/wp\/v2\/product_tag?post=15784"},{"taxonomy":"product_author","embeddable":true,"href":"https:\/\/dev2.cantalupe.net\/sigloxxi\/wp-json\/wp\/v2\/product_author?post=15784"},{"taxonomy":"product_collection","embeddable":true,"href":"https:\/\/dev2.cantalupe.net\/sigloxxi\/wp-json\/wp\/v2\/product_collection?post=15784"}],"curies":[{"name":"wp","href":"https:\/\/api.w.org\/{rel}","templated":true}]}}