{"id":15834,"date":"2025-11-04T14:58:21","date_gmt":"2025-11-04T14:58:21","guid":{"rendered":"https:\/\/dev2.cantalupe.net\/sigloxxi\/libro\/psicologia-social\/"},"modified":"2025-11-04T14:58:27","modified_gmt":"2025-11-04T14:58:27","slug":"psicologia-social","status":"publish","type":"product","link":"https:\/\/dev2.cantalupe.net\/sigloxxi\/libro\/psicologia-social\/","title":{"rendered":"Psicolog\u00eda social"},"content":{"rendered":"<p>Solapa: Este libro est\u00e1 destinado tanto a estudiantes que se acercan por primera vez al estudio de la psicolog\u00eda social como a aquellas personas que tienen una formaci\u00f3n previa en la disciplina. Para los primeros, este texto ofrece, en un estilo claro, un an\u00e1lisis hist\u00f3rico de los principales debates te\u00f3ricos y metodol\u00f3gicos en psicolog\u00eda social. Los segundos, encontrar\u00e1n en sus p\u00e1ginas un an\u00e1lisis con el que poder confrontar sus propias concepciones y su quehacer docente e investigador. En resumen, este libro sirve de introducci\u00f3n cr\u00edtica y pretexto para un intercambio de ideas acerca de la situaci\u00f3n actual y perspectivas futuras de la psicolog\u00eda social. Jos\u00e9 Luis \u00c1lvaro es profesor de Psicolog\u00eda Social en la Facultad de Ciencias Pol\u00edticas y Sociolog\u00eda de la Universidad Complutense de Madrid. Ha sido affiliated lecturer de la Universidad de Cambridge. Es autor de diversos libros, entre los que cabe destacar: Juventud, trabajo y desempleo: un an\u00e1lisis psicosociol\u00f3gico, con Jos\u00e9 Ram\u00f3n Torregrosa y Joelle Bergere (Ministerio de Trabajo y Seguridad Social, 1989), Desempleo y bienestar psicol\u00f3gico (Siglo XXI, 1992), Influencias sociales y psicol\u00f3gicas en la salud mental, con Jos\u00e9 Ram\u00f3n Torregrosa y Alicia Garrido Luque (Siglo XXI, 1992), An\u00e1lisis de datos con SPSS\/PC+ (Centro de Investigaciones Sociol\u00f3gicas, 1995) y T\u00e9cnicas de an\u00e1lisis estad\u00edstico en ciencias sociales, con Alicia Garrido Luque (Complutense, 1995).<\/p>\n","protected":false},"excerpt":{"rendered":"<p>Solapa: Este libro est\u00e1 destinado tanto a estudiantes que se acercan por primera vez al estudio de la psicolog\u00eda social como a aquellas personas que tienen una formaci\u00f3n previa en la disciplina. Para los primeros, este texto ofrece, en un estilo claro, un an\u00e1lisis hist\u00f3rico de los principales debates te\u00f3ricos y metodol\u00f3gicos en psicolog\u00eda social. Los segundos, encontrar\u00e1n en sus p\u00e1ginas un an\u00e1lisis con el que poder confrontar sus propias concepciones y su quehacer docente e investigador. En resumen, este libro sirve de introducci\u00f3n cr\u00edtica y pretexto para un intercambio de ideas acerca de la situaci\u00f3n actual y perspectivas futuras de la psicolog\u00eda social. Jos\u00e9 Luis \u00c1lvaro es profesor de Psicolog\u00eda Social en la Facultad de Ciencias Pol\u00edticas y Sociolog\u00eda de la Universidad Complutense de Madrid. Ha sido affiliated lecturer de la Universidad de Cambridge. Es autor de diversos libros, entre los que cabe destacar: Juventud, trabajo y desempleo: un an\u00e1lisis psicosociol\u00f3gico, con Jos\u00e9 Ram\u00f3n Torregrosa y Joelle Bergere (Ministerio de Trabajo y Seguridad Social, 1989), Desempleo y bienestar psicol\u00f3gico (Siglo XXI, 1992), Influencias sociales y psicol\u00f3gicas en la salud mental, con Jos\u00e9 Ram\u00f3n Torregrosa y Alicia Garrido Luque (Siglo XXI, 1992), An\u00e1lisis de datos con SPSS\/PC+ (Centro de Investigaciones Sociol\u00f3gicas, 1995) y T\u00e9cnicas de an\u00e1lisis estad\u00edstico en ciencias sociales, con Alicia Garrido Luque (Complutense, 1995).<\/p>\n","protected":false},"featured_media":4087,"comment_status":"closed","ping_status":"open","template":"","meta":{"_acf_changed":false},"materia_nivel_3":[],"subtema_nivel_2":[2578],"tema_nivel_1":[2579],"product_brand":[],"product_cat":[15],"product_tag":[],"product_author":[3535],"product_collection":[],"class_list":{"0":"post-15834","1":"product","2":"type-product","3":"status-publish","4":"has-post-thumbnail","6":"subtema_nivel_2-psicologia","7":"tema_nivel_1-psicologia","8":"product_cat-uncategorized","9":"product_author-alvaro-estramiana-jose-luis","11":"first","12":"instock","13":"purchasable","14":"product-type-simple"},"acf":[],"_links":{"self":[{"href":"https:\/\/dev2.cantalupe.net\/sigloxxi\/wp-json\/wp\/v2\/product\/15834","targetHints":{"allow":["GET"]}}],"collection":[{"href":"https:\/\/dev2.cantalupe.net\/sigloxxi\/wp-json\/wp\/v2\/product"}],"about":[{"href":"https:\/\/dev2.cantalupe.net\/sigloxxi\/wp-json\/wp\/v2\/types\/product"}],"replies":[{"embeddable":true,"href":"https:\/\/dev2.cantalupe.net\/sigloxxi\/wp-json\/wp\/v2\/comments?post=15834"}],"version-history":[{"count":1,"href":"https:\/\/dev2.cantalupe.net\/sigloxxi\/wp-json\/wp\/v2\/product\/15834\/revisions"}],"predecessor-version":[{"id":15835,"href":"https:\/\/dev2.cantalupe.net\/sigloxxi\/wp-json\/wp\/v2\/product\/15834\/revisions\/15835"}],"wp:featuredmedia":[{"embeddable":true,"href":"https:\/\/dev2.cantalupe.net\/sigloxxi\/wp-json\/wp\/v2\/media\/4087"}],"wp:attachment":[{"href":"https:\/\/dev2.cantalupe.net\/sigloxxi\/wp-json\/wp\/v2\/media?parent=15834"}],"wp:term":[{"taxonomy":"materia_nivel_3","embeddable":true,"href":"https:\/\/dev2.cantalupe.net\/sigloxxi\/wp-json\/wp\/v2\/materia_nivel_3?post=15834"},{"taxonomy":"subtema_nivel_2","embeddable":true,"href":"https:\/\/dev2.cantalupe.net\/sigloxxi\/wp-json\/wp\/v2\/subtema_nivel_2?post=15834"},{"taxonomy":"tema_nivel_1","embeddable":true,"href":"https:\/\/dev2.cantalupe.net\/sigloxxi\/wp-json\/wp\/v2\/tema_nivel_1?post=15834"},{"taxonomy":"product_brand","embeddable":true,"href":"https:\/\/dev2.cantalupe.net\/sigloxxi\/wp-json\/wp\/v2\/product_brand?post=15834"},{"taxonomy":"product_cat","embeddable":true,"href":"https:\/\/dev2.cantalupe.net\/sigloxxi\/wp-json\/wp\/v2\/product_cat?post=15834"},{"taxonomy":"product_tag","embeddable":true,"href":"https:\/\/dev2.cantalupe.net\/sigloxxi\/wp-json\/wp\/v2\/product_tag?post=15834"},{"taxonomy":"product_author","embeddable":true,"href":"https:\/\/dev2.cantalupe.net\/sigloxxi\/wp-json\/wp\/v2\/product_author?post=15834"},{"taxonomy":"product_collection","embeddable":true,"href":"https:\/\/dev2.cantalupe.net\/sigloxxi\/wp-json\/wp\/v2\/product_collection?post=15834"}],"curies":[{"name":"wp","href":"https:\/\/api.w.org\/{rel}","templated":true}]}}