{"id":15890,"date":"2025-11-04T14:58:46","date_gmt":"2025-11-04T14:58:46","guid":{"rendered":"https:\/\/dev2.cantalupe.net\/sigloxxi\/libro\/repensar-la-historia\/"},"modified":"2025-11-04T14:58:50","modified_gmt":"2025-11-04T14:58:50","slug":"repensar-la-historia","status":"publish","type":"product","link":"https:\/\/dev2.cantalupe.net\/sigloxxi\/libro\/repensar-la-historia\/","title":{"rendered":"Repensar la historia"},"content":{"rendered":"<p>\u00bfC\u00f3mo es posible conocer lo que ocurri\u00f3 en el pasado? \u00bfQu\u00e9 hacer para salvar la distancia hist\u00f3rica entre el an\u00e1lisis del pasado y la elaboraci\u00f3n de su discurso, de un lado, y el propio pasado, de otro? \u00bfExiste una verdad hist\u00f3rica o cualquier interpretaci\u00f3n y relato es igualmente pertinente? Estas son algunas de las cuestiones que, desde la llegada de la posmodernidad a la historiograf\u00eda, conducen directamente a la pregunta que amenaza los cimientos del saber del pasado y que hacen imperativo repensar la historia.En esta concisa y accesible introducci\u00f3n sobre la controvertida pregunta \u00ab\u00bfqu\u00e9 es la historia?\u00bb Keith Jenkins, prestigioso historiador, plantea estos y otros problemas de una forma innovadora. Inaugurando nuevos caminos, dibujando itinerarios en arenas movedizas, Jenkins se\u00f1ala un horizonte para la historia y anuncia lo que est\u00e1 a\u00fan por venir: las nuevas formas de conciencia hist\u00f3rica y la popularizaci\u00f3n de su construcci\u00f3n que surgen de la desinstitucionalizaci\u00f3n de la disciplina.<\/p>\n","protected":false},"excerpt":{"rendered":"<p>\u00bfC\u00f3mo es posible conocer lo que ocurri\u00f3 en el pasado? \u00bfQu\u00e9 hacer para salvar la distancia hist\u00f3rica entre el an\u00e1lisis del pasado y la elaboraci\u00f3n de su discurso, de un lado, y el propio pasado, de otro? \u00bfExiste una verdad hist\u00f3rica o cualquier interpretaci\u00f3n y relato es igualmente pertinente? Estas son algunas de las cuestiones que, desde la llegada de la posmodernidad a la historiograf\u00eda, conducen directamente a la pregunta que amenaza los cimientos del saber del pasado y que hacen imperativo repensar la historia.En esta concisa y accesible introducci\u00f3n sobre la controvertida pregunta \u00ab\u00bfqu\u00e9 es la historia?\u00bb Keith Jenkins, prestigioso historiador, plantea estos y otros problemas de una forma innovadora. Inaugurando nuevos caminos, dibujando itinerarios en arenas movedizas, Jenkins se\u00f1ala un horizonte para la historia y anuncia lo que est\u00e1 a\u00fan por venir: las nuevas formas de conciencia hist\u00f3rica y la popularizaci\u00f3n de su construcci\u00f3n que surgen de la desinstitucionalizaci\u00f3n de la disciplina.<\/p>\n","protected":false},"featured_media":4135,"comment_status":"closed","ping_status":"open","template":"","meta":{"_acf_changed":false},"materia_nivel_3":[2565,2775],"subtema_nivel_2":[],"tema_nivel_1":[2567],"product_brand":[],"product_cat":[15],"product_tag":[],"product_author":[4346],"product_collection":[],"class_list":{"0":"post-15890","1":"product","2":"type-product","3":"status-publish","4":"has-post-thumbnail","6":"materia_nivel_3-contemporanea","7":"materia_nivel_3-historiografia-metodologia-y-teoria-de-la-historia","8":"tema_nivel_1-historia","9":"product_cat-uncategorized","10":"product_author-jenkins-keith","12":"first","13":"instock","14":"purchasable","15":"product-type-simple"},"acf":[],"_links":{"self":[{"href":"https:\/\/dev2.cantalupe.net\/sigloxxi\/wp-json\/wp\/v2\/product\/15890","targetHints":{"allow":["GET"]}}],"collection":[{"href":"https:\/\/dev2.cantalupe.net\/sigloxxi\/wp-json\/wp\/v2\/product"}],"about":[{"href":"https:\/\/dev2.cantalupe.net\/sigloxxi\/wp-json\/wp\/v2\/types\/product"}],"replies":[{"embeddable":true,"href":"https:\/\/dev2.cantalupe.net\/sigloxxi\/wp-json\/wp\/v2\/comments?post=15890"}],"version-history":[{"count":1,"href":"https:\/\/dev2.cantalupe.net\/sigloxxi\/wp-json\/wp\/v2\/product\/15890\/revisions"}],"predecessor-version":[{"id":15891,"href":"https:\/\/dev2.cantalupe.net\/sigloxxi\/wp-json\/wp\/v2\/product\/15890\/revisions\/15891"}],"wp:featuredmedia":[{"embeddable":true,"href":"https:\/\/dev2.cantalupe.net\/sigloxxi\/wp-json\/wp\/v2\/media\/4135"}],"wp:attachment":[{"href":"https:\/\/dev2.cantalupe.net\/sigloxxi\/wp-json\/wp\/v2\/media?parent=15890"}],"wp:term":[{"taxonomy":"materia_nivel_3","embeddable":true,"href":"https:\/\/dev2.cantalupe.net\/sigloxxi\/wp-json\/wp\/v2\/materia_nivel_3?post=15890"},{"taxonomy":"subtema_nivel_2","embeddable":true,"href":"https:\/\/dev2.cantalupe.net\/sigloxxi\/wp-json\/wp\/v2\/subtema_nivel_2?post=15890"},{"taxonomy":"tema_nivel_1","embeddable":true,"href":"https:\/\/dev2.cantalupe.net\/sigloxxi\/wp-json\/wp\/v2\/tema_nivel_1?post=15890"},{"taxonomy":"product_brand","embeddable":true,"href":"https:\/\/dev2.cantalupe.net\/sigloxxi\/wp-json\/wp\/v2\/product_brand?post=15890"},{"taxonomy":"product_cat","embeddable":true,"href":"https:\/\/dev2.cantalupe.net\/sigloxxi\/wp-json\/wp\/v2\/product_cat?post=15890"},{"taxonomy":"product_tag","embeddable":true,"href":"https:\/\/dev2.cantalupe.net\/sigloxxi\/wp-json\/wp\/v2\/product_tag?post=15890"},{"taxonomy":"product_author","embeddable":true,"href":"https:\/\/dev2.cantalupe.net\/sigloxxi\/wp-json\/wp\/v2\/product_author?post=15890"},{"taxonomy":"product_collection","embeddable":true,"href":"https:\/\/dev2.cantalupe.net\/sigloxxi\/wp-json\/wp\/v2\/product_collection?post=15890"}],"curies":[{"name":"wp","href":"https:\/\/api.w.org\/{rel}","templated":true}]}}