{"id":15956,"date":"2025-11-04T14:59:00","date_gmt":"2025-11-04T14:59:00","guid":{"rendered":"https:\/\/dev2.cantalupe.net\/sigloxxi\/libro\/secretos-del-alma\/"},"modified":"2025-11-04T14:59:09","modified_gmt":"2025-11-04T14:59:09","slug":"secretos-del-alma","status":"publish","type":"product","link":"https:\/\/dev2.cantalupe.net\/sigloxxi\/libro\/secretos-del-alma\/","title":{"rendered":"Secretos del alma"},"content":{"rendered":"<p>Un siglo despu\u00e9s de su creaci\u00f3n, el psicoan\u00e1lisis nos presenta una paradoja. Reconocido casi inmediatamente como una clave para la emancipaci\u00f3n humana, desempe\u00f1\u00f3 un papel central en el modernismo de la d\u00e9cada de los a\u00f1os veinte, en los estados de bienestar brit\u00e1nico y estadounidense de los cuarenta y cincuenta, en las agitaciones radicales de los sesenta, y en los movimientos feminista y de liberaci\u00f3n gay de los setenta. Sin embargo, simult\u00e1neamente se convirti\u00f3 en una fuente de prejuicios antipol\u00edticos, antifeministas y hom\u00f3fobos, en una profesi\u00f3n degradada, en una \u00abpseudociencia\u00bb cuya supervivencia est\u00e1 ahora en tela de juicio.<br \/>\nEste libro es una exploraci\u00f3n de esa paradoja; desde la \u00f3ptica del estudio social y cultural, aspira a identificar y confirmar la dimensi\u00f3n emancipadora del pensamiento psicoanal\u00edtico sin negar la validez de las cr\u00edticas o la necesidad de reconsiderar su legado.<\/p>\n","protected":false},"excerpt":{"rendered":"<p>Un siglo despu\u00e9s de su creaci\u00f3n, el psicoan\u00e1lisis nos presenta una paradoja. Reconocido casi inmediatamente como una clave para la emancipaci\u00f3n humana, desempe\u00f1\u00f3 un papel central en el modernismo de la d\u00e9cada de los a\u00f1os veinte, en los estados de bienestar brit\u00e1nico y estadounidense de los cuarenta y cincuenta, en las agitaciones radicales de los sesenta, y en los movimientos feminista y de liberaci\u00f3n gay de los setenta. Sin embargo, simult\u00e1neamente se convirti\u00f3 en una fuente de prejuicios antipol\u00edticos, antifeministas y hom\u00f3fobos, en una profesi\u00f3n degradada, en una \u00abpseudociencia\u00bb cuya supervivencia est\u00e1 ahora en tela de juicio.<br \/>\nEste libro es una exploraci\u00f3n de esa paradoja; desde la \u00f3ptica del estudio social y cultural, aspira a identificar y confirmar la dimensi\u00f3n emancipadora del pensamiento psicoanal\u00edtico sin negar la validez de las cr\u00edticas o la necesidad de reconsiderar su legado.<\/p>\n","protected":false},"featured_media":4193,"comment_status":"closed","ping_status":"open","template":"","meta":{"_acf_changed":false},"materia_nivel_3":[2565,2610],"subtema_nivel_2":[2586,2561,2578,2583],"tema_nivel_1":[2567],"product_brand":[],"product_cat":[15],"product_tag":[],"product_author":[4353],"product_collection":[],"class_list":{"0":"post-15956","1":"product","2":"type-product","3":"status-publish","4":"has-post-thumbnail","6":"materia_nivel_3-contemporanea","7":"materia_nivel_3-filosofia-y-critica-de-la-cultura","8":"subtema_nivel_2-filosofia","9":"subtema_nivel_2-historia","10":"subtema_nivel_2-psicologia","11":"subtema_nivel_2-sociologia","12":"tema_nivel_1-historia","13":"product_cat-uncategorized","14":"product_author-zaretsky-eli","16":"first","17":"instock","18":"purchasable","19":"product-type-simple"},"acf":[],"_links":{"self":[{"href":"https:\/\/dev2.cantalupe.net\/sigloxxi\/wp-json\/wp\/v2\/product\/15956","targetHints":{"allow":["GET"]}}],"collection":[{"href":"https:\/\/dev2.cantalupe.net\/sigloxxi\/wp-json\/wp\/v2\/product"}],"about":[{"href":"https:\/\/dev2.cantalupe.net\/sigloxxi\/wp-json\/wp\/v2\/types\/product"}],"replies":[{"embeddable":true,"href":"https:\/\/dev2.cantalupe.net\/sigloxxi\/wp-json\/wp\/v2\/comments?post=15956"}],"version-history":[{"count":1,"href":"https:\/\/dev2.cantalupe.net\/sigloxxi\/wp-json\/wp\/v2\/product\/15956\/revisions"}],"predecessor-version":[{"id":15957,"href":"https:\/\/dev2.cantalupe.net\/sigloxxi\/wp-json\/wp\/v2\/product\/15956\/revisions\/15957"}],"wp:featuredmedia":[{"embeddable":true,"href":"https:\/\/dev2.cantalupe.net\/sigloxxi\/wp-json\/wp\/v2\/media\/4193"}],"wp:attachment":[{"href":"https:\/\/dev2.cantalupe.net\/sigloxxi\/wp-json\/wp\/v2\/media?parent=15956"}],"wp:term":[{"taxonomy":"materia_nivel_3","embeddable":true,"href":"https:\/\/dev2.cantalupe.net\/sigloxxi\/wp-json\/wp\/v2\/materia_nivel_3?post=15956"},{"taxonomy":"subtema_nivel_2","embeddable":true,"href":"https:\/\/dev2.cantalupe.net\/sigloxxi\/wp-json\/wp\/v2\/subtema_nivel_2?post=15956"},{"taxonomy":"tema_nivel_1","embeddable":true,"href":"https:\/\/dev2.cantalupe.net\/sigloxxi\/wp-json\/wp\/v2\/tema_nivel_1?post=15956"},{"taxonomy":"product_brand","embeddable":true,"href":"https:\/\/dev2.cantalupe.net\/sigloxxi\/wp-json\/wp\/v2\/product_brand?post=15956"},{"taxonomy":"product_cat","embeddable":true,"href":"https:\/\/dev2.cantalupe.net\/sigloxxi\/wp-json\/wp\/v2\/product_cat?post=15956"},{"taxonomy":"product_tag","embeddable":true,"href":"https:\/\/dev2.cantalupe.net\/sigloxxi\/wp-json\/wp\/v2\/product_tag?post=15956"},{"taxonomy":"product_author","embeddable":true,"href":"https:\/\/dev2.cantalupe.net\/sigloxxi\/wp-json\/wp\/v2\/product_author?post=15956"},{"taxonomy":"product_collection","embeddable":true,"href":"https:\/\/dev2.cantalupe.net\/sigloxxi\/wp-json\/wp\/v2\/product_collection?post=15956"}],"curies":[{"name":"wp","href":"https:\/\/api.w.org\/{rel}","templated":true}]}}