{"id":16202,"date":"2025-11-04T14:59:53","date_gmt":"2025-11-04T14:59:53","guid":{"rendered":"https:\/\/dev2.cantalupe.net\/sigloxxi\/libro\/sociologia-del-trabajo-88\/"},"modified":"2025-11-04T14:59:54","modified_gmt":"2025-11-04T14:59:54","slug":"sociologia-del-trabajo-88","status":"publish","type":"product","link":"https:\/\/dev2.cantalupe.net\/sigloxxi\/libro\/sociologia-del-trabajo-88\/","title":{"rendered":"Sociolog\u00eda del Trabajo 88"},"content":{"rendered":"<p>Sociolog\u00eda del Trabajo es una revista de referencia en su \u00e1rea, tanto en Espa\u00f1a como en Latinoam\u00e9rica, por su proyecci\u00f3n y los primeros lugares que ocupa en los \u00edndices de excelencia. Lleva public\u00e1ndose, ininterrumpidamente, veintitr\u00e9s a\u00f1os.<\/p>\n<p>Por su contenido, interesa, en primer lugar, a todos aquellos que, en las empresas, los sindicatos, la ense\u00f1anza o la administraci\u00f3n, se enfrentan a problemas relacionados con el empleo, la reestructuraci\u00f3n del sistema productivo, la organizaci\u00f3n del trabajo, la innovaci\u00f3n tecnol\u00f3gica, la formaci\u00f3n y la modificaci\u00f3n, el clima laboral, las relaciones industriales o los conflictos; la reestructuraci\u00f3n interna de las grandes empresas o la emergencia de redes de peque\u00f1as empresas; la planificaci\u00f3n de los recursos humanos o las condiciones de trabajo, el papel del valor trabajo o los enfoques ergon\u00f3micos en los nuevos sistemas de producci\u00f3n. Pero tambi\u00e9n, interesa a un p\u00fablico m\u00e1s amplio, pues, como indica su subt\u00edtulo, Empleo, Trabajo y Sociedad trata temas m\u00e1s amplios que conciernen a la evoluci\u00f3n global de la sociedad: la llamada sociedad de la informaci\u00f3n, la conciliaci\u00f3n de la vida laboral y familiar, las pol\u00edticas econ\u00f3micas, industriales y laborales, etc. Sin olvidar la reflexi\u00f3n te\u00f3rica sobre estas transformaciones o la revisi\u00f3n y an\u00e1lisis hist\u00f3rico.<\/p>\n","protected":false},"excerpt":{"rendered":"<p>Sociolog\u00eda del Trabajo es una revista de referencia en su \u00e1rea, tanto en Espa\u00f1a como en Latinoam\u00e9rica, por su proyecci\u00f3n y los primeros lugares que ocupa en los \u00edndices de excelencia. Lleva public\u00e1ndose, ininterrumpidamente, veintitr\u00e9s a\u00f1os.<\/p>\n<p>Por su contenido, interesa, en primer lugar, a todos aquellos que, en las empresas, los sindicatos, la ense\u00f1anza o la administraci\u00f3n, se enfrentan a problemas relacionados con el empleo, la reestructuraci\u00f3n del sistema productivo, la organizaci\u00f3n del trabajo, la innovaci\u00f3n tecnol\u00f3gica, la formaci\u00f3n y la modificaci\u00f3n, el clima laboral, las relaciones industriales o los conflictos; la reestructuraci\u00f3n interna de las grandes empresas o la emergencia de redes de peque\u00f1as empresas; la planificaci\u00f3n de los recursos humanos o las condiciones de trabajo, el papel del valor trabajo o los enfoques ergon\u00f3micos en los nuevos sistemas de producci\u00f3n. Pero tambi\u00e9n, interesa a un p\u00fablico m\u00e1s amplio, pues, como indica su subt\u00edtulo, Empleo, Trabajo y Sociedad trata temas m\u00e1s amplios que conciernen a la evoluci\u00f3n global de la sociedad: la llamada sociedad de la informaci\u00f3n, la conciliaci\u00f3n de la vida laboral y familiar, las pol\u00edticas econ\u00f3micas, industriales y laborales, etc. Sin olvidar la reflexi\u00f3n te\u00f3rica sobre estas transformaciones o la revisi\u00f3n y an\u00e1lisis hist\u00f3rico.<\/p>\n","protected":false},"featured_media":4431,"comment_status":"closed","ping_status":"open","template":"","meta":{"_acf_changed":false},"materia_nivel_3":[],"subtema_nivel_2":[2583],"tema_nivel_1":[4362],"product_brand":[],"product_cat":[15],"product_tag":[],"product_author":[4363],"product_collection":[],"class_list":{"0":"post-16202","1":"product","2":"type-product","3":"status-publish","4":"has-post-thumbnail","6":"subtema_nivel_2-sociologia","7":"tema_nivel_1-sociologia-del-trabajo","8":"product_cat-uncategorized","9":"product_author-vv-aa","11":"first","12":"instock","13":"purchasable","14":"product-type-simple"},"acf":[],"_links":{"self":[{"href":"https:\/\/dev2.cantalupe.net\/sigloxxi\/wp-json\/wp\/v2\/product\/16202","targetHints":{"allow":["GET"]}}],"collection":[{"href":"https:\/\/dev2.cantalupe.net\/sigloxxi\/wp-json\/wp\/v2\/product"}],"about":[{"href":"https:\/\/dev2.cantalupe.net\/sigloxxi\/wp-json\/wp\/v2\/types\/product"}],"replies":[{"embeddable":true,"href":"https:\/\/dev2.cantalupe.net\/sigloxxi\/wp-json\/wp\/v2\/comments?post=16202"}],"version-history":[{"count":1,"href":"https:\/\/dev2.cantalupe.net\/sigloxxi\/wp-json\/wp\/v2\/product\/16202\/revisions"}],"predecessor-version":[{"id":16203,"href":"https:\/\/dev2.cantalupe.net\/sigloxxi\/wp-json\/wp\/v2\/product\/16202\/revisions\/16203"}],"wp:featuredmedia":[{"embeddable":true,"href":"https:\/\/dev2.cantalupe.net\/sigloxxi\/wp-json\/wp\/v2\/media\/4431"}],"wp:attachment":[{"href":"https:\/\/dev2.cantalupe.net\/sigloxxi\/wp-json\/wp\/v2\/media?parent=16202"}],"wp:term":[{"taxonomy":"materia_nivel_3","embeddable":true,"href":"https:\/\/dev2.cantalupe.net\/sigloxxi\/wp-json\/wp\/v2\/materia_nivel_3?post=16202"},{"taxonomy":"subtema_nivel_2","embeddable":true,"href":"https:\/\/dev2.cantalupe.net\/sigloxxi\/wp-json\/wp\/v2\/subtema_nivel_2?post=16202"},{"taxonomy":"tema_nivel_1","embeddable":true,"href":"https:\/\/dev2.cantalupe.net\/sigloxxi\/wp-json\/wp\/v2\/tema_nivel_1?post=16202"},{"taxonomy":"product_brand","embeddable":true,"href":"https:\/\/dev2.cantalupe.net\/sigloxxi\/wp-json\/wp\/v2\/product_brand?post=16202"},{"taxonomy":"product_cat","embeddable":true,"href":"https:\/\/dev2.cantalupe.net\/sigloxxi\/wp-json\/wp\/v2\/product_cat?post=16202"},{"taxonomy":"product_tag","embeddable":true,"href":"https:\/\/dev2.cantalupe.net\/sigloxxi\/wp-json\/wp\/v2\/product_tag?post=16202"},{"taxonomy":"product_author","embeddable":true,"href":"https:\/\/dev2.cantalupe.net\/sigloxxi\/wp-json\/wp\/v2\/product_author?post=16202"},{"taxonomy":"product_collection","embeddable":true,"href":"https:\/\/dev2.cantalupe.net\/sigloxxi\/wp-json\/wp\/v2\/product_collection?post=16202"}],"curies":[{"name":"wp","href":"https:\/\/api.w.org\/{rel}","templated":true}]}}