{"id":16226,"date":"2025-11-04T14:59:53","date_gmt":"2025-11-04T14:59:53","guid":{"rendered":"https:\/\/dev2.cantalupe.net\/sigloxxi\/libro\/sotos-contra-riquelmes-2\/"},"modified":"2025-11-04T14:59:55","modified_gmt":"2025-11-04T14:59:55","slug":"sotos-contra-riquelmes-2","status":"publish","type":"product","link":"https:\/\/dev2.cantalupe.net\/sigloxxi\/libro\/sotos-contra-riquelmes-2\/","title":{"rendered":"Sotos contra Riquelmes"},"content":{"rendered":"<p>Todo parece que comenz\u00f3 un d\u00eda indeterminado de un a\u00f1o tambi\u00e9n impreciso en torno a 1550. Aquel d\u00eda el alcalde mayor de Lorca oficio que representaba a la autoridad del rey y que se ejerc\u00eda en nombre del corregidor residente en Murcia, el licenciado Quevedo hablaba un tanto desaforadamente en la plaza mayor de la ciudad. Era aquel un lugar concurrido y, en orgullosa altanera ostentaci\u00f3n del poder, el dicho Quevedo amenaz\u00f3 p\u00fablicamente a tal Magdalena L\u00f3pez, mujer ya entrada en a\u00f1os y viuda de \u00abun tal Monz\u00f3n\u00bb. A grandes voces, aquel Licenciado Quevedo dec\u00eda en la plaza que \u00abjuraba a Dios y a la se\u00f1al de la Cruz que tra\u00eda en las manos que hab\u00eda de hacer que los inquisidores quemaran a aquella perra de Magdalena L\u00f3pez\u00bb. Duras palabras que no ocultaban la acusaci\u00f3n de herej\u00eda. \u00bfEra hereje Magdalena L\u00f3pez?La publicaci\u00f3n a principios de los a\u00f1os noventa de Sotos contra Riquelmes. Inquisidores, regidores y criptojud\u00edos, revolucion\u00f3 el panorama historiogr\u00e1fico en lengua espa\u00f1ola, brindando el que hab\u00eda de ser el gran ensayo microhist\u00f3rico espa\u00f1ol. Relato v\u00edvido y emocionante y agudo an\u00e1lisis se unen en la que, hoy d\u00eda, sigue siendo una lectura indispensable para todo lector que se adentre en la historia de Inquisici\u00f3n espa\u00f1ola y de la Espa\u00f1a moderna.<\/p>\n","protected":false},"excerpt":{"rendered":"<p>Todo parece que comenz\u00f3 un d\u00eda indeterminado de un a\u00f1o tambi\u00e9n impreciso en torno a 1550. Aquel d\u00eda el alcalde mayor de Lorca oficio que representaba a la autoridad del rey y que se ejerc\u00eda en nombre del corregidor residente en Murcia, el licenciado Quevedo hablaba un tanto desaforadamente en la plaza mayor de la ciudad. Era aquel un lugar concurrido y, en orgullosa altanera ostentaci\u00f3n del poder, el dicho Quevedo amenaz\u00f3 p\u00fablicamente a tal Magdalena L\u00f3pez, mujer ya entrada en a\u00f1os y viuda de \u00abun tal Monz\u00f3n\u00bb. A grandes voces, aquel Licenciado Quevedo dec\u00eda en la plaza que \u00abjuraba a Dios y a la se\u00f1al de la Cruz que tra\u00eda en las manos que hab\u00eda de hacer que los inquisidores quemaran a aquella perra de Magdalena L\u00f3pez\u00bb. Duras palabras que no ocultaban la acusaci\u00f3n de herej\u00eda. \u00bfEra hereje Magdalena L\u00f3pez?La publicaci\u00f3n a principios de los a\u00f1os noventa de Sotos contra Riquelmes. Inquisidores, regidores y criptojud\u00edos, revolucion\u00f3 el panorama historiogr\u00e1fico en lengua espa\u00f1ola, brindando el que hab\u00eda de ser el gran ensayo microhist\u00f3rico espa\u00f1ol. Relato v\u00edvido y emocionante y agudo an\u00e1lisis se unen en la que, hoy d\u00eda, sigue siendo una lectura indispensable para todo lector que se adentre en la historia de Inquisici\u00f3n espa\u00f1ola y de la Espa\u00f1a moderna.<\/p>\n","protected":false},"featured_media":4451,"comment_status":"closed","ping_status":"open","template":"","meta":{"_acf_changed":false},"materia_nivel_3":[2673,2559,2558],"subtema_nivel_2":[2561,2577],"tema_nivel_1":[2567],"product_brand":[],"product_cat":[15],"product_tag":[],"product_author":[4366],"product_collection":[],"class_list":{"0":"post-16226","1":"product","2":"type-product","3":"status-publish","4":"has-post-thumbnail","6":"materia_nivel_3-cristianismo","7":"materia_nivel_3-espana","8":"materia_nivel_3-moderna","9":"subtema_nivel_2-historia","10":"subtema_nivel_2-religion","11":"tema_nivel_1-historia","12":"product_cat-uncategorized","13":"product_author-contreras-jaime","15":"first","16":"instock","17":"purchasable","18":"product-type-simple"},"acf":[],"_links":{"self":[{"href":"https:\/\/dev2.cantalupe.net\/sigloxxi\/wp-json\/wp\/v2\/product\/16226","targetHints":{"allow":["GET"]}}],"collection":[{"href":"https:\/\/dev2.cantalupe.net\/sigloxxi\/wp-json\/wp\/v2\/product"}],"about":[{"href":"https:\/\/dev2.cantalupe.net\/sigloxxi\/wp-json\/wp\/v2\/types\/product"}],"replies":[{"embeddable":true,"href":"https:\/\/dev2.cantalupe.net\/sigloxxi\/wp-json\/wp\/v2\/comments?post=16226"}],"version-history":[{"count":1,"href":"https:\/\/dev2.cantalupe.net\/sigloxxi\/wp-json\/wp\/v2\/product\/16226\/revisions"}],"predecessor-version":[{"id":16227,"href":"https:\/\/dev2.cantalupe.net\/sigloxxi\/wp-json\/wp\/v2\/product\/16226\/revisions\/16227"}],"wp:featuredmedia":[{"embeddable":true,"href":"https:\/\/dev2.cantalupe.net\/sigloxxi\/wp-json\/wp\/v2\/media\/4451"}],"wp:attachment":[{"href":"https:\/\/dev2.cantalupe.net\/sigloxxi\/wp-json\/wp\/v2\/media?parent=16226"}],"wp:term":[{"taxonomy":"materia_nivel_3","embeddable":true,"href":"https:\/\/dev2.cantalupe.net\/sigloxxi\/wp-json\/wp\/v2\/materia_nivel_3?post=16226"},{"taxonomy":"subtema_nivel_2","embeddable":true,"href":"https:\/\/dev2.cantalupe.net\/sigloxxi\/wp-json\/wp\/v2\/subtema_nivel_2?post=16226"},{"taxonomy":"tema_nivel_1","embeddable":true,"href":"https:\/\/dev2.cantalupe.net\/sigloxxi\/wp-json\/wp\/v2\/tema_nivel_1?post=16226"},{"taxonomy":"product_brand","embeddable":true,"href":"https:\/\/dev2.cantalupe.net\/sigloxxi\/wp-json\/wp\/v2\/product_brand?post=16226"},{"taxonomy":"product_cat","embeddable":true,"href":"https:\/\/dev2.cantalupe.net\/sigloxxi\/wp-json\/wp\/v2\/product_cat?post=16226"},{"taxonomy":"product_tag","embeddable":true,"href":"https:\/\/dev2.cantalupe.net\/sigloxxi\/wp-json\/wp\/v2\/product_tag?post=16226"},{"taxonomy":"product_author","embeddable":true,"href":"https:\/\/dev2.cantalupe.net\/sigloxxi\/wp-json\/wp\/v2\/product_author?post=16226"},{"taxonomy":"product_collection","embeddable":true,"href":"https:\/\/dev2.cantalupe.net\/sigloxxi\/wp-json\/wp\/v2\/product_collection?post=16226"}],"curies":[{"name":"wp","href":"https:\/\/api.w.org\/{rel}","templated":true}]}}