{"id":16260,"date":"2025-11-04T14:59:56","date_gmt":"2025-11-04T14:59:56","guid":{"rendered":"https:\/\/dev2.cantalupe.net\/sigloxxi\/libro\/television\/"},"modified":"2025-11-04T15:00:01","modified_gmt":"2025-11-04T15:00:01","slug":"television","status":"publish","type":"product","link":"https:\/\/dev2.cantalupe.net\/sigloxxi\/libro\/television\/","title":{"rendered":"Televisi\u00f3n"},"content":{"rendered":"<p>Cubierta posterior: Televisi\u00f3n: Impacto en la infancia es un libro inquietante, sugerente y positivo. Inquietante porque nos muestra c\u00f3mo nuestros ni\u00f1os est\u00e1n sumergidos en la cultura audiovisual y televisiva, con todo lo que ello supone de cambio de h\u00e1bitos culturales y sociales, de valores, de formas de entender la vida: valoraci\u00f3n de las gratificaciones inmediatas, exaltaci\u00f3n de la violencia, aburrimiento ante los razonamientos, ausencia de cr\u00edtica&#8230; Sugerente porque nos demuestra c\u00f3mo la televisi\u00f3n se ha convertido en una forma de obtener informaci\u00f3n de primera l\u00ednea, que permite a los ni\u00f1os bucear por mares desconocidos, viajar en globo, aprender ingl\u00e9s divirti\u00e9ndose&#8230; Positivo porque est\u00e1 repleto de pautas a seguir. Y todo ello se realiza desde la aplicaci\u00f3n de conocimientos cient\u00edficos, que avalan, de manera amena y sencilla, las afirmaciones de los autores.Si hay algo que une la trayectoria curricular de los tres autores de este libro es su dedicaci\u00f3n y preocupaci\u00f3n por la infancia. Javier Urra, Defensor del Menor en la Comunidad de Madrid, Presidente de la Red Europea de Defensores del Menor, autor incesante de libros y art\u00edculos sobre la problem\u00e1tica del menor, y desde siempre psic\u00f3logo de Instituciones relacionadas con los j\u00f3venes: Centro de Educaci\u00f3n Especial; Centro Piloto Nacional de Reforma; Fiscal\u00eda de Menores&#8230; Miguel Clemente y Miguel \u00c1ngel Vidal, profesores de universidad, el primero de ellos de la Universidad de La Coru\u00f1a, y el segundo de la Universidad Pontificia de Salamanca, ambos psic\u00f3logos, y ambos conocidos por sus m\u00faltiples investigaciones sobre el impacto de la televisi\u00f3n en los ni\u00f1os, y tambi\u00e9n por sus numerosos libros y art\u00edculos al respecto. Sin duda, el lector y la lectora tienen en sus manos el libro de tres aut\u00e9nticos expertos.Los autores de este libro est\u00e1n preocupados por los ni\u00f1os. Saben que muchos de ellos tienen problemas muy graves: necesidad de alimentaci\u00f3n, de educaci\u00f3n, de afecto&#8230; Y es por eso por lo que han decidido que cuando compres este libro, est\u00e9s colaborando a que unicef pueda ayudar a solucionar esos problemas.<\/p>\n","protected":false},"excerpt":{"rendered":"<p>Cubierta posterior: Televisi\u00f3n: Impacto en la infancia es un libro inquietante, sugerente y positivo. Inquietante porque nos muestra c\u00f3mo nuestros ni\u00f1os est\u00e1n sumergidos en la cultura audiovisual y televisiva, con todo lo que ello supone de cambio de h\u00e1bitos culturales y sociales, de valores, de formas de entender la vida: valoraci\u00f3n de las gratificaciones inmediatas, exaltaci\u00f3n de la violencia, aburrimiento ante los razonamientos, ausencia de cr\u00edtica&#8230; Sugerente porque nos demuestra c\u00f3mo la televisi\u00f3n se ha convertido en una forma de obtener informaci\u00f3n de primera l\u00ednea, que permite a los ni\u00f1os bucear por mares desconocidos, viajar en globo, aprender ingl\u00e9s divirti\u00e9ndose&#8230; Positivo porque est\u00e1 repleto de pautas a seguir. Y todo ello se realiza desde la aplicaci\u00f3n de conocimientos cient\u00edficos, que avalan, de manera amena y sencilla, las afirmaciones de los autores.Si hay algo que une la trayectoria curricular de los tres autores de este libro es su dedicaci\u00f3n y preocupaci\u00f3n por la infancia. Javier Urra, Defensor del Menor en la Comunidad de Madrid, Presidente de la Red Europea de Defensores del Menor, autor incesante de libros y art\u00edculos sobre la problem\u00e1tica del menor, y desde siempre psic\u00f3logo de Instituciones relacionadas con los j\u00f3venes: Centro de Educaci\u00f3n Especial; Centro Piloto Nacional de Reforma; Fiscal\u00eda de Menores&#8230; Miguel Clemente y Miguel \u00c1ngel Vidal, profesores de universidad, el primero de ellos de la Universidad de La Coru\u00f1a, y el segundo de la Universidad Pontificia de Salamanca, ambos psic\u00f3logos, y ambos conocidos por sus m\u00faltiples investigaciones sobre el impacto de la televisi\u00f3n en los ni\u00f1os, y tambi\u00e9n por sus numerosos libros y art\u00edculos al respecto. Sin duda, el lector y la lectora tienen en sus manos el libro de tres aut\u00e9nticos expertos.Los autores de este libro est\u00e1n preocupados por los ni\u00f1os. Saben que muchos de ellos tienen problemas muy graves: necesidad de alimentaci\u00f3n, de educaci\u00f3n, de afecto&#8230; Y es por eso por lo que han decidido que cuando compres este libro, est\u00e9s colaborando a que unicef pueda ayudar a solucionar esos problemas.<\/p>\n","protected":false},"featured_media":4482,"comment_status":"closed","ping_status":"open","template":"","meta":{"_acf_changed":false},"materia_nivel_3":[],"subtema_nivel_2":[2578],"tema_nivel_1":[2579],"product_brand":[],"product_cat":[15],"product_tag":[],"product_author":[],"product_collection":[],"class_list":{"0":"post-16260","1":"product","2":"type-product","3":"status-publish","4":"has-post-thumbnail","6":"subtema_nivel_2-psicologia","7":"tema_nivel_1-psicologia","8":"product_cat-uncategorized","10":"first","11":"instock","12":"purchasable","13":"product-type-simple"},"acf":[],"_links":{"self":[{"href":"https:\/\/dev2.cantalupe.net\/sigloxxi\/wp-json\/wp\/v2\/product\/16260","targetHints":{"allow":["GET"]}}],"collection":[{"href":"https:\/\/dev2.cantalupe.net\/sigloxxi\/wp-json\/wp\/v2\/product"}],"about":[{"href":"https:\/\/dev2.cantalupe.net\/sigloxxi\/wp-json\/wp\/v2\/types\/product"}],"replies":[{"embeddable":true,"href":"https:\/\/dev2.cantalupe.net\/sigloxxi\/wp-json\/wp\/v2\/comments?post=16260"}],"version-history":[{"count":1,"href":"https:\/\/dev2.cantalupe.net\/sigloxxi\/wp-json\/wp\/v2\/product\/16260\/revisions"}],"predecessor-version":[{"id":16261,"href":"https:\/\/dev2.cantalupe.net\/sigloxxi\/wp-json\/wp\/v2\/product\/16260\/revisions\/16261"}],"wp:featuredmedia":[{"embeddable":true,"href":"https:\/\/dev2.cantalupe.net\/sigloxxi\/wp-json\/wp\/v2\/media\/4482"}],"wp:attachment":[{"href":"https:\/\/dev2.cantalupe.net\/sigloxxi\/wp-json\/wp\/v2\/media?parent=16260"}],"wp:term":[{"taxonomy":"materia_nivel_3","embeddable":true,"href":"https:\/\/dev2.cantalupe.net\/sigloxxi\/wp-json\/wp\/v2\/materia_nivel_3?post=16260"},{"taxonomy":"subtema_nivel_2","embeddable":true,"href":"https:\/\/dev2.cantalupe.net\/sigloxxi\/wp-json\/wp\/v2\/subtema_nivel_2?post=16260"},{"taxonomy":"tema_nivel_1","embeddable":true,"href":"https:\/\/dev2.cantalupe.net\/sigloxxi\/wp-json\/wp\/v2\/tema_nivel_1?post=16260"},{"taxonomy":"product_brand","embeddable":true,"href":"https:\/\/dev2.cantalupe.net\/sigloxxi\/wp-json\/wp\/v2\/product_brand?post=16260"},{"taxonomy":"product_cat","embeddable":true,"href":"https:\/\/dev2.cantalupe.net\/sigloxxi\/wp-json\/wp\/v2\/product_cat?post=16260"},{"taxonomy":"product_tag","embeddable":true,"href":"https:\/\/dev2.cantalupe.net\/sigloxxi\/wp-json\/wp\/v2\/product_tag?post=16260"},{"taxonomy":"product_author","embeddable":true,"href":"https:\/\/dev2.cantalupe.net\/sigloxxi\/wp-json\/wp\/v2\/product_author?post=16260"},{"taxonomy":"product_collection","embeddable":true,"href":"https:\/\/dev2.cantalupe.net\/sigloxxi\/wp-json\/wp\/v2\/product_collection?post=16260"}],"curies":[{"name":"wp","href":"https:\/\/api.w.org\/{rel}","templated":true}]}}