{"id":16294,"date":"2025-11-04T15:00:07","date_gmt":"2025-11-04T15:00:07","guid":{"rendered":"https:\/\/dev2.cantalupe.net\/sigloxxi\/libro\/terrorismo-religioso\/"},"modified":"2025-11-04T15:00:08","modified_gmt":"2025-11-04T15:00:08","slug":"terrorismo-religioso","status":"publish","type":"product","link":"https:\/\/dev2.cantalupe.net\/sigloxxi\/libro\/terrorismo-religioso\/","title":{"rendered":"Terrorismo religioso"},"content":{"rendered":"<p>Solapa: ?Cuando el 11 de septiembre de 2001 las televisiones de todo el mundo emitieron los espectaculares ataques a\u00e9reos sobre el World Trade Center y el Pent\u00e1gono, probablemente lo primero que todos nos preguntamos fuese por qu\u00e9 habr\u00eda de querer nadie hacer algo as\u00ed. Nuestro estupor se torn\u00f3 en ira en cuanto pareci\u00f3 evidente que los autores se escudaban en motivaciones de \u00edndole religiosa. \u00bfC\u00f3mo es posible que la religi\u00f3n se vincule a actos tan espantosos??Mark Juergensmeyer, en el pr\u00f3logo a la edici\u00f3n espa\u00f1ola.El autor plantea en este libro erudito y de amplio espectro, una de las preguntas m\u00e1s importantes de nuestro tiempo: \u00bfpor qu\u00e9 las personas religiosas cometen actos violentos en nombre de su dios, asesinando a v\u00edctimas inocentes y aterrorizando a poblaciones enteras? Terrorismo religioso analiza las dimensiones socioecon\u00f3micas e ideol\u00f3gicas de aquellas culturas que adoptan un concepto sagrado fundamental, el de la guerra c\u00f3smica, y que emplean la religi\u00f3n para satanizar a sus enemigos. Juergensmeyer, a trav\u00e9s de entrevistas con algunos de los l\u00edderes de los principales grupos terroristas religiosos, nos permite adentrarnos en los razonamientos de aquellos que perpetran y apoyan actos de violencia. Con un estilo ameno e incisivo, el autor expone de manera convincente que mientras la religi\u00f3n proporciona en muchos caso la ideolog\u00eda, la motivaci\u00f3n y la estructura organizativa a quienes cometen actos de violencia, tambi\u00e9n conlleva la posibilidad de instaurar la paz.<\/p>\n","protected":false},"excerpt":{"rendered":"<p>Solapa: ?Cuando el 11 de septiembre de 2001 las televisiones de todo el mundo emitieron los espectaculares ataques a\u00e9reos sobre el World Trade Center y el Pent\u00e1gono, probablemente lo primero que todos nos preguntamos fuese por qu\u00e9 habr\u00eda de querer nadie hacer algo as\u00ed. Nuestro estupor se torn\u00f3 en ira en cuanto pareci\u00f3 evidente que los autores se escudaban en motivaciones de \u00edndole religiosa. \u00bfC\u00f3mo es posible que la religi\u00f3n se vincule a actos tan espantosos??Mark Juergensmeyer, en el pr\u00f3logo a la edici\u00f3n espa\u00f1ola.El autor plantea en este libro erudito y de amplio espectro, una de las preguntas m\u00e1s importantes de nuestro tiempo: \u00bfpor qu\u00e9 las personas religiosas cometen actos violentos en nombre de su dios, asesinando a v\u00edctimas inocentes y aterrorizando a poblaciones enteras? Terrorismo religioso analiza las dimensiones socioecon\u00f3micas e ideol\u00f3gicas de aquellas culturas que adoptan un concepto sagrado fundamental, el de la guerra c\u00f3smica, y que emplean la religi\u00f3n para satanizar a sus enemigos. Juergensmeyer, a trav\u00e9s de entrevistas con algunos de los l\u00edderes de los principales grupos terroristas religiosos, nos permite adentrarnos en los razonamientos de aquellos que perpetran y apoyan actos de violencia. Con un estilo ameno e incisivo, el autor expone de manera convincente que mientras la religi\u00f3n proporciona en muchos caso la ideolog\u00eda, la motivaci\u00f3n y la estructura organizativa a quienes cometen actos de violencia, tambi\u00e9n conlleva la posibilidad de instaurar la paz.<\/p>\n","protected":false},"featured_media":4513,"comment_status":"closed","ping_status":"open","template":"","meta":{"_acf_changed":false},"materia_nivel_3":[],"subtema_nivel_2":[2576],"tema_nivel_1":[2563],"product_brand":[],"product_cat":[15],"product_tag":[],"product_author":[],"product_collection":[],"class_list":{"0":"post-16294","1":"product","2":"type-product","3":"status-publish","4":"has-post-thumbnail","6":"subtema_nivel_2-politica","7":"tema_nivel_1-siglo-xxi-de-espana-general","8":"product_cat-uncategorized","10":"first","11":"instock","12":"purchasable","13":"product-type-simple"},"acf":[],"_links":{"self":[{"href":"https:\/\/dev2.cantalupe.net\/sigloxxi\/wp-json\/wp\/v2\/product\/16294","targetHints":{"allow":["GET"]}}],"collection":[{"href":"https:\/\/dev2.cantalupe.net\/sigloxxi\/wp-json\/wp\/v2\/product"}],"about":[{"href":"https:\/\/dev2.cantalupe.net\/sigloxxi\/wp-json\/wp\/v2\/types\/product"}],"replies":[{"embeddable":true,"href":"https:\/\/dev2.cantalupe.net\/sigloxxi\/wp-json\/wp\/v2\/comments?post=16294"}],"version-history":[{"count":1,"href":"https:\/\/dev2.cantalupe.net\/sigloxxi\/wp-json\/wp\/v2\/product\/16294\/revisions"}],"predecessor-version":[{"id":16295,"href":"https:\/\/dev2.cantalupe.net\/sigloxxi\/wp-json\/wp\/v2\/product\/16294\/revisions\/16295"}],"wp:featuredmedia":[{"embeddable":true,"href":"https:\/\/dev2.cantalupe.net\/sigloxxi\/wp-json\/wp\/v2\/media\/4513"}],"wp:attachment":[{"href":"https:\/\/dev2.cantalupe.net\/sigloxxi\/wp-json\/wp\/v2\/media?parent=16294"}],"wp:term":[{"taxonomy":"materia_nivel_3","embeddable":true,"href":"https:\/\/dev2.cantalupe.net\/sigloxxi\/wp-json\/wp\/v2\/materia_nivel_3?post=16294"},{"taxonomy":"subtema_nivel_2","embeddable":true,"href":"https:\/\/dev2.cantalupe.net\/sigloxxi\/wp-json\/wp\/v2\/subtema_nivel_2?post=16294"},{"taxonomy":"tema_nivel_1","embeddable":true,"href":"https:\/\/dev2.cantalupe.net\/sigloxxi\/wp-json\/wp\/v2\/tema_nivel_1?post=16294"},{"taxonomy":"product_brand","embeddable":true,"href":"https:\/\/dev2.cantalupe.net\/sigloxxi\/wp-json\/wp\/v2\/product_brand?post=16294"},{"taxonomy":"product_cat","embeddable":true,"href":"https:\/\/dev2.cantalupe.net\/sigloxxi\/wp-json\/wp\/v2\/product_cat?post=16294"},{"taxonomy":"product_tag","embeddable":true,"href":"https:\/\/dev2.cantalupe.net\/sigloxxi\/wp-json\/wp\/v2\/product_tag?post=16294"},{"taxonomy":"product_author","embeddable":true,"href":"https:\/\/dev2.cantalupe.net\/sigloxxi\/wp-json\/wp\/v2\/product_author?post=16294"},{"taxonomy":"product_collection","embeddable":true,"href":"https:\/\/dev2.cantalupe.net\/sigloxxi\/wp-json\/wp\/v2\/product_collection?post=16294"}],"curies":[{"name":"wp","href":"https:\/\/api.w.org\/{rel}","templated":true}]}}