{"id":16326,"date":"2025-11-04T15:00:10","date_gmt":"2025-11-04T15:00:10","guid":{"rendered":"https:\/\/dev2.cantalupe.net\/sigloxxi\/libro\/trabajo-politica-e-ideologia-en-una-cuenca-minera\/"},"modified":"2025-11-04T15:00:14","modified_gmt":"2025-11-04T15:00:14","slug":"trabajo-politica-e-ideologia-en-una-cuenca-minera","status":"publish","type":"product","link":"https:\/\/dev2.cantalupe.net\/sigloxxi\/libro\/trabajo-politica-e-ideologia-en-una-cuenca-minera\/","title":{"rendered":"Trabajo, pol\u00edtica e ideolog\u00eda en una cuenca minera"},"content":{"rendered":"<p>Solapa: Este libro analiza en profundidad distintos aspectos de la villa y municipio de Mieres (Asturias), asentado en la cuenca del r\u00edo Caudal y dependiente de la explotaci\u00f3n de la hulla. Se describe y explica el auge y declive del carb\u00f3n durante los siglos XIX y XX en Asturias y Espa\u00f1a as\u00ed como su repercusi\u00f3n en este municipio. En \u00e9l se examina el laboreo del carb\u00f3n, las enfermedades y accidentes laborales, la segmentaci\u00f3n de la fuerza de trabajo. Las organizaciones sindicales y pol\u00edticas son abordadas tanto desde una perspectiva normativa o ideal como desde la \u00f3ptica de las estrategias individuales. Tambi\u00e9n se estudia la estructura social, las habladur\u00edas difundidas a trav\u00e9s de las redes sociales, el discurso ideol\u00f3gico -centrado en el papel otorgado a los bienes y servicios p\u00fablicos (el ?Estado del Bienestar?), en las relaciones entre patr\u00f3n y obrero, en la actitud ante la libertad y en las creencias y pr\u00e1cticas religiosas- y la ret\u00f3rica empleada en dicho discurso. La obra refleja a nivel micro principios y estrategias aplicables en distinto grado a la sociedad espa\u00f1ola. Juan Oliver S\u00e1nchez Fern\u00e1ndez es profesor en el departamento de Antropolog\u00eda Social de la Universidad Complutense de Madrid. Se ha especializado en distintos \u00e1mbitos de la Antropolog\u00eda Cultural. Ha publish varios trabajos sobre los vaqueiros de alzada de Somiedo (Asturias) y en la editorial Siglo XXI la monograf\u00eda Ecolog\u00eda y estrategias sociales de los pescadores de Cudillero.<\/p>\n","protected":false},"excerpt":{"rendered":"<p>Solapa: Este libro analiza en profundidad distintos aspectos de la villa y municipio de Mieres (Asturias), asentado en la cuenca del r\u00edo Caudal y dependiente de la explotaci\u00f3n de la hulla. Se describe y explica el auge y declive del carb\u00f3n durante los siglos XIX y XX en Asturias y Espa\u00f1a as\u00ed como su repercusi\u00f3n en este municipio. En \u00e9l se examina el laboreo del carb\u00f3n, las enfermedades y accidentes laborales, la segmentaci\u00f3n de la fuerza de trabajo. Las organizaciones sindicales y pol\u00edticas son abordadas tanto desde una perspectiva normativa o ideal como desde la \u00f3ptica de las estrategias individuales. Tambi\u00e9n se estudia la estructura social, las habladur\u00edas difundidas a trav\u00e9s de las redes sociales, el discurso ideol\u00f3gico -centrado en el papel otorgado a los bienes y servicios p\u00fablicos (el ?Estado del Bienestar?), en las relaciones entre patr\u00f3n y obrero, en la actitud ante la libertad y en las creencias y pr\u00e1cticas religiosas- y la ret\u00f3rica empleada en dicho discurso. La obra refleja a nivel micro principios y estrategias aplicables en distinto grado a la sociedad espa\u00f1ola. Juan Oliver S\u00e1nchez Fern\u00e1ndez es profesor en el departamento de Antropolog\u00eda Social de la Universidad Complutense de Madrid. Se ha especializado en distintos \u00e1mbitos de la Antropolog\u00eda Cultural. Ha publish varios trabajos sobre los vaqueiros de alzada de Somiedo (Asturias) y en la editorial Siglo XXI la monograf\u00eda Ecolog\u00eda y estrategias sociales de los pescadores de Cudillero.<\/p>\n","protected":false},"featured_media":4542,"comment_status":"closed","ping_status":"open","template":"","meta":{"_acf_changed":false},"materia_nivel_3":[],"subtema_nivel_2":[2569],"tema_nivel_1":[2570],"product_brand":[],"product_cat":[15],"product_tag":[],"product_author":[3556],"product_collection":[],"class_list":{"0":"post-16326","1":"product","2":"type-product","3":"status-publish","4":"has-post-thumbnail","6":"subtema_nivel_2-antropologia","7":"tema_nivel_1-ciencias-sociales","8":"product_cat-uncategorized","9":"product_author-sanchez-fernandez-juan-oliver","11":"first","12":"instock","13":"purchasable","14":"product-type-simple"},"acf":[],"_links":{"self":[{"href":"https:\/\/dev2.cantalupe.net\/sigloxxi\/wp-json\/wp\/v2\/product\/16326","targetHints":{"allow":["GET"]}}],"collection":[{"href":"https:\/\/dev2.cantalupe.net\/sigloxxi\/wp-json\/wp\/v2\/product"}],"about":[{"href":"https:\/\/dev2.cantalupe.net\/sigloxxi\/wp-json\/wp\/v2\/types\/product"}],"replies":[{"embeddable":true,"href":"https:\/\/dev2.cantalupe.net\/sigloxxi\/wp-json\/wp\/v2\/comments?post=16326"}],"version-history":[{"count":1,"href":"https:\/\/dev2.cantalupe.net\/sigloxxi\/wp-json\/wp\/v2\/product\/16326\/revisions"}],"predecessor-version":[{"id":16327,"href":"https:\/\/dev2.cantalupe.net\/sigloxxi\/wp-json\/wp\/v2\/product\/16326\/revisions\/16327"}],"wp:featuredmedia":[{"embeddable":true,"href":"https:\/\/dev2.cantalupe.net\/sigloxxi\/wp-json\/wp\/v2\/media\/4542"}],"wp:attachment":[{"href":"https:\/\/dev2.cantalupe.net\/sigloxxi\/wp-json\/wp\/v2\/media?parent=16326"}],"wp:term":[{"taxonomy":"materia_nivel_3","embeddable":true,"href":"https:\/\/dev2.cantalupe.net\/sigloxxi\/wp-json\/wp\/v2\/materia_nivel_3?post=16326"},{"taxonomy":"subtema_nivel_2","embeddable":true,"href":"https:\/\/dev2.cantalupe.net\/sigloxxi\/wp-json\/wp\/v2\/subtema_nivel_2?post=16326"},{"taxonomy":"tema_nivel_1","embeddable":true,"href":"https:\/\/dev2.cantalupe.net\/sigloxxi\/wp-json\/wp\/v2\/tema_nivel_1?post=16326"},{"taxonomy":"product_brand","embeddable":true,"href":"https:\/\/dev2.cantalupe.net\/sigloxxi\/wp-json\/wp\/v2\/product_brand?post=16326"},{"taxonomy":"product_cat","embeddable":true,"href":"https:\/\/dev2.cantalupe.net\/sigloxxi\/wp-json\/wp\/v2\/product_cat?post=16326"},{"taxonomy":"product_tag","embeddable":true,"href":"https:\/\/dev2.cantalupe.net\/sigloxxi\/wp-json\/wp\/v2\/product_tag?post=16326"},{"taxonomy":"product_author","embeddable":true,"href":"https:\/\/dev2.cantalupe.net\/sigloxxi\/wp-json\/wp\/v2\/product_author?post=16326"},{"taxonomy":"product_collection","embeddable":true,"href":"https:\/\/dev2.cantalupe.net\/sigloxxi\/wp-json\/wp\/v2\/product_collection?post=16326"}],"curies":[{"name":"wp","href":"https:\/\/api.w.org\/{rel}","templated":true}]}}